{"id":3147,"date":"2018-11-13T18:43:43","date_gmt":"2018-11-13T18:43:43","guid":{"rendered":"https:\/\/blogsaverroes.juntadeandalucia.es\/iesfrayluisdegranada\/?page_id=3147"},"modified":"2026-03-06T11:09:24","modified_gmt":"2026-03-06T11:09:24","slug":"plan-de-igualdad","status":"publish","type":"page","link":"https:\/\/blogsaverroes.juntadeandalucia.es\/iesfrayluisdegranada\/innovacion\/plan-de-igualdad\/","title":{"rendered":"Plan de Igualdad"},"content":{"rendered":"\t\t<div data-elementor-type=\"wp-page\" data-elementor-id=\"3147\" class=\"elementor elementor-3147\">\n\t\t\t\t\t\t<section class=\"elementor-section elementor-top-section elementor-element elementor-element-63452626 elementor-section-boxed elementor-section-height-default elementor-section-height-default\" data-id=\"63452626\" data-element_type=\"section\">\n\t\t\t\t\t\t<div class=\"elementor-container elementor-column-gap-default\">\n\t\t\t\t\t<div class=\"elementor-column elementor-col-100 elementor-top-column elementor-element elementor-element-4a6e3d0d\" data-id=\"4a6e3d0d\" data-element_type=\"column\">\n\t\t\t<div class=\"elementor-widget-wrap elementor-element-populated\">\n\t\t\t\t\t\t<section class=\"elementor-section elementor-inner-section elementor-element elementor-element-aa3477f elementor-section-boxed elementor-section-height-default elementor-section-height-default\" data-id=\"aa3477f\" data-element_type=\"section\">\n\t\t\t\t\t\t<div class=\"elementor-container elementor-column-gap-default\">\n\t\t\t\t\t<div class=\"elementor-column elementor-col-50 elementor-inner-column elementor-element elementor-element-d807f36\" data-id=\"d807f36\" data-element_type=\"column\">\n\t\t\t<div class=\"elementor-widget-wrap elementor-element-populated\">\n\t\t\t\t\t\t<div class=\"elementor-element elementor-element-8e56145 elementor-widget elementor-widget-image\" data-id=\"8e56145\" data-element_type=\"widget\" data-widget_type=\"image.default\">\n\t\t\t\t<div class=\"elementor-widget-container\">\n\t\t\t\t\t\t\t\t\t\t\t\t\t\t\t<img fetchpriority=\"high\" decoding=\"async\" width=\"768\" height=\"768\" src=\"https:\/\/blogsaverroes.juntadeandalucia.es\/iesfrayluisdegranada\/files\/2026\/03\/imagem_IG-768x768.jpeg\" class=\"attachment-medium_large size-medium_large wp-image-13076\" alt=\"\" srcset=\"https:\/\/blogsaverroes.juntadeandalucia.es\/iesfrayluisdegranada\/files\/2026\/03\/imagem_IG-768x768.jpeg 768w, https:\/\/blogsaverroes.juntadeandalucia.es\/iesfrayluisdegranada\/files\/2026\/03\/imagem_IG-300x300.jpeg 300w, https:\/\/blogsaverroes.juntadeandalucia.es\/iesfrayluisdegranada\/files\/2026\/03\/imagem_IG-1024x1024.jpeg 1024w, https:\/\/blogsaverroes.juntadeandalucia.es\/iesfrayluisdegranada\/files\/2026\/03\/imagem_IG-150x150.jpeg 150w, https:\/\/blogsaverroes.juntadeandalucia.es\/iesfrayluisdegranada\/files\/2026\/03\/imagem_IG-80x80.jpeg 80w, https:\/\/blogsaverroes.juntadeandalucia.es\/iesfrayluisdegranada\/files\/2026\/03\/imagem_IG-320x320.jpeg 320w, https:\/\/blogsaverroes.juntadeandalucia.es\/iesfrayluisdegranada\/files\/2026\/03\/imagem_IG.jpeg 1120w\" sizes=\"(max-width: 768px) 100vw, 768px\" \/>\t\t\t\t\t\t\t\t\t\t\t\t\t\t\t<\/div>\n\t\t\t\t<\/div>\n\t\t\t\t\t<\/div>\n\t\t<\/div>\n\t\t\t\t<div class=\"elementor-column elementor-col-50 elementor-inner-column elementor-element elementor-element-0cf71d3\" data-id=\"0cf71d3\" data-element_type=\"column\">\n\t\t\t<div class=\"elementor-widget-wrap elementor-element-populated\">\n\t\t\t\t\t\t<div class=\"elementor-element elementor-element-2dd02af elementor-align-center elementor-widget elementor-widget-button\" data-id=\"2dd02af\" data-element_type=\"widget\" data-widget_type=\"button.default\">\n\t\t\t\t<div class=\"elementor-widget-container\">\n\t\t\t\t\t\t\t\t\t<div class=\"elementor-button-wrapper\">\n\t\t\t\t\t<a class=\"elementor-button elementor-button-link elementor-size-sm\" href=\"https:\/\/www.dropbox.com\/scl\/fi\/dqtkf3tah323zii5l0v5v\/plan_igualdad.pdf?rlkey=oecojwvyusobiv75hjo13d60v&#038;raw=1\" target=\"_blank\">\n\t\t\t\t\t\t<span class=\"elementor-button-content-wrapper\">\n\t\t\t\t\t\t\t\t\t<span class=\"elementor-button-text\">Descargar Plan de Igualdad (PDF)<\/span>\n\t\t\t\t\t<\/span>\n\t\t\t\t\t<\/a>\n\t\t\t\t<\/div>\n\t\t\t\t\t\t\t\t<\/div>\n\t\t\t\t<\/div>\n\t\t\t\t<div class=\"elementor-element elementor-element-7227b4b elementor-align-center elementor-widget elementor-widget-button\" data-id=\"7227b4b\" data-element_type=\"widget\" data-widget_type=\"button.default\">\n\t\t\t\t<div class=\"elementor-widget-container\">\n\t\t\t\t\t\t\t\t\t<div class=\"elementor-button-wrapper\">\n\t\t\t\t\t<a class=\"elementor-button elementor-button-link elementor-size-sm\" href=\"https:\/\/sites.google.com\/g.educaand.es\/aprendiendoenigualdad\/inicio?authuser=0\" target=\"_blank\">\n\t\t\t\t\t\t<span class=\"elementor-button-content-wrapper\">\n\t\t\t\t\t\t\t\t\t<span class=\"elementor-button-text\">Acceder al sitio \"Aprendiendo en igualdad\"<\/span>\n\t\t\t\t\t<\/span>\n\t\t\t\t\t<\/a>\n\t\t\t\t<\/div>\n\t\t\t\t\t\t\t\t<\/div>\n\t\t\t\t<\/div>\n\t\t\t\t\t<\/div>\n\t\t<\/div>\n\t\t\t\t\t<\/div>\n\t\t<\/section>\n\t\t\t\t<div class=\"elementor-element elementor-element-b1b2be7 elementor-widget elementor-widget-spacer\" data-id=\"b1b2be7\" data-element_type=\"widget\" data-widget_type=\"spacer.default\">\n\t\t\t\t<div class=\"elementor-widget-container\">\n\t\t\t\t\t\t\t<div class=\"elementor-spacer\">\n\t\t\t<div class=\"elementor-spacer-inner\"><\/div>\n\t\t<\/div>\n\t\t\t\t\t\t<\/div>\n\t\t\t\t<\/div>\n\t\t\t\t<div class=\"elementor-element elementor-element-85171f7 elementor-view-default elementor-position-top elementor-mobile-position-top elementor-widget elementor-widget-icon-box\" data-id=\"85171f7\" data-element_type=\"widget\" data-widget_type=\"icon-box.default\">\n\t\t\t\t<div class=\"elementor-widget-container\">\n\t\t\t\t\t\t\t<div class=\"elementor-icon-box-wrapper\">\n\n\t\t\t\t\t\t<div class=\"elementor-icon-box-icon\">\n\t\t\t\t<span  class=\"elementor-icon\">\n\t\t\t\t<i aria-hidden=\"true\" class=\"fas fa-volume-up\"><\/i>\t\t\t\t<\/span>\n\t\t\t<\/div>\n\t\t\t\n\t\t\t\t\t\t<div class=\"elementor-icon-box-content\">\n\n\t\t\t\t\t\t\t\t\t<h3 class=\"elementor-icon-box-title\">\n\t\t\t\t\t\t<span  >\n\t\t\t\t\t\t\tNuestra misi\u00f3n\t\t\t\t\t\t<\/span>\n\t\t\t\t\t<\/h3>\n\t\t\t\t\n\t\t\t\t\n\t\t\t<\/div>\n\t\t\t\n\t\t<\/div>\n\t\t\t\t\t\t<\/div>\n\t\t\t\t<\/div>\n\t\t\t\t<div class=\"elementor-element elementor-element-94148b5 elementor-widget elementor-widget-text-editor\" data-id=\"94148b5\" data-element_type=\"widget\" data-widget_type=\"text-editor.default\">\n\t\t\t\t<div class=\"elementor-widget-container\">\n\t\t\t\t\t\t\t\t\t<p style=\"text-align: center\"><strong>Compromiso por una Educaci\u00f3n en Igualdad<\/strong><\/p><p>En el IES Fray Luis de Granada entendemos el centro educativo como un espacio privilegiado para eliminar las desigualdades entre hombres y mujeres. Trabajamos para construir una sociedad m\u00e1s justa, libre de sesgos sexistas y estereotipos, velando por el cumplimiento de la legislaci\u00f3n vigente en materia de g\u00e9nero.<\/p>\t\t\t\t\t\t\t\t<\/div>\n\t\t\t\t<\/div>\n\t\t\t\t<div class=\"elementor-element elementor-element-800358a elementor-view-default elementor-position-top elementor-mobile-position-top elementor-widget elementor-widget-icon-box\" data-id=\"800358a\" data-element_type=\"widget\" data-widget_type=\"icon-box.default\">\n\t\t\t\t<div class=\"elementor-widget-container\">\n\t\t\t\t\t\t\t<div class=\"elementor-icon-box-wrapper\">\n\n\t\t\t\t\t\t<div class=\"elementor-icon-box-icon\">\n\t\t\t\t<span  class=\"elementor-icon\">\n\t\t\t\t<i aria-hidden=\"true\" class=\"far fa-list-alt\"><\/i>\t\t\t\t<\/span>\n\t\t\t<\/div>\n\t\t\t\n\t\t\t\t\t\t<div class=\"elementor-icon-box-content\">\n\n\t\t\t\t\t\t\t\t\t<h3 class=\"elementor-icon-box-title\">\n\t\t\t\t\t\t<span  >\n\t\t\t\t\t\t\tEjes de Actuaci\u00f3n\t\t\t\t\t\t<\/span>\n\t\t\t\t\t<\/h3>\n\t\t\t\t\n\t\t\t\t\n\t\t\t<\/div>\n\t\t\t\n\t\t<\/div>\n\t\t\t\t\t\t<\/div>\n\t\t\t\t<\/div>\n\t\t\t\t<div class=\"elementor-element elementor-element-d9c7ce4 elementor-widget elementor-widget-text-editor\" data-id=\"d9c7ce4\" data-element_type=\"widget\" data-widget_type=\"text-editor.default\">\n\t\t\t\t<div class=\"elementor-widget-container\">\n\t\t\t\t\t\t\t\t\t<p style=\"text-align: center\"><strong>II Plan de Igualdad en Educaci\u00f3n<\/strong><\/p><p style=\"text-align: left\">Desde el curso 2016\/17, desarrollamos el II Plan de Igualdad de la Junta de Andaluc\u00eda centrado en tres pilares:<\/p><ul><li><strong>Prevenci\u00f3n:<\/strong> Intervenci\u00f3n psicosocial con menores para prevenir la violencia contra las mujeres.<\/li><li><strong>Sensibilizaci\u00f3n:<\/strong> Concienciaci\u00f3n de toda la comunidad educativa sobre la equidad de g\u00e9nero.<\/li><li><strong>Pr\u00e1ctica Educativa:<\/strong> Eliminaci\u00f3n de estereotipos mediante materiales y proyectos curriculares espec\u00edficos.<\/li><\/ul>\t\t\t\t\t\t\t\t<\/div>\n\t\t\t\t<\/div>\n\t\t\t\t<div class=\"elementor-element elementor-element-83313ad elementor-widget-divider--view-line elementor-widget elementor-widget-divider\" data-id=\"83313ad\" data-element_type=\"widget\" data-widget_type=\"divider.default\">\n\t\t\t\t<div class=\"elementor-widget-container\">\n\t\t\t\t\t\t\t<div class=\"elementor-divider\">\n\t\t\t<span class=\"elementor-divider-separator\">\n\t\t\t\t\t\t<\/span>\n\t\t<\/div>\n\t\t\t\t\t\t<\/div>\n\t\t\t\t<\/div>\n\t\t\t\t\t<\/div>\n\t\t<\/div>\n\t\t\t\t\t<\/div>\n\t\t<\/section>\n\t\t\t\t<section class=\"elementor-section elementor-top-section elementor-element elementor-element-9e7a9db elementor-section-boxed elementor-section-height-default elementor-section-height-default\" data-id=\"9e7a9db\" data-element_type=\"section\">\n\t\t\t\t\t\t<div class=\"elementor-container elementor-column-gap-default\">\n\t\t\t\t\t<div class=\"elementor-column elementor-col-100 elementor-top-column elementor-element elementor-element-923615a\" data-id=\"923615a\" data-element_type=\"column\">\n\t\t\t<div class=\"elementor-widget-wrap elementor-element-populated\">\n\t\t\t\t\t\t<div class=\"elementor-element elementor-element-2fb9c8e elementor-widget elementor-widget-toggle\" data-id=\"2fb9c8e\" data-element_type=\"widget\" data-widget_type=\"toggle.default\">\n\t\t\t\t<div class=\"elementor-widget-container\">\n\t\t\t\t\t\t\t<div class=\"elementor-toggle\">\n\t\t\t\t\t\t\t<div class=\"elementor-toggle-item\">\n\t\t\t\t\t<div id=\"elementor-tab-title-5001\" class=\"elementor-tab-title\" data-tab=\"1\" role=\"button\" aria-controls=\"elementor-tab-content-5001\" aria-expanded=\"false\">\n\t\t\t\t\t\t\t\t\t\t\t\t<span class=\"elementor-toggle-icon elementor-toggle-icon-left\" aria-hidden=\"true\">\n\t\t\t\t\t\t\t\t\t\t\t\t\t\t\t<span class=\"elementor-toggle-icon-closed\"><i class=\"fas fa-caret-right\"><\/i><\/span>\n\t\t\t\t\t\t\t\t<span class=\"elementor-toggle-icon-opened\"><i class=\"elementor-toggle-icon-opened fas fa-caret-up\"><\/i><\/span>\n\t\t\t\t\t\t\t\t\t\t\t\t\t<\/span>\n\t\t\t\t\t\t\t\t\t\t\t\t<a class=\"elementor-toggle-title\" tabindex=\"0\">\u00bfQuieres saber m\u00e1s? Marco legal y evoluci\u00f3n desde 1991<\/a>\n\t\t\t\t\t<\/div>\n\n\t\t\t\t\t<div id=\"elementor-tab-content-5001\" class=\"elementor-tab-content elementor-clearfix\" data-tab=\"1\" role=\"region\" aria-labelledby=\"elementor-tab-title-5001\"><p>La igualdad entre hombres y mujeres es un principio b\u00e1sico y un derecho fundamental recogido en diversos marcos legales internacionales (ONU, Uni\u00f3n Europea), como nacionales (Constituci\u00f3n, Estatuto de Autonom\u00eda de la Comunidad Andaluza). Desde hace a\u00f1os en diversos \u00e1mbitos sociales, culturales, pol\u00edticos y econ\u00f3micos la mujer se ha ido incorporando y ocupando espacios hasta ahora vedados para ella. Esto pone de manifiesto una lucha constante en la b\u00fasqueda de la igualdad y visibilizaci\u00f3n actuales. Sin embargo, todav\u00eda se debe seguir trabajando desde diferentes \u00e1mbitos como el nuestro para que \u00e9sta sea finalmente una realidad objetiva.<\/p><p>A lo largo de los estos a\u00f1os, la Junta de Andaluc\u00eda ha desarrollado una serie de medidas que han propiciado esta evoluci\u00f3n:<\/p><ul><li>I Plan para la Igualdad de Oportunidades de las Mujeres.<\/li><li>II Plan para la Igualdad de Oportunidades de las Mujeres.<\/li><li>Plan de acci\u00f3n contra la violencia hacia las mujeres.<\/li><li>I Plan de Igualdad entre hombres y mujeres en Educaci\u00f3n.<\/li><li>II Plan de Igualdad entre hombres y mujeres en Educaci\u00f3n.<\/li><\/ul><p>La educaci\u00f3n y el sistema educativo se convierten en uno de los principales focos de esta lucha, ya que el centro educativo es un lugar privilegiado en el que trabajar para eliminar las desigualdades entre hombres y mujeres.<\/p><p>Con referencia a la igualdad de g\u00e9nero en el sistema educativo, podemos decir que fue en 1991 cuando en Andaluc\u00eda la entonces Consejer\u00eda de Educaci\u00f3n y Ciencia regul\u00f3 la aplicaci\u00f3n de las materias transversales en el curr\u00edculo y se estableci\u00f3 la formaci\u00f3n del profesorado en Igualdad de G\u00e9nero como parte del Plan Anual de Formaci\u00f3n Permanente de \u00e9ste. Dicho Plan de Formaci\u00f3n en Igualdad de G\u00e9nero se dividi\u00f3 en tres modalidades: cursos de sensibilizaci\u00f3n, formaci\u00f3n y profundizaci\u00f3n.<\/p><p>En 1993 la Consejer\u00eda de Educaci\u00f3n y Ciencia publica su primera convocatoria para la realizaci\u00f3n de materiales y proyectos curriculares que impliquen \u201cmodelos de intervenci\u00f3n did\u00e1ctica en Igualdad de G\u00e9nero\u201d.<\/p><p>Hoy nos encontramos todav\u00eda en la labor de alcanzar una sociedad m\u00e1s justa e igualitaria, donde existan unas adecuadas relaciones entre hombres y mujeres, donde la Igualdad de G\u00e9nero, entendida como un sistema que aboga por una educaci\u00f3n sin sesgos sexistas sea una realidad. Para ello la comunidad educativa, act\u00faa y pone los recursos existentes al servicio de impulsar la igualdad entre los sexos velando por el cumplimiento de las disposiciones que a nivel legislativo se encuentran vigentes.<\/p><p>Desde el curso escolar 2016\/17 se desarrolla el II PLAN DE IGUALDAD ENTRE HOMBRES Y MUJERES EN LA EDUCACI\u00d3N, con la finalidad de provocar un cambio social que favorezca la igualdad y que prevenga la violencia contra las mujeres; mediante la intervenci\u00f3n psicosocial con los menores, la sensibilizaci\u00f3n de los que nos rodean, promoviendo pr\u00e1cticas educativas correctoras de estereotipos y otras medidas de acci\u00f3n para asegurar la igualdad y construir una sociedad m\u00e1s justa.<\/p><\/div>\n\t\t\t\t<\/div>\n\t\t\t\t\t\t\t\t<\/div>\n\t\t\t\t\t\t<\/div>\n\t\t\t\t<\/div>\n\t\t\t\t\t<\/div>\n\t\t<\/div>\n\t\t\t\t\t<\/div>\n\t\t<\/section>\n\t\t\t\t<\/div>\n\t\t","protected":false},"excerpt":{"rendered":"<p>Descargar Plan de Igualdad (PDF) Acceder al sitio \u00abAprendiendo en igualdad\u00bb Nuestra misi\u00f3n Compromiso por una Educaci\u00f3n en Igualdad En el IES Fray Luis de Granada entendemos el centro educativo como un espacio privilegiado&#46;&#46;&#46;<\/p>\n","protected":false},"author":2185,"featured_media":2282,"parent":44,"menu_order":0,"comment_status":"closed","ping_status":"closed","template":"","meta":{"ngg_post_thumbnail":0,"footnotes":""},"aioseo_notices":[],"_links":{"self":[{"href":"https:\/\/blogsaverroes.juntadeandalucia.es\/iesfrayluisdegranada\/wp-json\/wp\/v2\/pages\/3147"}],"collection":[{"href":"https:\/\/blogsaverroes.juntadeandalucia.es\/iesfrayluisdegranada\/wp-json\/wp\/v2\/pages"}],"about":[{"href":"https:\/\/blogsaverroes.juntadeandalucia.es\/iesfrayluisdegranada\/wp-json\/wp\/v2\/types\/page"}],"author":[{"embeddable":true,"href":"https:\/\/blogsaverroes.juntadeandalucia.es\/iesfrayluisdegranada\/wp-json\/wp\/v2\/users\/2185"}],"replies":[{"embeddable":true,"href":"https:\/\/blogsaverroes.juntadeandalucia.es\/iesfrayluisdegranada\/wp-json\/wp\/v2\/comments?post=3147"}],"version-history":[{"count":40,"href":"https:\/\/blogsaverroes.juntadeandalucia.es\/iesfrayluisdegranada\/wp-json\/wp\/v2\/pages\/3147\/revisions"}],"predecessor-version":[{"id":13115,"href":"https:\/\/blogsaverroes.juntadeandalucia.es\/iesfrayluisdegranada\/wp-json\/wp\/v2\/pages\/3147\/revisions\/13115"}],"up":[{"embeddable":true,"href":"https:\/\/blogsaverroes.juntadeandalucia.es\/iesfrayluisdegranada\/wp-json\/wp\/v2\/pages\/44"}],"wp:featuredmedia":[{"embeddable":true,"href":"https:\/\/blogsaverroes.juntadeandalucia.es\/iesfrayluisdegranada\/wp-json\/wp\/v2\/media\/2282"}],"wp:attachment":[{"href":"https:\/\/blogsaverroes.juntadeandalucia.es\/iesfrayluisdegranada\/wp-json\/wp\/v2\/media?parent=3147"}],"curies":[{"name":"wp","href":"https:\/\/api.w.org\/{rel}","templated":true}]}}