{"id":4241,"date":"2020-11-02T10:19:39","date_gmt":"2020-11-02T10:19:39","guid":{"rendered":"https:\/\/blogsaverroes.juntadeandalucia.es\/iesfrayluisdegranada\/?page_id=4241"},"modified":"2021-06-15T05:15:34","modified_gmt":"2021-06-15T05:15:34","slug":"boletines-y-punto-de-recogida","status":"publish","type":"page","link":"https:\/\/blogsaverroes.juntadeandalucia.es\/iesfrayluisdegranada\/boletines-y-punto-de-recogida\/","title":{"rendered":"NOTAS, BOLETINES y Punto de Recogida"},"content":{"rendered":"<p>El <a href=\"https:\/\/seneca.juntadeandalucia.es\/seneca\/puntoderecogida\/index.html\">Punto de Recogida Electr\u00f3nico de Documentos<\/a> es el lugar desde donde puede descargarse el bolet\u00edn de notas en formato imprimible, as\u00ed como el resto de documentaci\u00f3n que lo acompa\u00f1a en el caso de las evaluaciones finales (informes de materias suspensas, consejo orientador, etc.).<\/p>\n<p>Tambi\u00e9n puede consultarse las calificaciones en PASEN sin necesidad de descargarse el bolet\u00edn en PDF.<\/p>\n<p><iframe title=\"Consultar calificaciones y descargar bolet\u00edn en iPasen y Punto de Recogida\" width=\"500\" height=\"281\" src=\"https:\/\/www.youtube.com\/embed\/3D1UBSi-dmo?feature=oembed&#038;wmode=opaque\" frameborder=\"0\" allow=\"accelerometer; autoplay; clipboard-write; encrypted-media; gyroscope; picture-in-picture; web-share\" referrerpolicy=\"strict-origin-when-cross-origin\" allowfullscreen><\/iframe><\/p>\n","protected":false},"excerpt":{"rendered":"<p>El Punto de Recogida Electr\u00f3nico de Documentos es el lugar desde donde puede descargarse el bolet\u00edn de notas en formato imprimible, as\u00ed como el resto de documentaci\u00f3n que lo acompa\u00f1a en el caso de&#46;&#46;&#46;<\/p>\n","protected":false},"author":2185,"featured_media":0,"parent":0,"menu_order":0,"comment_status":"closed","ping_status":"closed","template":"","meta":{"ngg_post_thumbnail":0,"footnotes":""},"aioseo_notices":[],"_links":{"self":[{"href":"https:\/\/blogsaverroes.juntadeandalucia.es\/iesfrayluisdegranada\/wp-json\/wp\/v2\/pages\/4241"}],"collection":[{"href":"https:\/\/blogsaverroes.juntadeandalucia.es\/iesfrayluisdegranada\/wp-json\/wp\/v2\/pages"}],"about":[{"href":"https:\/\/blogsaverroes.juntadeandalucia.es\/iesfrayluisdegranada\/wp-json\/wp\/v2\/types\/page"}],"author":[{"embeddable":true,"href":"https:\/\/blogsaverroes.juntadeandalucia.es\/iesfrayluisdegranada\/wp-json\/wp\/v2\/users\/2185"}],"replies":[{"embeddable":true,"href":"https:\/\/blogsaverroes.juntadeandalucia.es\/iesfrayluisdegranada\/wp-json\/wp\/v2\/comments?post=4241"}],"version-history":[{"count":9,"href":"https:\/\/blogsaverroes.juntadeandalucia.es\/iesfrayluisdegranada\/wp-json\/wp\/v2\/pages\/4241\/revisions"}],"predecessor-version":[{"id":5040,"href":"https:\/\/blogsaverroes.juntadeandalucia.es\/iesfrayluisdegranada\/wp-json\/wp\/v2\/pages\/4241\/revisions\/5040"}],"wp:attachment":[{"href":"https:\/\/blogsaverroes.juntadeandalucia.es\/iesfrayluisdegranada\/wp-json\/wp\/v2\/media?parent=4241"}],"curies":[{"name":"wp","href":"https:\/\/api.w.org\/{rel}","templated":true}]}}