{"id":4278,"date":"2020-11-06T09:14:31","date_gmt":"2020-11-06T09:14:31","guid":{"rendered":"https:\/\/blogsaverroes.juntadeandalucia.es\/iesfrayluisdegranada\/?page_id=4278"},"modified":"2020-12-11T11:26:28","modified_gmt":"2020-12-11T11:26:28","slug":"configuracion-moodle-centros","status":"publish","type":"page","link":"https:\/\/blogsaverroes.juntadeandalucia.es\/iesfrayluisdegranada\/configuracion-moodle-centros\/","title":{"rendered":"Configuraci\u00f3n MOODLE CENTROS en m\u00f3vil o tablet"},"content":{"rendered":"<p>V\u00eddeo explicativo sobre c\u00f3mo configurar Moodle Centros <strong>en el m\u00f3vil o tablet<\/strong> con la app espec\u00edfica (Moodle), que puede descargarse desde la tienda de aplicaciones:<\/p>\n<p>&nbsp;<\/p>\n<p><iframe title=\"Configuraci\u00f3n de Moodle Centros en los dispositivos m\u00f3viles\" width=\"500\" height=\"375\" src=\"https:\/\/www.youtube.com\/embed\/hOiF_F4R0h4?feature=oembed&#038;wmode=opaque\" frameborder=\"0\" allow=\"accelerometer; autoplay; clipboard-write; encrypted-media; gyroscope; picture-in-picture; web-share\" referrerpolicy=\"strict-origin-when-cross-origin\" allowfullscreen><\/iframe><\/p>\n<p><strong>MUY IMPORTANTE<\/strong>: escribir bien la direcci\u00f3n web de Moodle Centros de Granada: <strong>https:\/\/educacionadistancia.juntadeandalucia.es\/centros\/granada<\/strong><\/p>\n<p>&nbsp;<\/p>\n<ul>\n<li><a href=\"https:\/\/play.google.com\/store\/apps\/details?id=com.moodle.moodlemobile&amp;hl=es\" target=\"_blank\" rel=\"noopener noreferrer\">Click aqu\u00ed para descargar Moodle desde Google Play.<\/a><\/li>\n<li><a href=\"https:\/\/apps.apple.com\/es\/app\/moodle\/id633359593\" target=\"_blank\" rel=\"noopener noreferrer\">Clik aqu\u00ed para descargar Moodle desde AppStore.<\/a><\/li>\n<\/ul>\n","protected":false},"excerpt":{"rendered":"<p>V\u00eddeo explicativo sobre c\u00f3mo configurar Moodle Centros en el m\u00f3vil o tablet con la app espec\u00edfica (Moodle), que puede descargarse desde la tienda de aplicaciones: &nbsp; MUY IMPORTANTE: escribir bien la direcci\u00f3n web de&#46;&#46;&#46;<\/p>\n","protected":false},"author":2185,"featured_media":0,"parent":0,"menu_order":0,"comment_status":"closed","ping_status":"closed","template":"","meta":{"ngg_post_thumbnail":0,"footnotes":""},"aioseo_notices":[],"_links":{"self":[{"href":"https:\/\/blogsaverroes.juntadeandalucia.es\/iesfrayluisdegranada\/wp-json\/wp\/v2\/pages\/4278"}],"collection":[{"href":"https:\/\/blogsaverroes.juntadeandalucia.es\/iesfrayluisdegranada\/wp-json\/wp\/v2\/pages"}],"about":[{"href":"https:\/\/blogsaverroes.juntadeandalucia.es\/iesfrayluisdegranada\/wp-json\/wp\/v2\/types\/page"}],"author":[{"embeddable":true,"href":"https:\/\/blogsaverroes.juntadeandalucia.es\/iesfrayluisdegranada\/wp-json\/wp\/v2\/users\/2185"}],"replies":[{"embeddable":true,"href":"https:\/\/blogsaverroes.juntadeandalucia.es\/iesfrayluisdegranada\/wp-json\/wp\/v2\/comments?post=4278"}],"version-history":[{"count":4,"href":"https:\/\/blogsaverroes.juntadeandalucia.es\/iesfrayluisdegranada\/wp-json\/wp\/v2\/pages\/4278\/revisions"}],"predecessor-version":[{"id":4314,"href":"https:\/\/blogsaverroes.juntadeandalucia.es\/iesfrayluisdegranada\/wp-json\/wp\/v2\/pages\/4278\/revisions\/4314"}],"wp:attachment":[{"href":"https:\/\/blogsaverroes.juntadeandalucia.es\/iesfrayluisdegranada\/wp-json\/wp\/v2\/media?parent=4278"}],"curies":[{"name":"wp","href":"https:\/\/api.w.org\/{rel}","templated":true}]}}