{"id":5757,"date":"2022-01-13T10:46:08","date_gmt":"2022-01-13T10:46:08","guid":{"rendered":"https:\/\/blogsaverroes.juntadeandalucia.es\/iesfrayluisdegranada\/?page_id=5757"},"modified":"2026-02-10T08:13:27","modified_gmt":"2026-02-10T08:13:27","slug":"becas-y-ayudas","status":"publish","type":"page","link":"https:\/\/blogsaverroes.juntadeandalucia.es\/iesfrayluisdegranada\/secretaria\/becas-y-ayudas\/","title":{"rendered":"Becas y ayudas"},"content":{"rendered":"\t\t<div data-elementor-type=\"wp-page\" data-elementor-id=\"5757\" class=\"elementor elementor-5757\">\n\t\t\t\t\t\t<section class=\"elementor-section elementor-top-section elementor-element elementor-element-440f733 elementor-section-boxed elementor-section-height-default elementor-section-height-default\" data-id=\"440f733\" data-element_type=\"section\">\n\t\t\t\t\t\t<div class=\"elementor-container elementor-column-gap-default\">\n\t\t\t\t\t<div class=\"elementor-column elementor-col-100 elementor-top-column elementor-element elementor-element-bbf9888\" data-id=\"bbf9888\" data-element_type=\"column\">\n\t\t\t<div class=\"elementor-widget-wrap elementor-element-populated\">\n\t\t\t\t\t\t<div class=\"elementor-element elementor-element-7e2b1ef elementor-widget elementor-widget-image\" data-id=\"7e2b1ef\" data-element_type=\"widget\" data-widget_type=\"image.default\">\n\t\t\t\t<div class=\"elementor-widget-container\">\n\t\t\t\t\t\t\t\t\t\t\t\t\t\t\t<img fetchpriority=\"high\" decoding=\"async\" width=\"710\" height=\"470\" src=\"https:\/\/blogsaverroes.juntadeandalucia.es\/iesfrayluisdegranada\/files\/2026\/02\/becas-ayudas.jpg\" class=\"attachment-large size-large wp-image-13039\" alt=\"\" srcset=\"https:\/\/blogsaverroes.juntadeandalucia.es\/iesfrayluisdegranada\/files\/2026\/02\/becas-ayudas.jpg 710w, https:\/\/blogsaverroes.juntadeandalucia.es\/iesfrayluisdegranada\/files\/2026\/02\/becas-ayudas-300x199.jpg 300w\" sizes=\"(max-width: 710px) 100vw, 710px\" \/>\t\t\t\t\t\t\t\t\t\t\t\t\t\t\t<\/div>\n\t\t\t\t<\/div>\n\t\t\t\t<section class=\"elementor-section elementor-inner-section elementor-element elementor-element-5785e66 elementor-section-boxed elementor-section-height-default elementor-section-height-default\" data-id=\"5785e66\" data-element_type=\"section\">\n\t\t\t\t\t\t<div class=\"elementor-container elementor-column-gap-default\">\n\t\t\t\t\t<div class=\"elementor-column elementor-col-50 elementor-inner-column elementor-element elementor-element-d08b07f\" data-id=\"d08b07f\" data-element_type=\"column\">\n\t\t\t<div class=\"elementor-widget-wrap elementor-element-populated\">\n\t\t\t\t\t\t<div class=\"elementor-element elementor-element-fbab688 elementor-widget elementor-widget-text-editor\" data-id=\"fbab688\" data-element_type=\"widget\" data-widget_type=\"text-editor.default\">\n\t\t\t\t<div class=\"elementor-widget-container\">\n\t\t\t\t\t\t\t\t\t<h3>Becas<\/h3><ul><li><a href=\"https:\/\/www.juntadeandalucia.es\/educacion\/portales\/web\/educacion\/becas-ayudas\/becas\/convocatoria-general\" target=\"_blank\" rel=\"noopener\">Convocatoria general<\/a><\/li><li><a href=\"https:\/\/www.juntadeandalucia.es\/educacion\/portales\/web\/educacion\/becas-ayudas\/becas\/beca-6000\" target=\"_blank\" rel=\"noopener\">Beca 6000<\/a><\/li><li><a href=\"https:\/\/www.juntadeandalucia.es\/educacion\/portales\/web\/educacion\/becas-ayudas\/becas\/segunda-oportunidad\" target=\"_blank\" rel=\"noopener\">Andaluc\u00eda Segunda Oportunidad<\/a><\/li><li><a href=\"https:\/\/www.juntadeandalucia.es\/educacion\/portales\/web\/educacion\/becas-ayudas\/becas\/beca-adriano\" target=\"_blank\" rel=\"noopener\">Adriano<\/a><\/li><\/ul>\t\t\t\t\t\t\t\t<\/div>\n\t\t\t\t<\/div>\n\t\t\t\t\t<\/div>\n\t\t<\/div>\n\t\t\t\t<div class=\"elementor-column elementor-col-50 elementor-inner-column elementor-element elementor-element-0de2134\" data-id=\"0de2134\" data-element_type=\"column\">\n\t\t\t<div class=\"elementor-widget-wrap elementor-element-populated\">\n\t\t\t\t\t\t<div class=\"elementor-element elementor-element-b9ab507 elementor-widget elementor-widget-text-editor\" data-id=\"b9ab507\" data-element_type=\"widget\" data-widget_type=\"text-editor.default\">\n\t\t\t\t<div class=\"elementor-widget-container\">\n\t\t\t\t\t\t\t\t\t<h3>Ayudas<\/h3><ul><li><a href=\"https:\/\/www.juntadeandalucia.es\/educacion\/portales\/es\/web\/educacion\/becas-ayudas\/ayudas\/ayudas-familias-fomento-escolarizacion-infantil-0-3-anos\" target=\"_blank\" rel=\"noopener\">Ayudas a las familias fomento de la escolarizaci\u00f3n (Educaci\u00f3n Infantil 0-3 a\u00f1os)<\/a><\/li><li><a href=\"https:\/\/www.juntadeandalucia.es\/educacion\/portales\/web\/educacion\/becas-ayudas\/ayudas\/educacion-especial\" target=\"_blank\" rel=\"noopener\">Educaci\u00f3n Especial<\/a><\/li><li><a href=\"https:\/\/www.juntadeandalucia.es\/educacion\/portales\/es\/web\/educacion\/becas-ayudas\/ayudas\/ayuda-transporte\" target=\"_blank\" rel=\"noopener\">Ayuda al transporte<\/a><\/li><li><a href=\"https:\/\/www.juntadeandalucia.es\/educacion\/portales\/es\/web\/educacion\/becas-ayudas\/ayudas\/ayuda-desplazamientos-fp\" target=\"_blank\" rel=\"noopener\">Ayuda por desplazamiento a empresas (FP)<\/a><\/li><li><a href=\"https:\/\/www.juntadeandalucia.es\/educacion\/portales\/es\/web\/educacion\/becas-ayudas\/ayudas\/ayuda-desplazamientos-artisticas\" target=\"_blank\" rel=\"noopener\">Ayuda por desplazamiento a empresas (Ense\u00f1anzas Art\u00edsticas)<\/a><\/li><\/ul>\t\t\t\t\t\t\t\t<\/div>\n\t\t\t\t<\/div>\n\t\t\t\t\t<\/div>\n\t\t<\/div>\n\t\t\t\t\t<\/div>\n\t\t<\/section>\n\t\t\t\t<div class=\"elementor-element elementor-element-d7cd383 elementor-widget-divider--view-line elementor-widget elementor-widget-divider\" data-id=\"d7cd383\" data-element_type=\"widget\" data-widget_type=\"divider.default\">\n\t\t\t\t<div class=\"elementor-widget-container\">\n\t\t\t\t\t\t\t<div class=\"elementor-divider\">\n\t\t\t<span class=\"elementor-divider-separator\">\n\t\t\t\t\t\t<\/span>\n\t\t<\/div>\n\t\t\t\t\t\t<\/div>\n\t\t\t\t<\/div>\n\t\t\t\t<div class=\"elementor-element elementor-element-a097f46 elementor-widget elementor-widget-text-editor\" data-id=\"a097f46\" data-element_type=\"widget\" data-widget_type=\"text-editor.default\">\n\t\t\t\t<div class=\"elementor-widget-container\">\n\t\t\t\t\t\t\t\t\t<h3 style=\"text-align: center\">Servicios<\/h3><ul><li><a href=\"https:\/\/www.juntadeandalucia.es\/educacion\/portales\/web\/educacion\/becas-ayudas\/becas\/convocatoria-general\/alta-cuentas-corrientes\" target=\"_blank\" rel=\"noopener\">Alta de cuentas corrientes<\/a><\/li><li><a href=\"https:\/\/www.juntadeandalucia.es\/educacion\/portales\/web\/educacion\/becas-ayudas\/becas\/convocatoria-general\/modificacion-cuentas-corrientes\" target=\"_blank\" rel=\"noopener\">Modificaci\u00f3n de cuentas corrientes<\/a><\/li><li><a href=\"https:\/\/www.juntadeandalucia.es\/educacion\/portales\/web\/inspeccion-educativa\/w\/resolucion-plan-actuacion-2025-2026\" target=\"_blank\" rel=\"noopener\">Plan de actuaci\u00f3n curso actual<\/a><\/li><li><a href=\"https:\/\/www.juntadeandalucia.es\/educacion\/portales\/web\/educacion\/gratuidad-de-libros-texto\" target=\"_blank\" rel=\"noopener\">Gratuidad de libros<\/a><\/li><\/ul>\t\t\t\t\t\t\t\t<\/div>\n\t\t\t\t<\/div>\n\t\t\t\t<div class=\"elementor-element elementor-element-a5709d6 elementor-widget-divider--view-line elementor-widget elementor-widget-divider\" data-id=\"a5709d6\" data-element_type=\"widget\" data-widget_type=\"divider.default\">\n\t\t\t\t<div class=\"elementor-widget-container\">\n\t\t\t\t\t\t\t<div class=\"elementor-divider\">\n\t\t\t<span class=\"elementor-divider-separator\">\n\t\t\t\t\t\t<\/span>\n\t\t<\/div>\n\t\t\t\t\t\t<\/div>\n\t\t\t\t<\/div>\n\t\t\t\t<div class=\"elementor-element elementor-element-452edb4 elementor-widget elementor-widget-text-editor\" data-id=\"452edb4\" data-element_type=\"widget\" data-widget_type=\"text-editor.default\">\n\t\t\t\t<div class=\"elementor-widget-container\">\n\t\t\t\t\t\t\t\t\t<h3 style=\"text-align: center\">Informaci\u00f3n completa<\/h3><ul><li><a href=\"https:\/\/www.juntadeandalucia.es\/educacion\/portales\/web\/educacion\/becas-ayudas\" target=\"_blank\" rel=\"noopener\">Portal de becas y ayudas Junta de Andaluc\u00eda (General).<\/a><\/li><li><a href=\"https:\/\/www.becaseducacion.gob.es\/portada.html\" target=\"_blank\" rel=\"noopener\">Sitio web de Becas del Gobierno.<\/a><\/li><\/ul>\t\t\t\t\t\t\t\t<\/div>\n\t\t\t\t<\/div>\n\t\t\t\t\t<\/div>\n\t\t<\/div>\n\t\t\t\t\t<\/div>\n\t\t<\/section>\n\t\t\t\t<\/div>\n\t\t","protected":false},"excerpt":{"rendered":"<p>Becas Convocatoria general Beca 6000 Andaluc\u00eda Segunda Oportunidad Adriano Ayudas Ayudas a las familias fomento de la escolarizaci\u00f3n (Educaci\u00f3n Infantil 0-3 a\u00f1os) Educaci\u00f3n Especial Ayuda al transporte Ayuda por desplazamiento a empresas (FP) Ayuda&#46;&#46;&#46;<\/p>\n","protected":false},"author":2185,"featured_media":0,"parent":77,"menu_order":0,"comment_status":"closed","ping_status":"closed","template":"","meta":{"ngg_post_thumbnail":0,"footnotes":""},"aioseo_notices":[],"_links":{"self":[{"href":"https:\/\/blogsaverroes.juntadeandalucia.es\/iesfrayluisdegranada\/wp-json\/wp\/v2\/pages\/5757"}],"collection":[{"href":"https:\/\/blogsaverroes.juntadeandalucia.es\/iesfrayluisdegranada\/wp-json\/wp\/v2\/pages"}],"about":[{"href":"https:\/\/blogsaverroes.juntadeandalucia.es\/iesfrayluisdegranada\/wp-json\/wp\/v2\/types\/page"}],"author":[{"embeddable":true,"href":"https:\/\/blogsaverroes.juntadeandalucia.es\/iesfrayluisdegranada\/wp-json\/wp\/v2\/users\/2185"}],"replies":[{"embeddable":true,"href":"https:\/\/blogsaverroes.juntadeandalucia.es\/iesfrayluisdegranada\/wp-json\/wp\/v2\/comments?post=5757"}],"version-history":[{"count":108,"href":"https:\/\/blogsaverroes.juntadeandalucia.es\/iesfrayluisdegranada\/wp-json\/wp\/v2\/pages\/5757\/revisions"}],"predecessor-version":[{"id":13042,"href":"https:\/\/blogsaverroes.juntadeandalucia.es\/iesfrayluisdegranada\/wp-json\/wp\/v2\/pages\/5757\/revisions\/13042"}],"up":[{"embeddable":true,"href":"https:\/\/blogsaverroes.juntadeandalucia.es\/iesfrayluisdegranada\/wp-json\/wp\/v2\/pages\/77"}],"wp:attachment":[{"href":"https:\/\/blogsaverroes.juntadeandalucia.es\/iesfrayluisdegranada\/wp-json\/wp\/v2\/media?parent=5757"}],"curies":[{"name":"wp","href":"https:\/\/api.w.org\/{rel}","templated":true}]}}