{"id":2543,"date":"2017-01-24T13:25:06","date_gmt":"2017-01-24T13:25:06","guid":{"rendered":"http:\/\/blogsaverroes.juntadeandalucia.es\/iesfuentebuena\/?page_id=2543"},"modified":"2025-09-08T18:17:28","modified_gmt":"2025-09-08T16:17:28","slug":"consejo-escolar","status":"publish","type":"page","link":"https:\/\/blogsaverroes.juntadeandalucia.es\/iesfuentebuena\/consejo-escolar\/","title":{"rendered":"Consejo Escolar"},"content":{"rendered":"<table style=\"border-collapse: collapse;width: 66.802%;height: 115px\">\n<tbody>\n<tr>\n<td style=\"width: 54.2257%;background-color: #0acc6b;text-align: center\">\n<h2><span style=\"color: #000000\"><a style=\"color: #000000\" href=\"https:\/\/blogsaverroes.juntadeandalucia.es\/iesfuentebuena\/category\/consejo-escolar\/\">Novedades del<br \/>\nConsejo Escolar<br \/>\n(clic aqu\u00ed)<\/a><br \/>\n<\/span><\/h2>\n<\/td>\n<\/tr>\n<\/tbody>\n<\/table>\n<p>&nbsp;<\/p>\n<p>El Consejo Escolar es el \u00f3rgano de participaci\u00f3n de los diferentes sectores de la Comunidad Educativa. Est\u00e1 presidido por el Director del Centro y contempla un n\u00famero determinado de plazas que son ocupadas por miembros de los diferentes grupos del \u00e1mbito educativo: Jefa de Estudios, profesores\/as, madres\/padres, alumnos\/as, personal de administraci\u00f3n y servicios, Ayuntamiento, etc.<\/p>\n<p>El Consejo Escolar se renueva mediante proceso electoral cada dos cursos acad\u00e9micos, siendo la pr\u00f3xima convocatoria electoral durante el primer trimestre del curso 2026\/2027.<\/p>\n<p>&nbsp;<\/p>\n<h1 style=\"text-align: center\">CONSEJO ESCOLAR<\/h1>\n<p style=\"text-align: center\">(fecha 01\/09\/2025)<\/p>\n<h1>EQUIPO DIRECTIVO<\/h1>\n<p>D. Mario L. S. (Director &#8211; Presidente)<br \/>\nD\u00f1a. Julia C. B. (Jefa de Estudios)<br \/>\nD\u00f1a. Nazaret R. V.&nbsp; (Secretaria &#8211; con voz pero sin voto)<\/p>\n<h1>REPRESENTANTES DEL PROFESORADO<\/h1>\n<p><span style=\"font-weight: 400\">D\u00f1a. Mar\u00eda Jos\u00e9 C. A.<\/span><span style=\"font-weight: 400\"><br \/>\n<\/span><span style=\"font-weight: 400\">D\u00f1a. Margarita G. P.<\/span><span style=\"font-weight: 400\"><br \/>\n<\/span><span style=\"font-weight: 400\">D. Juan G. R.<\/span><em><br \/>\n(3 puestos vacantes)<\/em><\/p>\n<h1>REPRESENTANTES DEL ALUMNADO<\/h1>\n<p>Samuel R. S.<br \/>\nSamuel R. S.<br \/>\n<em>(1 puesto vacante)<\/em><\/p>\n<h1>REPRESENTANTES DE FAMILIAS<\/h1>\n<p><span style=\"font-weight: 400\">D\u00f1a. Mar\u00eda Dolores G. Ch.<\/span><br \/>\n<em>(2 puesto vacante)<\/em><\/p>\n<h1>REPRESENTANTE DEL PAS<\/h1>\n<p><em>(1 puesto vacante)<\/em><\/p>\n<h1>REPRESENTANTE DEL AYUNTAMIENTO<\/h1>\n<p>D. Jos\u00e9 S. G.<\/p>\n<p>&nbsp;<\/p>\n","protected":false},"excerpt":{"rendered":"<p>Novedades del Consejo Escolar (clic aqu\u00ed) &nbsp; El Consejo Escolar es el \u00f3rgano de participaci\u00f3n de los diferentes sectores de la Comunidad Educativa. Est\u00e1 presidido&hellip;<\/p>\n","protected":false},"author":4472,"featured_media":3381,"parent":0,"menu_order":0,"comment_status":"closed","ping_status":"closed","template":"","meta":{"ngg_post_thumbnail":0,"footnotes":""},"aioseo_notices":[],"_links":{"self":[{"href":"https:\/\/blogsaverroes.juntadeandalucia.es\/iesfuentebuena\/wp-json\/wp\/v2\/pages\/2543"}],"collection":[{"href":"https:\/\/blogsaverroes.juntadeandalucia.es\/iesfuentebuena\/wp-json\/wp\/v2\/pages"}],"about":[{"href":"https:\/\/blogsaverroes.juntadeandalucia.es\/iesfuentebuena\/wp-json\/wp\/v2\/types\/page"}],"author":[{"embeddable":true,"href":"https:\/\/blogsaverroes.juntadeandalucia.es\/iesfuentebuena\/wp-json\/wp\/v2\/users\/4472"}],"replies":[{"embeddable":true,"href":"https:\/\/blogsaverroes.juntadeandalucia.es\/iesfuentebuena\/wp-json\/wp\/v2\/comments?post=2543"}],"version-history":[{"count":46,"href":"https:\/\/blogsaverroes.juntadeandalucia.es\/iesfuentebuena\/wp-json\/wp\/v2\/pages\/2543\/revisions"}],"predecessor-version":[{"id":10167,"href":"https:\/\/blogsaverroes.juntadeandalucia.es\/iesfuentebuena\/wp-json\/wp\/v2\/pages\/2543\/revisions\/10167"}],"wp:featuredmedia":[{"embeddable":true,"href":"https:\/\/blogsaverroes.juntadeandalucia.es\/iesfuentebuena\/wp-json\/wp\/v2\/media\/3381"}],"wp:attachment":[{"href":"https:\/\/blogsaverroes.juntadeandalucia.es\/iesfuentebuena\/wp-json\/wp\/v2\/media?parent=2543"}],"curies":[{"name":"wp","href":"https:\/\/api.w.org\/{rel}","templated":true}]}}