{"id":2549,"date":"2017-02-07T10:29:32","date_gmt":"2017-02-07T10:29:32","guid":{"rendered":"http:\/\/blogsaverroes.juntadeandalucia.es\/iesfuentebuena\/?page_id=2549"},"modified":"2023-11-05T10:29:46","modified_gmt":"2023-11-05T08:29:46","slug":"padres-madres","status":"publish","type":"page","link":"https:\/\/blogsaverroes.juntadeandalucia.es\/iesfuentebuena\/padres-madres\/","title":{"rendered":"Familias"},"content":{"rendered":"<p>Padres, madres y tutores\/as legales de los\/as alumnos\/as tienen pleno derecho a participar en la vida del Centro. Su participaci\u00f3n se encauza a trav\u00e9s de diversos \u00f3rganos y estrategias. Es fundamental el grado de concienciaci\u00f3n e inter\u00e9s de las familias en su participaci\u00f3n, la correcta utilizaci\u00f3n de los cauces previstos y del grado de conocimiento sobre c\u00f3mo pueden participar.<\/p>\n<p><strong>CONSEJO ESCOLAR:<\/strong> Pertenecen al Consejo Escolar del Centro 4 padres, madres o tutores\/as legales, siendo uno\/a de ellos\/as designado por el AMPA.<\/p>\n<p><strong>TUTOR\u00cdAS:<\/strong> En los horarios de los\/as tutores\/as viene contemplada una hora de tutor\u00eda semanal para la atenci\u00f3n a familias, que se comunica a las mismas a principio de curso. Cuando por cuestiones laborales o de otro tipo es imposible citarse a esa hora, se consens\u00faa otra hora en la que los familiares puedan acudir. Los\/as tutores\/as deber\u00e1n recabar y actualizar la informaci\u00f3n que se tenga sobre el\/la alumno\/a dentro del seno del Equipo Docente para poder ofrecer una mejor informaci\u00f3n.<\/p>\n<p><strong>RELACI\u00d3N CON EL PROFESORADO:<\/strong> Siempre que las familias necesiten o deseen ampliar la informaci\u00f3n aportada por el\/la tutor\/a sobre sus hijos\/as con relaci\u00f3n a un\/a profesor\/a en concreto, podr\u00e1n contactar con \u00e9l\/ella personalmente a trav\u00e9s del\/la tutor\/a o v\u00eda telef\u00f3nica. En estos casos ambas partes realizar\u00e1n los esfuerzos necesarios para que dicha entrevista se pueda llevar a cabo.<\/p>\n<p><strong>DELEGADOS\/AS DE FAMILIAS:<\/strong> Las familias de cada grupo tienen un\/a delegado\/a representante, cuyas funciones se regulan en el plan de convivencia.<\/p>\n<p><a href=\"https:\/\/www.juntadeandalucia.es\/educacion\/portals\/delegate\/content\/76aa1907-0d2b-4ce6-847b-1915bd6099f2\">Pinche aqu\u00ed para acceder a la gu\u00eda de delegados\/as de familias.<\/a><\/p>\n<p><iframe loading=\"lazy\" title=\"REUNI\u00d3N DE DELEGADOS\/AS DE FAMILIA\" width=\"843\" height=\"474\" src=\"https:\/\/www.youtube.com\/embed\/azETejMXEwg?feature=oembed\" frameborder=\"0\" allow=\"accelerometer; autoplay; clipboard-write; encrypted-media; gyroscope; picture-in-picture; web-share\" referrerpolicy=\"strict-origin-when-cross-origin\" allowfullscreen><\/iframe><\/p>\n<p><strong>RELACI\u00d3N CON EL CENTRO:<\/strong> Si un padre\/madre o tutor\/a legal desea realizar una propuesta, queja, reclamaci\u00f3n o resolver cualquier tipo de duda sobre el funcionamiento general del Centro, lo podr\u00e1 hacer a trav\u00e9s de los \u00f3rganos de representaci\u00f3n de las familias o a trav\u00e9s del\/la tutor\/a, Jefa de Estudios o Director del Centro.<\/p>\n","protected":false},"excerpt":{"rendered":"<p>Padres, madres y tutores\/as legales de los\/as alumnos\/as tienen pleno derecho a participar en la vida del Centro. Su participaci\u00f3n se encauza a trav\u00e9s de&hellip;<\/p>\n","protected":false},"author":4472,"featured_media":0,"parent":0,"menu_order":0,"comment_status":"closed","ping_status":"closed","template":"page-c.php","meta":{"ngg_post_thumbnail":0,"footnotes":""},"aioseo_notices":[],"_links":{"self":[{"href":"https:\/\/blogsaverroes.juntadeandalucia.es\/iesfuentebuena\/wp-json\/wp\/v2\/pages\/2549"}],"collection":[{"href":"https:\/\/blogsaverroes.juntadeandalucia.es\/iesfuentebuena\/wp-json\/wp\/v2\/pages"}],"about":[{"href":"https:\/\/blogsaverroes.juntadeandalucia.es\/iesfuentebuena\/wp-json\/wp\/v2\/types\/page"}],"author":[{"embeddable":true,"href":"https:\/\/blogsaverroes.juntadeandalucia.es\/iesfuentebuena\/wp-json\/wp\/v2\/users\/4472"}],"replies":[{"embeddable":true,"href":"https:\/\/blogsaverroes.juntadeandalucia.es\/iesfuentebuena\/wp-json\/wp\/v2\/comments?post=2549"}],"version-history":[{"count":15,"href":"https:\/\/blogsaverroes.juntadeandalucia.es\/iesfuentebuena\/wp-json\/wp\/v2\/pages\/2549\/revisions"}],"predecessor-version":[{"id":9126,"href":"https:\/\/blogsaverroes.juntadeandalucia.es\/iesfuentebuena\/wp-json\/wp\/v2\/pages\/2549\/revisions\/9126"}],"wp:attachment":[{"href":"https:\/\/blogsaverroes.juntadeandalucia.es\/iesfuentebuena\/wp-json\/wp\/v2\/media?parent=2549"}],"curies":[{"name":"wp","href":"https:\/\/api.w.org\/{rel}","templated":true}]}}

<p>Padres, madres y tutores/as legales de los/as alumnos/as tienen pleno derecho a participar en la vida del Centro. Su participación se encauza a través de diversos órganos y estrategias. Es fundamental el grado de concienciación e interés de las familias en su participación, la correcta utilización de los cauces previstos y del grado de conocimiento sobre cómo pueden participar.</p>
<p><strong>CONSEJO ESCOLAR:</strong> Pertenecen al Consejo Escolar del Centro 4 padres, madres o tutores/as legales, siendo uno/a de ellos/as designado por el AMPA.</p>
<p><strong>TUTORÍAS:</strong> En los horarios de los/as tutores/as viene contemplada una hora de tutoría semanal para la atención a familias, que se comunica a las mismas a principio de curso. Cuando por cuestiones laborales o de otro tipo es imposible citarse a esa hora, se consensúa otra hora en la que los familiares puedan acudir. Los/as tutores/as deberán recabar y actualizar la información que se tenga sobre el/la alumno/a dentro del seno del Equipo Docente para poder ofrecer una mejor información.</p>
<p><strong>RELACIÓN CON EL PROFESORADO:</strong> Siempre que las familias necesiten o deseen ampliar la información aportada por el/la tutor/a sobre sus hijos/as con relación a un/a profesor/a en concreto, podrán contactar con él/ella personalmente a través del/la tutor/a o vía telefónica. En estos casos ambas partes realizarán los esfuerzos necesarios para que dicha entrevista se pueda llevar a cabo.</p>
<p><strong>DELEGADOS/AS DE FAMILIAS:</strong> Las familias de cada grupo tienen un/a delegado/a representante, cuyas funciones se regulan en el plan de convivencia.</p>
<p><a href="https://www.juntadeandalucia.es/educacion/portals/delegate/content/76aa1907-0d2b-4ce6-847b-1915bd6099f2">Pinche aquí para acceder a la guía de delegados/as de familias.</a></p>
<p><iframe loading="lazy" title="REUNIÓN DE DELEGADOS/AS DE FAMILIA" width="843" height="474" src="https://www.youtube.com/embed/azETejMXEwg?feature=oembed" frameborder="0" allow="accelerometer; autoplay; clipboard-write; encrypted-media; gyroscope; picture-in-picture; web-share" referrerpolicy="strict-origin-when-cross-origin" allowfullscreen></iframe></p>
<p><strong>RELACIÓN CON EL CENTRO:</strong> Si un padre/madre o tutor/a legal desea realizar una propuesta, queja, reclamación o resolver cualquier tipo de duda sobre el funcionamiento general del Centro, lo podrá hacer a través de los órganos de representación de las familias o a través del/la tutor/a, Jefa de Estudios o Director del Centro.</p>

<p>Padres, madres y tutores/as legales de los/as alumnos/as tienen pleno derecho a participar en la vida del Centro. Su participación se encauza a través de&hellip;</p>
