{"id":35,"date":"2015-03-13T08:21:43","date_gmt":"2015-03-13T08:21:43","guid":{"rendered":"http:\/\/blogsaverroes.juntadeandalucia.es\/pre\/ceip\/?page_id=35"},"modified":"2025-09-13T09:32:09","modified_gmt":"2025-09-13T07:32:09","slug":"informacionbasica","status":"publish","type":"page","link":"https:\/\/blogsaverroes.juntadeandalucia.es\/iesfuentebuena\/informacionbasica\/","title":{"rendered":"Informaci\u00f3n b\u00e1sica"},"content":{"rendered":"<h1><strong>Instituto de Educaci\u00f3n Secundaria FUENTEBUENA<\/strong><\/h1>\n<p><strong>C\/ Alcaldesa Manuela Carrasco Rubio (antiguo Cno. de Aj\u00f3zar), s\/n<br \/>\n<\/strong><strong>23340 Arroyo del Ojanco (Ja\u00e9n)<\/strong><\/p>\n<p><strong>Web:<\/strong> <a href=\"http:\/\/blogsaverroes.juntadeandalucia.es\/iesfuentebuena\">http:\/\/blogsaverroes.juntadeandalucia.es\/iesfuentebuena<br \/>\n<\/a><strong>e-mail:<\/strong> <a href=\"mailto:23700608.edu@juntadeandalucia.es\">23700608.edu@juntadeandalucia.es<\/a><\/p>\n<p><strong>Conserjer\u00eda-Centralita:<\/strong> 953 42 96 10<\/p>\n<p><strong>Direcci\u00f3n:<\/strong> 671 53 58 23<br \/>\n<strong>Jefatura de Estudios:<\/strong> 671 59 05 51<br \/>\n<strong>Secretar\u00eda:<\/strong> 671 53 58 22<br \/>\n<strong>Departamento de Orientaci\u00f3n:<\/strong> 671 53 58 82<\/p>\n<p>&nbsp;<\/p>\n<p>&nbsp;<br \/>\n<iframe loading=\"lazy\" src=\"https:\/\/www.google.com\/maps\/embed?pb=!1m14!1m8!1m3!1d6146.28584507484!2d-2.900902954950742!3d38.32110810627769!3m2!1i1024!2i768!4f13.1!3m3!1m2!1s0x0%3A0x3b5b7e43c2566f09!2sInstituto%20de%20Educaci%C3%B3n%20Secundaria%20Fuentebuena!5e1!3m2!1ses!2ses!4v1659259418461!5m2!1ses!2ses\" width=\"600\" height=\"450\"><\/iframe><br \/>\n&nbsp;<\/p>\n<p>&nbsp;<\/p>\n<h4><strong>Horario<\/strong><\/h4>\n<p>En jornadas lectivas, el Centro permanece abierto de acuerdo con la siguiente distribuci\u00f3n horaria:<\/p>\n<table style=\"width: 383.933px\">\n<tbody>\n<tr>\n<td style=\"width: 126px;background-color: #098ed6\">\n<h4><span style=\"color: #000000\"><strong>Lunes a viernes <\/strong><\/span><\/h4>\n<\/td>\n<td style=\"width: 211.933px;background-color: #7fccf5\">De 8:30 a 15:00 horas<\/td>\n<\/tr>\n<tr>\n<td style=\"width: 126px;background-color: #098ed6\">\n<h4><span style=\"color: #000000\"><strong>Lunes a jueves<\/strong><\/span><\/h4>\n<\/td>\n<td style=\"width: 211.933px;background-color: #7fccf5\">De 16:00 a 18:00 horas<\/td>\n<\/tr>\n<\/tbody>\n<\/table>\n<p>&nbsp;<\/p>\n<p>El alumnado acude al Centro por las ma\u00f1anas de lunes a viernes, de acuerdo con la siguiente distribuci\u00f3n horaria:<\/p>\n<table style=\"width: 78.9922%;background-color: #d4fa14\">\n<tbody>\n<tr style=\"height: 27px\">\n<td class=\"widget-title\" style=\"width: 38.5639%;background-color: #098ed6;height: 27px\">\n<h4>Primera hora<\/h4>\n<\/td>\n<td style=\"width: 186.145%;height: 27px;background-color: #7fccf5\">De 8:30 a 9:30 horas<\/td>\n<\/tr>\n<tr style=\"height: 27px\">\n<td class=\"widget-title\" style=\"width: 38.5639%;background-color: #098ed6;height: 27px\">\n<h4>Segunda hora<\/h4>\n<\/td>\n<td style=\"width: 186.145%;height: 27px;background-color: #7fccf5\">De 9:30 a 10:30 horas<\/td>\n<\/tr>\n<tr style=\"height: 27.8px\">\n<td class=\"widget-title-green\" style=\"width: 38.5639%;background-color: #cee7f5;height: 27.8px\">\n<h4>Recreo<\/h4>\n<\/td>\n<td class=\"widget-title-green\" style=\"width: 186.145%;background-color: #cee7f5;height: 27.8px\">\n<h4>De 10:30 a 10:50 horas<\/h4>\n<\/td>\n<\/tr>\n<tr style=\"height: 27px\">\n<td class=\"widget-title\" style=\"width: 38.5639%;background-color: #098ed6;height: 27px\">\n<h4>Tercera hora<\/h4>\n<\/td>\n<td style=\"width: 186.145%;height: 27px;background-color: #7fccf5\">De 10:50 a 11:50 horas<\/td>\n<\/tr>\n<tr style=\"height: 27px\">\n<td class=\"widget-title\" style=\"width: 38.5639%;background-color: #098ed6;height: 27px\">\n<h4>Cuarta hora<\/h4>\n<\/td>\n<td style=\"width: 186.145%;height: 27px;background-color: #7fccf5\">De 11:50 a 12:50 horas<\/td>\n<\/tr>\n<tr style=\"height: 27.8px\">\n<td class=\"widget-title-green\" style=\"width: 38.5639%;background-color: #cee7f5;height: 27.8px\">\n<h4>Recreo<\/h4>\n<\/td>\n<td class=\"widget-title-green\" style=\"width: 186.145%;background-color: #cee7f5;height: 27.8px\">\n<h4>De 12:50 a 13:00 horas<\/h4>\n<\/td>\n<\/tr>\n<tr style=\"height: 27px\">\n<td class=\"widget-title\" style=\"width: 38.5639%;background-color: #098ed6;height: 27px\">\n<h4>Quinta hora<\/h4>\n<\/td>\n<td style=\"width: 186.145%;height: 27px;background-color: #7fccf5\">De 13:00 a 14:00 horas<\/td>\n<\/tr>\n<tr style=\"height: 27px\">\n<td class=\"widget-title\" style=\"width: 38.5639%;background-color: #098ed6;height: 27px\">\n<h4>Sexta hora<\/h4>\n<\/td>\n<td style=\"width: 186.145%;height: 27px;background-color: #7fccf5\">De 14:00 a 15:00 horas<\/td>\n<\/tr>\n<\/tbody>\n<\/table>\n<p>La <strong>atenci\u00f3n tutorial a familias en horario de tarde<\/strong> tiene lugar los <strong>MARTES<\/strong> en horario de <strong>16:00 a 17:00 horas (previa cita)<\/strong>.<\/p>\n<p>Las reuniones de Claustro, Consejo Escolar y \u00f3rganos de coordinaci\u00f3n docente tienen lugar, habitualmente, los lunes por la tarde.<\/p>\n<p>&nbsp;<\/p>\n<p><em>En jornadas no lectivas (excepto d\u00edas festivos y mes de agosto), el Centro permanece abierto de lunes a viernes de 9:00 a 14:00 horas.<\/em><\/p>\n<p>&nbsp;<\/p>\n<h4><strong>Oferta educativa<\/strong><\/h4>\n<table style=\"width: 55.5532%\">\n<tbody>\n<tr>\n<td style=\"width: 275px;background-color: #edabcc\">\n<h4 style=\"text-align: center\">Educaci\u00f3n Secundaria<br \/>\nObligatoria<\/h4>\n<\/td>\n<td style=\"width: 275px;background-color: #edabcc\">\n<h4 style=\"text-align: center\">Formaci\u00f3n B\u00e1sica<br \/>\nObligatoria<\/h4>\n<\/td>\n<\/tr>\n<tr>\n<td style=\"width: 275px;text-align: center\">1\u00ba ESO, 2\u00ba ESO, 3\u00ba ESO, 4\u00ba ESO<\/td>\n<td style=\"width: 275px;text-align: center\">FBO<\/td>\n<\/tr>\n<\/tbody>\n<\/table>\n<p>&nbsp;<\/p>\n<h4><strong>Instalaciones<\/strong><\/h4>\nngg_shortcode_0_placeholder\n","protected":false},"excerpt":{"rendered":"<p>Instituto de Educaci\u00f3n Secundaria FUENTEBUENA C\/ Alcaldesa Manuela Carrasco Rubio (antiguo Cno. de Aj\u00f3zar), s\/n 23340 Arroyo del Ojanco (Ja\u00e9n) Web: http:\/\/blogsaverroes.juntadeandalucia.es\/iesfuentebuena e-mail: 23700608.edu@juntadeandalucia.es Conserjer\u00eda-Centralita:&hellip;<\/p>\n","protected":false},"author":1,"featured_media":2509,"parent":0,"menu_order":0,"comment_status":"closed","ping_status":"open","template":"","meta":{"ngg_post_thumbnail":0,"footnotes":""},"aioseo_notices":[],"_links":{"self":[{"href":"https:\/\/blogsaverroes.juntadeandalucia.es\/iesfuentebuena\/wp-json\/wp\/v2\/pages\/35"}],"collection":[{"href":"https:\/\/blogsaverroes.juntadeandalucia.es\/iesfuentebuena\/wp-json\/wp\/v2\/pages"}],"about":[{"href":"https:\/\/blogsaverroes.juntadeandalucia.es\/iesfuentebuena\/wp-json\/wp\/v2\/types\/page"}],"author":[{"embeddable":true,"href":"https:\/\/blogsaverroes.juntadeandalucia.es\/iesfuentebuena\/wp-json\/wp\/v2\/users\/1"}],"replies":[{"embeddable":true,"href":"https:\/\/blogsaverroes.juntadeandalucia.es\/iesfuentebuena\/wp-json\/wp\/v2\/comments?post=35"}],"version-history":[{"count":54,"href":"https:\/\/blogsaverroes.juntadeandalucia.es\/iesfuentebuena\/wp-json\/wp\/v2\/pages\/35\/revisions"}],"predecessor-version":[{"id":10174,"href":"https:\/\/blogsaverroes.juntadeandalucia.es\/iesfuentebuena\/wp-json\/wp\/v2\/pages\/35\/revisions\/10174"}],"wp:featuredmedia":[{"embeddable":true,"href":"https:\/\/blogsaverroes.juntadeandalucia.es\/iesfuentebuena\/wp-json\/wp\/v2\/media\/2509"}],"wp:attachment":[{"href":"https:\/\/blogsaverroes.juntadeandalucia.es\/iesfuentebuena\/wp-json\/wp\/v2\/media?parent=35"}],"curies":[{"name":"wp","href":"https:\/\/api.w.org\/{rel}","templated":true}]}}

Información básica

<h1><strong>Instituto de Educación Secundaria FUENTEBUENA</strong></h1>
<p><strong>C/ Alcaldesa Manuela Carrasco Rubio (antiguo Cno. de Ajózar), s/n<br />
</strong><strong>23340 Arroyo del Ojanco (Jaén)</strong></p>
<p><strong>Web:</strong> <a href="http://blogsaverroes.juntadeandalucia.es/iesfuentebuena">http://blogsaverroes.juntadeandalucia.es/iesfuentebuena<br />
</a><strong>e-mail:</strong> <a href="mailto:23700608.edu@juntadeandalucia.es">23700608.edu@juntadeandalucia.es</a></p>
<p><strong>Conserjería-Centralita:</strong> 953 42 96 10</p>
<p><strong>Dirección:</strong> 671 53 58 23<br />
<strong>Jefatura de Estudios:</strong> 671 59 05 51<br />
<strong>Secretaría:</strong> 671 53 58 22<br />
<strong>Departamento de Orientación:</strong> 671 53 58 82</p>
<p>&nbsp;</p>
<p>&nbsp;<br />
<iframe loading="lazy" src="https://www.google.com/maps/embed?pb=!1m14!1m8!1m3!1d6146.28584507484!2d-2.900902954950742!3d38.32110810627769!3m2!1i1024!2i768!4f13.1!3m3!1m2!1s0x0%3A0x3b5b7e43c2566f09!2sInstituto%20de%20Educaci%C3%B3n%20Secundaria%20Fuentebuena!5e1!3m2!1ses!2ses!4v1659259418461!5m2!1ses!2ses" width="600" height="450"></iframe><br />
&nbsp;</p>
<p>&nbsp;</p>
<h4><strong>Horario</strong></h4>
<p>En jornadas lectivas, el Centro permanece abierto de acuerdo con la siguiente distribución horaria:</p>
<table style="width: 383.933px">
<tbody>
<tr>
<td style="width: 126px;background-color: #098ed6">
<h4><span style="color: #000000"><strong>Lunes a viernes </strong></span></h4>
</td>
<td style="width: 211.933px;background-color: #7fccf5">De 8:30 a 15:00 horas</td>
</tr>
<tr>
<td style="width: 126px;background-color: #098ed6">
<h4><span style="color: #000000"><strong>Lunes a jueves</strong></span></h4>
</td>
<td style="width: 211.933px;background-color: #7fccf5">De 16:00 a 18:00 horas</td>
</tr>
</tbody>
</table>
<p>&nbsp;</p>
<p>El alumnado acude al Centro por las mañanas de lunes a viernes, de acuerdo con la siguiente distribución horaria:</p>
<table style="width: 78.9922%;background-color: #d4fa14">
<tbody>
<tr style="height: 27px">
<td class="widget-title" style="width: 38.5639%;background-color: #098ed6;height: 27px">
<h4>Primera hora</h4>
</td>
<td style="width: 186.145%;height: 27px;background-color: #7fccf5">De 8:30 a 9:30 horas</td>
</tr>
<tr style="height: 27px">
<td class="widget-title" style="width: 38.5639%;background-color: #098ed6;height: 27px">
<h4>Segunda hora</h4>
</td>
<td style="width: 186.145%;height: 27px;background-color: #7fccf5">De 9:30 a 10:30 horas</td>
</tr>
<tr style="height: 27.8px">
<td class="widget-title-green" style="width: 38.5639%;background-color: #cee7f5;height: 27.8px">
<h4>Recreo</h4>
</td>
<td class="widget-title-green" style="width: 186.145%;background-color: #cee7f5;height: 27.8px">
<h4>De 10:30 a 10:50 horas</h4>
</td>
</tr>
<tr style="height: 27px">
<td class="widget-title" style="width: 38.5639%;background-color: #098ed6;height: 27px">
<h4>Tercera hora</h4>
</td>
<td style="width: 186.145%;height: 27px;background-color: #7fccf5">De 10:50 a 11:50 horas</td>
</tr>
<tr style="height: 27px">
<td class="widget-title" style="width: 38.5639%;background-color: #098ed6;height: 27px">
<h4>Cuarta hora</h4>
</td>
<td style="width: 186.145%;height: 27px;background-color: #7fccf5">De 11:50 a 12:50 horas</td>
</tr>
<tr style="height: 27.8px">
<td class="widget-title-green" style="width: 38.5639%;background-color: #cee7f5;height: 27.8px">
<h4>Recreo</h4>
</td>
<td class="widget-title-green" style="width: 186.145%;background-color: #cee7f5;height: 27.8px">
<h4>De 12:50 a 13:00 horas</h4>
</td>
</tr>
<tr style="height: 27px">
<td class="widget-title" style="width: 38.5639%;background-color: #098ed6;height: 27px">
<h4>Quinta hora</h4>
</td>
<td style="width: 186.145%;height: 27px;background-color: #7fccf5">De 13:00 a 14:00 horas</td>
</tr>
<tr style="height: 27px">
<td class="widget-title" style="width: 38.5639%;background-color: #098ed6;height: 27px">
<h4>Sexta hora</h4>
</td>
<td style="width: 186.145%;height: 27px;background-color: #7fccf5">De 14:00 a 15:00 horas</td>
</tr>
</tbody>
</table>
<p>La <strong>atención tutorial a familias en horario de tarde</strong> tiene lugar los <strong>MARTES</strong> en horario de <strong>16:00 a 17:00 horas (previa cita)</strong>.</p>
<p>Las reuniones de Claustro, Consejo Escolar y órganos de coordinación docente tienen lugar, habitualmente, los lunes por la tarde.</p>
<p>&nbsp;</p>
<p><em>En jornadas no lectivas (excepto días festivos y mes de agosto), el Centro permanece abierto de lunes a viernes de 9:00 a 14:00 horas.</em></p>
<p>&nbsp;</p>
<h4><strong>Oferta educativa</strong></h4>
<table style="width: 55.5532%">
<tbody>
<tr>
<td style="width: 275px;background-color: #edabcc">
<h4 style="text-align: center">Educación Secundaria<br />
Obligatoria</h4>
</td>
<td style="width: 275px;background-color: #edabcc">
<h4 style="text-align: center">Formación Básica<br />
Obligatoria</h4>
</td>
</tr>
<tr>
<td style="width: 275px;text-align: center">1º ESO, 2º ESO, 3º ESO, 4º ESO</td>
<td style="width: 275px;text-align: center">FBO</td>
</tr>
</tbody>
</table>
<p>&nbsp;</p>
<h4><strong>Instalaciones</strong></h4>
ngg_shortcode_0_placeholder

<p>Instituto de Educación Secundaria FUENTEBUENA C/ Alcaldesa Manuela Carrasco Rubio (antiguo Cno. de Ajózar), s/n 23340 Arroyo del Ojanco (Jaén) Web: http://blogsaverroes.juntadeandalucia.es/iesfuentebuena e-mail: 23700608.edu@juntadeandalucia.es Conserjería-Centralita:&hellip;</p>
