{"id":49,"date":"2015-03-13T08:47:05","date_gmt":"2015-03-13T08:47:05","guid":{"rendered":"http:\/\/blogsaverroes.juntadeandalucia.es\/pre\/ceip\/?page_id=49"},"modified":"2025-10-09T12:16:54","modified_gmt":"2025-10-09T12:16:54","slug":"proyecto-educativo","status":"publish","type":"page","link":"https:\/\/blogsaverroes.juntadeandalucia.es\/iesfuentejuncal\/proyecto-educativo\/","title":{"rendered":"El Plan de Centro"},"content":{"rendered":"<p><img loading=\"lazy\" decoding=\"async\" class=\"alignnone size-medium wp-image-1662\" src=\"http:\/\/blogsaverroes.juntadeandalucia.es\/iesfuentejuncal\/files\/2015\/03\/proyecto-300x266.png\" alt=\"proyecto\" width=\"300\" height=\"266\" srcset=\"https:\/\/blogsaverroes.juntadeandalucia.es\/iesfuentejuncal\/files\/2015\/03\/proyecto-300x266.png 300w, https:\/\/blogsaverroes.juntadeandalucia.es\/iesfuentejuncal\/files\/2015\/03\/proyecto.png 640w\" sizes=\"(max-width: 300px) 100vw, 300px\" \/><\/p>\n<ul>\n<li><a href=\"https:\/\/blogsaverroes.juntadeandalucia.es\/iesfuentejuncal\/files\/2025\/10\/Proyecto-educativo-de-centro.-IES-Fuente-Juncal.pdf\">El Proyecto Educativo del Centro (P.E.C.)<\/a>, de septiembre de 2025, revisado en el curso 2024-2025.<\/li>\n<li><a href=\"https:\/\/blogsaverroes.juntadeandalucia.es\/iesfuentejuncal\/files\/2019\/10\/PLAN-DE-FORMACI\u00d3N-DEL-PROFESORADO-IES-FUente-Juncal-19-20.pdf\" target=\"_blank\" rel=\"noopener noreferrer\">Plan de formaci\u00f3n del curso 19 \/ 20<\/a>, de octubre de 2019. Actualiza el Plan de formaci\u00f3n recogido en el P.E.C. de 2017.<\/li>\n<li><a href=\"https:\/\/blogsaverroes.juntadeandalucia.es\/iesfuentejuncal\/files\/2024\/04\/ROF-completo-en-Marzo-2024-1.pdf\">Reglamento de Ordenaci\u00f3n y Funcionamiento (R.O.F.)<\/a>, de marzo de 2.024<\/li>\n<li><a href=\"http:\/\/blogsaverroes.juntadeandalucia.es\/iesfuentejuncal\/files\/2016\/10\/plan_de_gestion.pdf\" target=\"_blank\" rel=\"noopener noreferrer\">El Plan de Gesti\u00f3n<\/a><\/li>\n<\/ul>\n<p>Un centro se define en gran medida por su <strong>Proyecto Educativo<\/strong>. En \u00e9l se plasma el modelo educativo y la concreci\u00f3n de la normativa que un centro realiza respecto a las ense\u00f1anzas que imparte. Aspectos tales como las finales educativas, objetivos, atenci\u00f3n a la diversidad, etc.<\/p>\n<p>Que la web de un centro informe de su Proyecto Educativo es una apuesta clara por la <strong>transparencia<\/strong>.<\/p>\n<p>Este espacio muestra&nbsp;los aspectos esenciales del Proyecto, as\u00ed como enlazar a otros documentos o secciones con informaci\u00f3n m\u00e1s detallada.<\/p>\n","protected":false},"excerpt":{"rendered":"<p>El Proyecto Educativo del Centro (P.E.C.), de septiembre de 2025, revisado en el curso 2024-2025. Plan de formaci\u00f3n del curso 19 \/ 20, de octubre de 2019. Actualiza el Plan de formaci\u00f3n recogido en&#46;&#46;&#46;<\/p>\n","protected":false},"author":1,"featured_media":1662,"parent":0,"menu_order":0,"comment_status":"closed","ping_status":"open","template":"","meta":{"ngg_post_thumbnail":0,"footnotes":"","_mc_calendar":[]},"aioseo_notices":[],"_links":{"self":[{"href":"https:\/\/blogsaverroes.juntadeandalucia.es\/iesfuentejuncal\/wp-json\/wp\/v2\/pages\/49"}],"collection":[{"href":"https:\/\/blogsaverroes.juntadeandalucia.es\/iesfuentejuncal\/wp-json\/wp\/v2\/pages"}],"about":[{"href":"https:\/\/blogsaverroes.juntadeandalucia.es\/iesfuentejuncal\/wp-json\/wp\/v2\/types\/page"}],"author":[{"embeddable":true,"href":"https:\/\/blogsaverroes.juntadeandalucia.es\/iesfuentejuncal\/wp-json\/wp\/v2\/users\/1"}],"replies":[{"embeddable":true,"href":"https:\/\/blogsaverroes.juntadeandalucia.es\/iesfuentejuncal\/wp-json\/wp\/v2\/comments?post=49"}],"version-history":[{"count":25,"href":"https:\/\/blogsaverroes.juntadeandalucia.es\/iesfuentejuncal\/wp-json\/wp\/v2\/pages\/49\/revisions"}],"predecessor-version":[{"id":3574,"href":"https:\/\/blogsaverroes.juntadeandalucia.es\/iesfuentejuncal\/wp-json\/wp\/v2\/pages\/49\/revisions\/3574"}],"wp:featuredmedia":[{"embeddable":true,"href":"https:\/\/blogsaverroes.juntadeandalucia.es\/iesfuentejuncal\/wp-json\/wp\/v2\/media\/1662"}],"wp:attachment":[{"href":"https:\/\/blogsaverroes.juntadeandalucia.es\/iesfuentejuncal\/wp-json\/wp\/v2\/media?parent=49"}],"curies":[{"name":"wp","href":"https:\/\/api.w.org\/{rel}","templated":true}]}}