{"id":2771,"date":"2021-02-09T09:49:06","date_gmt":"2021-02-09T08:49:06","guid":{"rendered":"https:\/\/blogsaverroes.juntadeandalucia.es\/iesfuentepina\/?page_id=2771"},"modified":"2026-04-16T11:17:39","modified_gmt":"2026-04-16T10:17:39","slug":"oferta-educativa","status":"publish","type":"page","link":"https:\/\/blogsaverroes.juntadeandalucia.es\/iesfuentepina\/oferta-educativa\/","title":{"rendered":"Oferta educativa"},"content":{"rendered":"<p style=\"text-align: center\">Puede consultar nuestra oferta educativa del 2025\/2026 en esta <a href=\"https:\/\/docs.google.com\/spreadsheets\/d\/19qyVY4eeqo9qVJR-fW11zdtofrQ7Q3zS\/edit?usp=sharing&amp;ouid=101001366460098352254&amp;rtpof=true&amp;sd=true\">tabla,<\/a>&nbsp;a partir del 2 de junio esperamos que la consejer\u00eda de educaci\u00f3n actualice las ense\u00f1anzas.<\/p>\n","protected":false},"excerpt":{"rendered":"<p>Puede consultar nuestra oferta educativa del 2025\/2026 en esta tabla,&nbsp;a partir del 2 de junio esperamos que la consejer\u00eda de educaci\u00f3n actualice las ense\u00f1anzas.<\/p>\n","protected":false},"author":11361,"featured_media":0,"parent":0,"menu_order":0,"comment_status":"closed","ping_status":"closed","template":"","meta":{"ngg_post_thumbnail":0,"footnotes":"","_mc_calendar":[]},"aioseo_notices":[],"_links":{"self":[{"href":"https:\/\/blogsaverroes.juntadeandalucia.es\/iesfuentepina\/wp-json\/wp\/v2\/pages\/2771"}],"collection":[{"href":"https:\/\/blogsaverroes.juntadeandalucia.es\/iesfuentepina\/wp-json\/wp\/v2\/pages"}],"about":[{"href":"https:\/\/blogsaverroes.juntadeandalucia.es\/iesfuentepina\/wp-json\/wp\/v2\/types\/page"}],"author":[{"embeddable":true,"href":"https:\/\/blogsaverroes.juntadeandalucia.es\/iesfuentepina\/wp-json\/wp\/v2\/users\/11361"}],"replies":[{"embeddable":true,"href":"https:\/\/blogsaverroes.juntadeandalucia.es\/iesfuentepina\/wp-json\/wp\/v2\/comments?post=2771"}],"version-history":[{"count":24,"href":"https:\/\/blogsaverroes.juntadeandalucia.es\/iesfuentepina\/wp-json\/wp\/v2\/pages\/2771\/revisions"}],"predecessor-version":[{"id":4824,"href":"https:\/\/blogsaverroes.juntadeandalucia.es\/iesfuentepina\/wp-json\/wp\/v2\/pages\/2771\/revisions\/4824"}],"wp:attachment":[{"href":"https:\/\/blogsaverroes.juntadeandalucia.es\/iesfuentepina\/wp-json\/wp\/v2\/media?parent=2771"}],"curies":[{"name":"wp","href":"https:\/\/api.w.org\/{rel}","templated":true}]}}