{"id":2868,"date":"2021-02-17T10:21:24","date_gmt":"2021-02-17T09:21:24","guid":{"rendered":"https:\/\/blogsaverroes.juntadeandalucia.es\/iesfuentepina\/?page_id=2868"},"modified":"2021-02-17T10:36:42","modified_gmt":"2021-02-17T09:36:42","slug":"tecnologia","status":"publish","type":"page","link":"https:\/\/blogsaverroes.juntadeandalucia.es\/iesfuentepina\/tecnologia\/","title":{"rendered":"Tecnolog\u00eda"},"content":{"rendered":"<p>La&nbsp;<strong>tecnolog\u00eda<\/strong>&nbsp;es una caracter\u00edstica propia y esencial en la evoluci\u00f3n del ser humano, consistente en la capacidad para responder a necesidades diversas mediante la construcci\u00f3n de una gran variedad de objetos, m\u00e1quinas y herramientas, as\u00ed como el desarrollo y perfecci\u00f3n en el modo de fabricarlos y emplearlos con vistas a modificar favorablemente el entorno o conseguir una vida m\u00e1s c\u00f3moda y segura<\/p>\n<p>En pleno siglo XXI, y en un entorno en el que la Tecnolog\u00eda est\u00e1 presente en todos los campos de la actividad humana, es imprescindible ofrecer una cultura tecnol\u00f3gica b\u00e1sica para toda la poblaci\u00f3n y especialmente a aquellos j\u00f3venes que quieran encaminarse hacia los estudios tecnol\u00f3gicos de la Formaci\u00f3n Profesional as\u00ed como a los que deseen acceder a los estudios universitarios de ingenier\u00edas o arquitectura.<\/p>\n<p style=\"text-align: center\"><strong>Asignaturas que imparte el departamento este curso 2020-2021<\/strong><\/p>\n<table style=\"border-collapse: collapse;width: 100%;height: 120px\">\n<thead><\/thead>\n<tbody>\n<tr style=\"height: 24px\">\n<th style=\"width: 33.3333%;height: 24px\">Denominaci\u00f3n<\/th>\n<th style=\"width: 33.3333%;height: 24px\">Nivel<\/th>\n<th style=\"width: 33.3333%;height: 24px\">N\u00ba horas semanales<\/th>\n<\/tr>\n<tr style=\"height: 24px\">\n<td style=\"width: 33.3333%;height: 24px\">Tecnolog\u00eda Aplicada<\/td>\n<td style=\"width: 33.3333%;height: 24px\">1\u00ba ESO<\/td>\n<td style=\"width: 33.3333%;height: 24px\">1<\/td>\n<\/tr>\n<tr style=\"height: 24px\">\n<td style=\"width: 33.3333%;height: 24px\">Tecnolog\u00edas 2\u00ba<\/td>\n<td style=\"width: 33.3333%;height: 24px\">2\u00ba ESO<\/td>\n<td style=\"width: 33.3333%;height: 24px\">3<\/td>\n<\/tr>\n<tr style=\"height: 24px\">\n<td style=\"width: 33.3333%;height: 24px\">Tecnolog\u00edas 3\u00ba<\/td>\n<td style=\"width: 33.3333%;height: 24px\">3\u00ba ESO<\/td>\n<td style=\"width: 33.3333%;height: 24px\">3<\/td>\n<\/tr>\n<tr style=\"height: 24px\">\n<td style=\"width: 33.3333%;height: 24px\">Tecnolog\u00eda 4\u00ba<\/td>\n<td style=\"width: 33.3333%;height: 24px\">4\u00ba ESO<\/td>\n<td style=\"width: 33.3333%;height: 24px\">3<\/td>\n<\/tr>\n<tr style=\"height: 24px\">\n<td style=\"width: 33.3333%;height: 24px\">TIC 4\u00ba&nbsp;<\/td>\n<td style=\"width: 33.3333%;height: 24px\">4\u00ba ESO<\/td>\n<td style=\"width: 33.3333%;height: 24px\">3<\/td>\n<\/tr>\n<tr>\n<td style=\"width: 33.3333%\">TIC I<\/td>\n<td style=\"width: 33.3333%\">1\u00ba Bachillerato<\/td>\n<td style=\"width: 33.3333%\">3<\/td>\n<\/tr>\n<tr>\n<td style=\"width: 33.3333%\">TIC II<\/td>\n<td style=\"width: 33.3333%\">2\u00ba Bachillerato<\/td>\n<td style=\"width: 33.3333%\">4<\/td>\n<\/tr>\n<\/tbody>\n<\/table>\n<h2>Objetivos generales<\/h2>\n<h3>Respecto al alumnado:<\/h3>\n<ol>\n<li>Garantizar que el proceso de ense\u00f1anza- aprendizaje al alumnado en cada uno de los cursos est\u00e9 orientado hacia la adquisici\u00f3n de las competencias clave.<\/li>\n<li>Contribuir a la orientaci\u00f3n acad\u00e9mica y personal en funci\u00f3n de las necesidades educativas de todo el alumnado.<\/li>\n<li>Fomentar la participaci\u00f3n del alumnado en las actividades complementarias y extraescolares organizadas por el centro y\/o por el departamento.<\/li>\n<li>Informar al alumnado y a sus familias de los principales aspectos de la programaci\u00f3n did\u00e1ctica y criterios de evaluaci\u00f3n.<\/li>\n<li>Asegurar la adecuada atenci\u00f3n a la diversidad y a las necesidades educativas en todos los niveles.<\/li>\n<li>Fomentar en el alumnado actitudes positivas como el h\u00e1bito de trabajo y la responsabilidad, as\u00ed como la colaboraci\u00f3n entre ellos, el respeto mutuo y el buen compa\u00f1erismo.<\/li>\n<li>Realizar el seguimiento peri\u00f3dico del alumnado, con materias pendientes de cursos anteriores, asignadas al departamento.<\/li>\n<\/ol>\n<h3>Respecto al Departamento:<\/h3>\n<ol>\n<li>Seguimiento de los acuerdos recogidos en el Plan de Mejora del centro.<\/li>\n<li>Impartici\u00f3n de las ense\u00f1anzas y grado de cumplimiento de las programaciones y propuestas de mejora, que presentaremos en un informe trimestral en cada evaluaci\u00f3n y en la memoria final.<\/li>\n<li>Evaluar la pr\u00e1ctica docente y de los resultados del proceso de ense\u00f1anza-aprendizaje de las materias asignadas al departamento.<\/li>\n<li>Establecer la m\u00e1xima coordinaci\u00f3n entre los distintos profesores que imparten una misma asignatura en el mismo curso o nivel. En concreto para 2o y 3o ESO \u00e1rea de Tecnolog\u00eda.<\/li>\n<li>Colaborar con otros departamentos en distintas actividades. Colaborar con los departamentos pertenecientes al \u00c1rea Cient\u00edfica-Tecnol\u00f3gica para la planificaci\u00f3n de las actividades del D\u00eda de la Ciencia. Adem\u00e1s, colaborar con el departamento de Orientaci\u00f3n para el seguimiento de los alumnos de 2o de<br \/>\nCompensatoria y PMAR. Tambi\u00e9n se realizar\u00e1 la colaboraci\u00f3n interdisciplinar entre los distintos departamentos did\u00e1cticos para planificar los Trabajos por proyectos en 2o ESO.<\/li>\n<li>Promover la innovaci\u00f3n educativa y proponer al departamento de formaci\u00f3n, evaluaci\u00f3n e innovaci\u00f3n, actividades de perfeccionamiento.<\/li>\n<li>Formular propuestas al Equipo T\u00e9cnico de Coordinaci\u00f3n Pedag\u00f3gica sobre todos los aspectos que requieran la opini\u00f3n del departamento. Se realizar\u00e1 a trav\u00e9s del coordinador de \u00e1rea.<\/li>\n<li>Resolver en primera instancia posibles reclamaciones derivadas del proceso de evaluaci\u00f3n que el alumnado formule al departamento y emitir los informes pertinentes.<\/li>\n<li>Realizar el informe de evaluaci\u00f3n trimestral de las actividades realizadas y elaborar la Memoria Final y propuestas de mejora para el pr\u00f3ximo curso.<\/li>\n<li>Fomentar el uso de las TIC en el proceso de ense\u00f1anza-aprendizaje entre los miembros del departamento, proporcionando p\u00e1ginas web, blogs de inter\u00e9s, etc.<\/li>\n<li>Participar en el Proyecto Comunica y el Proyecto de Igualdad, Coeducaci\u00f3n, etc.<\/li>\n<li>Continuar con la ampliaci\u00f3n y organizaci\u00f3n de la biblioteca del aula-taller.<\/li>\n<li>Mejorar la dotaci\u00f3n del aula adquiriendo elementos de rob\u00f3tica, para su montaje y programaci\u00f3n por los alumnos, por ejemplo aplicaciones del Arduino Uno, programados con Scrach.<\/li>\n<\/ol>\n<h3>Respecto al Proyecto Ling\u00fc\u00edstico de Centro<\/h3>\n<p>Desarrollar y recopilar propuestas espec\u00edficas de actuaci\u00f3n en el aula en todas las \u00e1reas:<\/p>\n<ol>\n<li>Desarrollar el Proyecto lector y el Plan de trabajo de la oralidad. Participamos en el Programa Comunica mediante lecturas de inter\u00e9s que aparecen al final de las unidades did\u00e1cticas, fomentando la expresi\u00f3n oral y escrita a trav\u00e9s de debates que fomenten el esp\u00edritu cr\u00edtico (expresi\u00f3n oral), mediante las respuestas orales o escritas a diferentes tipos de actividades, mediante proyectos y sus memorias escritas (expresi\u00f3n escrita), etc.<\/li>\n<li>Reformular las programaciones con un enfoque comunicativo. Desarrollar actividades y tareas comunicativas en el marco de las unidades did\u00e1cticas. (Ver programaciones did\u00e1cticas).<\/li>\n<li>Desarrollo de expresi\u00f3n oral el D\u00eda de la Ciencia a trav\u00e9s de exposiciones de proyectos, etc.<\/li>\n<\/ol>\n","protected":false},"excerpt":{"rendered":"<p>La&nbsp;tecnolog\u00eda&nbsp;es una caracter\u00edstica propia y esencial en la evoluci\u00f3n del ser humano, consistente en la capacidad para responder a necesidades diversas mediante la construcci\u00f3n de una gran variedad de objetos, m\u00e1quinas y herramientas, as\u00ed&#46;&#46;&#46;<\/p>\n","protected":false},"author":10565,"featured_media":0,"parent":0,"menu_order":0,"comment_status":"closed","ping_status":"closed","template":"","meta":{"ngg_post_thumbnail":0,"footnotes":"","_mc_calendar":[]},"aioseo_notices":[],"_links":{"self":[{"href":"https:\/\/blogsaverroes.juntadeandalucia.es\/iesfuentepina\/wp-json\/wp\/v2\/pages\/2868"}],"collection":[{"href":"https:\/\/blogsaverroes.juntadeandalucia.es\/iesfuentepina\/wp-json\/wp\/v2\/pages"}],"about":[{"href":"https:\/\/blogsaverroes.juntadeandalucia.es\/iesfuentepina\/wp-json\/wp\/v2\/types\/page"}],"author":[{"embeddable":true,"href":"https:\/\/blogsaverroes.juntadeandalucia.es\/iesfuentepina\/wp-json\/wp\/v2\/users\/10565"}],"replies":[{"embeddable":true,"href":"https:\/\/blogsaverroes.juntadeandalucia.es\/iesfuentepina\/wp-json\/wp\/v2\/comments?post=2868"}],"version-history":[{"count":10,"href":"https:\/\/blogsaverroes.juntadeandalucia.es\/iesfuentepina\/wp-json\/wp\/v2\/pages\/2868\/revisions"}],"predecessor-version":[{"id":2880,"href":"https:\/\/blogsaverroes.juntadeandalucia.es\/iesfuentepina\/wp-json\/wp\/v2\/pages\/2868\/revisions\/2880"}],"wp:attachment":[{"href":"https:\/\/blogsaverroes.juntadeandalucia.es\/iesfuentepina\/wp-json\/wp\/v2\/media?parent=2868"}],"curies":[{"name":"wp","href":"https:\/\/api.w.org\/{rel}","templated":true}]}}

Tecnología

<p>La&nbsp;<strong>tecnología</strong>&nbsp;es una característica propia y esencial en la evolución del ser humano, consistente en la capacidad para responder a necesidades diversas mediante la construcción de una gran variedad de objetos, máquinas y herramientas, así como el desarrollo y perfección en el modo de fabricarlos y emplearlos con vistas a modificar favorablemente el entorno o conseguir una vida más cómoda y segura</p>
<p>En pleno siglo XXI, y en un entorno en el que la Tecnología está presente en todos los campos de la actividad humana, es imprescindible ofrecer una cultura tecnológica básica para toda la población y especialmente a aquellos jóvenes que quieran encaminarse hacia los estudios tecnológicos de la Formación Profesional así como a los que deseen acceder a los estudios universitarios de ingenierías o arquitectura.</p>
<p style="text-align: center"><strong>Asignaturas que imparte el departamento este curso 2020-2021</strong></p>
<table style="border-collapse: collapse;width: 100%;height: 120px">
<thead></thead>
<tbody>
<tr style="height: 24px">
<th style="width: 33.3333%;height: 24px">Denominación</th>
<th style="width: 33.3333%;height: 24px">Nivel</th>
<th style="width: 33.3333%;height: 24px">Nº horas semanales</th>
</tr>
<tr style="height: 24px">
<td style="width: 33.3333%;height: 24px">Tecnología Aplicada</td>
<td style="width: 33.3333%;height: 24px">1º ESO</td>
<td style="width: 33.3333%;height: 24px">1</td>
</tr>
<tr style="height: 24px">
<td style="width: 33.3333%;height: 24px">Tecnologías 2º</td>
<td style="width: 33.3333%;height: 24px">2º ESO</td>
<td style="width: 33.3333%;height: 24px">3</td>
</tr>
<tr style="height: 24px">
<td style="width: 33.3333%;height: 24px">Tecnologías 3º</td>
<td style="width: 33.3333%;height: 24px">3º ESO</td>
<td style="width: 33.3333%;height: 24px">3</td>
</tr>
<tr style="height: 24px">
<td style="width: 33.3333%;height: 24px">Tecnología 4º</td>
<td style="width: 33.3333%;height: 24px">4º ESO</td>
<td style="width: 33.3333%;height: 24px">3</td>
</tr>
<tr style="height: 24px">
<td style="width: 33.3333%;height: 24px">TIC 4º&nbsp;</td>
<td style="width: 33.3333%;height: 24px">4º ESO</td>
<td style="width: 33.3333%;height: 24px">3</td>
</tr>
<tr>
<td style="width: 33.3333%">TIC I</td>
<td style="width: 33.3333%">1º Bachillerato</td>
<td style="width: 33.3333%">3</td>
</tr>
<tr>
<td style="width: 33.3333%">TIC II</td>
<td style="width: 33.3333%">2º Bachillerato</td>
<td style="width: 33.3333%">4</td>
</tr>
</tbody>
</table>
<h2>Objetivos generales</h2>
<h3>Respecto al alumnado:</h3>
<ol>
<li>Garantizar que el proceso de enseñanza- aprendizaje al alumnado en cada uno de los cursos esté orientado hacia la adquisición de las competencias clave.</li>
<li>Contribuir a la orientación académica y personal en función de las necesidades educativas de todo el alumnado.</li>
<li>Fomentar la participación del alumnado en las actividades complementarias y extraescolares organizadas por el centro y/o por el departamento.</li>
<li>Informar al alumnado y a sus familias de los principales aspectos de la programación didáctica y criterios de evaluación.</li>
<li>Asegurar la adecuada atención a la diversidad y a las necesidades educativas en todos los niveles.</li>
<li>Fomentar en el alumnado actitudes positivas como el hábito de trabajo y la responsabilidad, así como la colaboración entre ellos, el respeto mutuo y el buen compañerismo.</li>
<li>Realizar el seguimiento periódico del alumnado, con materias pendientes de cursos anteriores, asignadas al departamento.</li>
</ol>
<h3>Respecto al Departamento:</h3>
<ol>
<li>Seguimiento de los acuerdos recogidos en el Plan de Mejora del centro.</li>
<li>Impartición de las enseñanzas y grado de cumplimiento de las programaciones y propuestas de mejora, que presentaremos en un informe trimestral en cada evaluación y en la memoria final.</li>
<li>Evaluar la práctica docente y de los resultados del proceso de enseñanza-aprendizaje de las materias asignadas al departamento.</li>
<li>Establecer la máxima coordinación entre los distintos profesores que imparten una misma asignatura en el mismo curso o nivel. En concreto para 2o y 3o ESO área de Tecnología.</li>
<li>Colaborar con otros departamentos en distintas actividades. Colaborar con los departamentos pertenecientes al Área Científica-Tecnológica para la planificación de las actividades del Día de la Ciencia. Además, colaborar con el departamento de Orientación para el seguimiento de los alumnos de 2o de<br />
Compensatoria y PMAR. También se realizará la colaboración interdisciplinar entre los distintos departamentos didácticos para planificar los Trabajos por proyectos en 2o ESO.</li>
<li>Promover la innovación educativa y proponer al departamento de formación, evaluación e innovación, actividades de perfeccionamiento.</li>
<li>Formular propuestas al Equipo Técnico de Coordinación Pedagógica sobre todos los aspectos que requieran la opinión del departamento. Se realizará a través del coordinador de área.</li>
<li>Resolver en primera instancia posibles reclamaciones derivadas del proceso de evaluación que el alumnado formule al departamento y emitir los informes pertinentes.</li>
<li>Realizar el informe de evaluación trimestral de las actividades realizadas y elaborar la Memoria Final y propuestas de mejora para el próximo curso.</li>
<li>Fomentar el uso de las TIC en el proceso de enseñanza-aprendizaje entre los miembros del departamento, proporcionando páginas web, blogs de interés, etc.</li>
<li>Participar en el Proyecto Comunica y el Proyecto de Igualdad, Coeducación, etc.</li>
<li>Continuar con la ampliación y organización de la biblioteca del aula-taller.</li>
<li>Mejorar la dotación del aula adquiriendo elementos de robótica, para su montaje y programación por los alumnos, por ejemplo aplicaciones del Arduino Uno, programados con Scrach.</li>
</ol>
<h3>Respecto al Proyecto Lingüístico de Centro</h3>
<p>Desarrollar y recopilar propuestas específicas de actuación en el aula en todas las áreas:</p>
<ol>
<li>Desarrollar el Proyecto lector y el Plan de trabajo de la oralidad. Participamos en el Programa Comunica mediante lecturas de interés que aparecen al final de las unidades didácticas, fomentando la expresión oral y escrita a través de debates que fomenten el espíritu crítico (expresión oral), mediante las respuestas orales o escritas a diferentes tipos de actividades, mediante proyectos y sus memorias escritas (expresión escrita), etc.</li>
<li>Reformular las programaciones con un enfoque comunicativo. Desarrollar actividades y tareas comunicativas en el marco de las unidades didácticas. (Ver programaciones didácticas).</li>
<li>Desarrollo de expresión oral el Día de la Ciencia a través de exposiciones de proyectos, etc.</li>
</ol>

<p>La&nbsp;tecnología&nbsp;es una característica propia y esencial en la evolución del ser humano, consistente en la capacidad para responder a necesidades diversas mediante la construcción de una gran variedad de objetos, máquinas y herramientas, así&#46;&#46;&#46;</p>
