{"id":2917,"date":"2021-02-19T11:44:50","date_gmt":"2021-02-19T10:44:50","guid":{"rendered":"https:\/\/blogsaverroes.juntadeandalucia.es\/iesfuentepina\/?page_id=2917"},"modified":"2026-01-30T09:52:40","modified_gmt":"2026-01-30T08:52:40","slug":"sanidad","status":"publish","type":"page","link":"https:\/\/blogsaverroes.juntadeandalucia.es\/iesfuentepina\/familias-profesionales\/sanidad\/","title":{"rendered":"Sanidad"},"content":{"rendered":"<p style=\"text-align: justify\">El departamento de Sanidad de nuestro centro educativo es quiz\u00e1s el m\u00e1s extenso del centro, contando en la actualidad con 42 docentes de los 150 que constituyen el claustro.<\/p>\n<p style=\"text-align: justify\">En concreto, nuestra familia profesional, la familia profesional de Sanidad contempla un amplio abanico de actividades profesionales preventivas, curativas y paliativas de atenci\u00f3n sanitaria, adem\u00e1s de funciones de transporte sanitario, servicios farmac\u00e9uticos, uso de equipos de diagn\u00f3stico, higiene bucodental, servicios de tanatopraxia, etc.<\/p>\n<p style=\"text-align: justify\">Pero en concreto en nuestro departamento desarrollamos las ense\u00f1anzas de Formaci\u00f3n Profesional Espec\u00edfica que se muestran a continuaci\u00f3n en la tabla:<\/p>\n<p>&nbsp;<\/p>\n<p>&nbsp;<\/p>\n<p>&nbsp;<\/p>\n<p>&nbsp;<\/p>\n<p>&nbsp;<\/p>\n<p>&nbsp;<\/p>\n<p>&nbsp;<\/p>\n<p style=\"text-align: justify\">Adem\u00e1s, nuestro departamento tiene asignadas las siguientes ense\u00f1anzas de Atenci\u00f3n a Personas en Situaci\u00f3n de Dependencia LOE tanto a nivel presencial como ONLINE:<\/p>\n<ul style=\"text-align: justify\">\n<li>Atenci\u00f3n Sanitaria<\/li>\n<li>Primeros Auxilios<\/li>\n<li>Atenci\u00f3n Higi\u00e9nica<\/li>\n<\/ul>\n<p style=\"text-align: justify\">En cuanto a peculiaridades de los ciclos formativos de nuestra especialidad:<\/p>\n<ul>\n<li style=\"text-align: justify\"><span style=\"text-decoration: underline\">Cuidados auxiliares de enfermer\u00eda<\/span>: los grupos diurnos se imparten de 8:15-14:45, el de tarde de 16:00-22:00 y el grupo de adultos de 18:00-22:00.<\/li>\n<li style=\"text-align: justify\"><span style=\"text-decoration: underline\">Imagen para el Diagn\u00f3stico y Medicina Nuclear<\/span>:&nbsp;se imparte en modalidad dual.<\/li>\n<li style=\"text-align: justify\"><span style=\"text-decoration: underline\">Anatom\u00eda Patol\u00f3gica y Citodiagn\u00f3stico<\/span>:&nbsp;se imparte los dos cursos (1\u00ba y 2\u00aa) en horario intensivo de ma\u00f1ana.<\/li>\n<li style=\"text-align: justify\"><span style=\"text-decoration: underline\">Diet\u00e9tica<\/span>: cuenta con dos cursos de 1\u00ba, uno en horario de ma\u00f1ana y otro en horario intensivo de tarde y dos cursos de 2\u00ba uno de ma\u00f1ana y otro en intensivo de tarde.<\/li>\n<li style=\"text-align: justify\"><span style=\"text-decoration: underline\">Laboratorio Cl\u00ednico y Biom\u00e9dico<\/span>: el primer curso se imparte en horario intensivo de tarde y el 2\u00ba de intensivo de ma\u00f1ana.<\/li>\n<li style=\"text-align: justify\"><span style=\"text-decoration: underline\">Emergencias Sanitarias<\/span>: <strong>se imparte en horario de tarde y en modalidad dual:<\/strong><\/li>\n<\/ul>\n<p><a href=\"https:\/\/blogsaverroes.juntadeandalucia.es\/iesfuentepina\/files\/2023\/03\/REQUISITOS-EME.png\"><img loading=\"lazy\" decoding=\"async\" class=\"aligncenter size-full wp-image-3516\" src=\"https:\/\/blogsaverroes.juntadeandalucia.es\/iesfuentepina\/files\/2023\/03\/REQUISITOS-EME.png\" alt=\"\" width=\"697\" height=\"268\" srcset=\"https:\/\/blogsaverroes.juntadeandalucia.es\/iesfuentepina\/files\/2023\/03\/REQUISITOS-EME.png 697w, https:\/\/blogsaverroes.juntadeandalucia.es\/iesfuentepina\/files\/2023\/03\/REQUISITOS-EME-300x115.png 300w\" sizes=\"(max-width: 697px) 100vw, 697px\" \/><\/a><\/p>\n<p>Adem\u00e1s, el departamento de Sanidad del IES Fuentepi\u00f1a imparte el siguiente curso de especializaci\u00f3n:&nbsp;<\/p>\n<ul>\n<li style=\"text-align: justify\"><span style=\"text-decoration: underline\"><strong>El curso de especializaci\u00f3n en cultivos celulares<\/strong><\/span> se imparte en horario de tarde.<\/li>\n<\/ul>\n<p style=\"text-align: justify\">En cuanto a los m\u00f3dulos profesionales que se imparten en cada ciclo formativo son los siguientes:<\/p>\n<p style=\"text-align: center\"><span style=\"text-decoration: underline\"><strong>GRADOS MEDIOS<\/strong><\/span><\/p>\n<p style=\"text-align: justify\"><a href=\"https:\/\/blogsaverroes.juntadeandalucia.es\/iesfuentepina\/files\/2023\/03\/CAE.png\"><img loading=\"lazy\" decoding=\"async\" class=\"aligncenter size-full wp-image-3517\" src=\"https:\/\/blogsaverroes.juntadeandalucia.es\/iesfuentepina\/files\/2023\/03\/CAE.png\" alt=\"\" width=\"699\" height=\"265\" srcset=\"https:\/\/blogsaverroes.juntadeandalucia.es\/iesfuentepina\/files\/2023\/03\/CAE.png 699w, https:\/\/blogsaverroes.juntadeandalucia.es\/iesfuentepina\/files\/2023\/03\/CAE-300x114.png 300w\" sizes=\"(max-width: 699px) 100vw, 699px\" \/><\/a><a href=\"https:\/\/blogsaverroes.juntadeandalucia.es\/iesfuentepina\/files\/2023\/03\/CAE-ADULTOS.png\"><img loading=\"lazy\" decoding=\"async\" class=\"aligncenter size-full wp-image-3518\" src=\"https:\/\/blogsaverroes.juntadeandalucia.es\/iesfuentepina\/files\/2023\/03\/CAE-ADULTOS.png\" alt=\"\" width=\"706\" height=\"295\" srcset=\"https:\/\/blogsaverroes.juntadeandalucia.es\/iesfuentepina\/files\/2023\/03\/CAE-ADULTOS.png 706w, https:\/\/blogsaverroes.juntadeandalucia.es\/iesfuentepina\/files\/2023\/03\/CAE-ADULTOS-300x125.png 300w\" sizes=\"(max-width: 706px) 100vw, 706px\" \/><\/a><a href=\"https:\/\/blogsaverroes.juntadeandalucia.es\/iesfuentepina\/files\/2023\/03\/EME-1.png\"><img loading=\"lazy\" decoding=\"async\" class=\"aligncenter size-full wp-image-3529\" src=\"https:\/\/blogsaverroes.juntadeandalucia.es\/iesfuentepina\/files\/2023\/03\/EME-1.png\" alt=\"\" width=\"703\" height=\"363\" srcset=\"https:\/\/blogsaverroes.juntadeandalucia.es\/iesfuentepina\/files\/2023\/03\/EME-1.png 703w, https:\/\/blogsaverroes.juntadeandalucia.es\/iesfuentepina\/files\/2023\/03\/EME-1-300x155.png 300w\" sizes=\"(max-width: 703px) 100vw, 703px\" \/><\/a><\/p>\n<p style=\"text-align: center\"><span style=\"text-decoration: underline\"><strong>GRADOS SUPERIORES<\/strong><\/span><\/p>\n<p style=\"text-align: center\"><a href=\"https:\/\/blogsaverroes.juntadeandalucia.es\/iesfuentepina\/files\/2023\/03\/Anatomia.png\"><img loading=\"lazy\" decoding=\"async\" class=\"aligncenter size-full wp-image-3520\" src=\"https:\/\/blogsaverroes.juntadeandalucia.es\/iesfuentepina\/files\/2023\/03\/Anatomia.png\" alt=\"\" width=\"702\" height=\"388\" srcset=\"https:\/\/blogsaverroes.juntadeandalucia.es\/iesfuentepina\/files\/2023\/03\/Anatomia.png 702w, https:\/\/blogsaverroes.juntadeandalucia.es\/iesfuentepina\/files\/2023\/03\/Anatomia-300x166.png 300w\" sizes=\"(max-width: 702px) 100vw, 702px\" \/><\/a><a href=\"https:\/\/blogsaverroes.juntadeandalucia.es\/iesfuentepina\/files\/2023\/03\/Dietetica.png\"><img loading=\"lazy\" decoding=\"async\" class=\"aligncenter size-full wp-image-3521\" src=\"https:\/\/blogsaverroes.juntadeandalucia.es\/iesfuentepina\/files\/2023\/03\/Dietetica.png\" alt=\"\" width=\"703\" height=\"328\" srcset=\"https:\/\/blogsaverroes.juntadeandalucia.es\/iesfuentepina\/files\/2023\/03\/Dietetica.png 703w, https:\/\/blogsaverroes.juntadeandalucia.es\/iesfuentepina\/files\/2023\/03\/Dietetica-300x140.png 300w, https:\/\/blogsaverroes.juntadeandalucia.es\/iesfuentepina\/files\/2023\/03\/Dietetica-640x300.png 640w\" sizes=\"(max-width: 703px) 100vw, 703px\" \/><\/a><a href=\"https:\/\/blogsaverroes.juntadeandalucia.es\/iesfuentepina\/files\/2023\/03\/LABORATORIO.png\"><img loading=\"lazy\" decoding=\"async\" class=\"aligncenter size-full wp-image-3522\" src=\"https:\/\/blogsaverroes.juntadeandalucia.es\/iesfuentepina\/files\/2023\/03\/LABORATORIO.png\" alt=\"\" width=\"703\" height=\"394\" srcset=\"https:\/\/blogsaverroes.juntadeandalucia.es\/iesfuentepina\/files\/2023\/03\/LABORATORIO.png 703w, https:\/\/blogsaverroes.juntadeandalucia.es\/iesfuentepina\/files\/2023\/03\/LABORATORIO-300x168.png 300w\" sizes=\"(max-width: 703px) 100vw, 703px\" \/><\/a><a href=\"https:\/\/blogsaverroes.juntadeandalucia.es\/iesfuentepina\/files\/2023\/03\/RAYOS.png\"><img loading=\"lazy\" decoding=\"async\" class=\"aligncenter size-full wp-image-3523\" src=\"https:\/\/blogsaverroes.juntadeandalucia.es\/iesfuentepina\/files\/2023\/03\/RAYOS.png\" alt=\"\" width=\"711\" height=\"414\" srcset=\"https:\/\/blogsaverroes.juntadeandalucia.es\/iesfuentepina\/files\/2023\/03\/RAYOS.png 711w, https:\/\/blogsaverroes.juntadeandalucia.es\/iesfuentepina\/files\/2023\/03\/RAYOS-300x175.png 300w\" sizes=\"(max-width: 711px) 100vw, 711px\" \/><\/a><\/p>\n<p style=\"text-align: justify\">Todos los ciclos formativos cuentan con FOL en primer curso y Empresa e iniciativa emprendedora en segundo curso. Adem\u00e1s, los t\u00edtulos que se rigen por la LOGSE cuentan en primer curso tambi\u00e9n con RET (relaciones en el entorno de trabajo).&nbsp;<\/p>\n<p style=\"text-align: center\"><span style=\"text-decoration: underline\"><strong>CURSO DE ESPECIALIZACI\u00d3N&nbsp;<\/strong><\/span><a href=\"https:\/\/blogsaverroes.juntadeandalucia.es\/iesfuentepina\/files\/2023\/03\/CULTIVOS.png\"><img loading=\"lazy\" decoding=\"async\" class=\"aligncenter size-full wp-image-3524\" src=\"https:\/\/blogsaverroes.juntadeandalucia.es\/iesfuentepina\/files\/2023\/03\/CULTIVOS.png\" alt=\"\" width=\"702\" height=\"198\" srcset=\"https:\/\/blogsaverroes.juntadeandalucia.es\/iesfuentepina\/files\/2023\/03\/CULTIVOS.png 702w, https:\/\/blogsaverroes.juntadeandalucia.es\/iesfuentepina\/files\/2023\/03\/CULTIVOS-300x85.png 300w\" sizes=\"(max-width: 702px) 100vw, 702px\" \/><\/a><\/p>\n<p>Tambi\u00e9n dentro de nuestro departamento, que cada a\u00f1o se realizan en el centro las Pruebas Libres para la obtenci\u00f3n del T\u00edtulo de Cuidados Auxiliares de Enfermer\u00eda.<\/p>\n","protected":false},"excerpt":{"rendered":"<p>El departamento de Sanidad de nuestro centro educativo es quiz\u00e1s el m\u00e1s extenso del centro, contando en la actualidad con 42 docentes de los 150 que constituyen el claustro. En concreto, nuestra familia profesional,&#46;&#46;&#46;<\/p>\n","protected":false},"author":12449,"featured_media":0,"parent":3403,"menu_order":0,"comment_status":"closed","ping_status":"closed","template":"","meta":{"ngg_post_thumbnail":0,"footnotes":"","_mc_calendar":[]},"aioseo_notices":[],"_links":{"self":[{"href":"https:\/\/blogsaverroes.juntadeandalucia.es\/iesfuentepina\/wp-json\/wp\/v2\/pages\/2917"}],"collection":[{"href":"https:\/\/blogsaverroes.juntadeandalucia.es\/iesfuentepina\/wp-json\/wp\/v2\/pages"}],"about":[{"href":"https:\/\/blogsaverroes.juntadeandalucia.es\/iesfuentepina\/wp-json\/wp\/v2\/types\/page"}],"author":[{"embeddable":true,"href":"https:\/\/blogsaverroes.juntadeandalucia.es\/iesfuentepina\/wp-json\/wp\/v2\/users\/12449"}],"replies":[{"embeddable":true,"href":"https:\/\/blogsaverroes.juntadeandalucia.es\/iesfuentepina\/wp-json\/wp\/v2\/comments?post=2917"}],"version-history":[{"count":15,"href":"https:\/\/blogsaverroes.juntadeandalucia.es\/iesfuentepina\/wp-json\/wp\/v2\/pages\/2917\/revisions"}],"predecessor-version":[{"id":4720,"href":"https:\/\/blogsaverroes.juntadeandalucia.es\/iesfuentepina\/wp-json\/wp\/v2\/pages\/2917\/revisions\/4720"}],"up":[{"embeddable":true,"href":"https:\/\/blogsaverroes.juntadeandalucia.es\/iesfuentepina\/wp-json\/wp\/v2\/pages\/3403"}],"wp:attachment":[{"href":"https:\/\/blogsaverroes.juntadeandalucia.es\/iesfuentepina\/wp-json\/wp\/v2\/media?parent=2917"}],"curies":[{"name":"wp","href":"https:\/\/api.w.org\/{rel}","templated":true}]}}

<p style="text-align: justify">El departamento de Sanidad de nuestro centro educativo es quizás el más extenso del centro, contando en la actualidad con 42 docentes de los 150 que constituyen el claustro.</p>
<p style="text-align: justify">En concreto, nuestra familia profesional, la familia profesional de Sanidad contempla un amplio abanico de actividades profesionales preventivas, curativas y paliativas de atención sanitaria, además de funciones de transporte sanitario, servicios farmacéuticos, uso de equipos de diagnóstico, higiene bucodental, servicios de tanatopraxia, etc.</p>
<p style="text-align: justify">Pero en concreto en nuestro departamento desarrollamos las enseñanzas de Formación Profesional Específica que se muestran a continuación en la tabla:</p>
<p>&nbsp;</p>
<p>&nbsp;</p>
<p>&nbsp;</p>
<p>&nbsp;</p>
<p>&nbsp;</p>
<p>&nbsp;</p>
<p>&nbsp;</p>
<p style="text-align: justify">Además, nuestro departamento tiene asignadas las siguientes enseñanzas de Atención a Personas en Situación de Dependencia LOE tanto a nivel presencial como ONLINE:</p>
<ul style="text-align: justify">
<li>Atención Sanitaria</li>
<li>Primeros Auxilios</li>
<li>Atención Higiénica</li>
</ul>
<p style="text-align: justify">En cuanto a peculiaridades de los ciclos formativos de nuestra especialidad:</p>
<ul>
<li style="text-align: justify"><span style="text-decoration: underline">Cuidados auxiliares de enfermería</span>: los grupos diurnos se imparten de 8:15-14:45, el de tarde de 16:00-22:00 y el grupo de adultos de 18:00-22:00.</li>
<li style="text-align: justify"><span style="text-decoration: underline">Imagen para el Diagnóstico y Medicina Nuclear</span>:&nbsp;se imparte en modalidad dual.</li>
<li style="text-align: justify"><span style="text-decoration: underline">Anatomía Patológica y Citodiagnóstico</span>:&nbsp;se imparte los dos cursos (1º y 2ª) en horario intensivo de mañana.</li>
<li style="text-align: justify"><span style="text-decoration: underline">Dietética</span>: cuenta con dos cursos de 1º, uno en horario de mañana y otro en horario intensivo de tarde y dos cursos de 2º uno de mañana y otro en intensivo de tarde.</li>
<li style="text-align: justify"><span style="text-decoration: underline">Laboratorio Clínico y Biomédico</span>: el primer curso se imparte en horario intensivo de tarde y el 2º de intensivo de mañana.</li>
<li style="text-align: justify"><span style="text-decoration: underline">Emergencias Sanitarias</span>: <strong>se imparte en horario de tarde y en modalidad dual:</strong></li>
</ul>
<p><a href="https://blogsaverroes.juntadeandalucia.es/iesfuentepina/files/2023/03/REQUISITOS-EME.png"><img loading="lazy" decoding="async" class="aligncenter size-full wp-image-3516" src="https://blogsaverroes.juntadeandalucia.es/iesfuentepina/files/2023/03/REQUISITOS-EME.png" alt="" width="697" height="268" srcset="https://blogsaverroes.juntadeandalucia.es/iesfuentepina/files/2023/03/REQUISITOS-EME.png 697w, https://blogsaverroes.juntadeandalucia.es/iesfuentepina/files/2023/03/REQUISITOS-EME-300x115.png 300w" sizes="(max-width: 697px) 100vw, 697px" /></a></p>
<p>Además, el departamento de Sanidad del IES Fuentepiña imparte el siguiente curso de especialización:&nbsp;</p>
<ul>
<li style="text-align: justify"><span style="text-decoration: underline"><strong>El curso de especialización en cultivos celulares</strong></span> se imparte en horario de tarde.</li>
</ul>
<p style="text-align: justify">En cuanto a los módulos profesionales que se imparten en cada ciclo formativo son los siguientes:</p>
<p style="text-align: center"><span style="text-decoration: underline"><strong>GRADOS MEDIOS</strong></span></p>
<p style="text-align: justify"><a href="https://blogsaverroes.juntadeandalucia.es/iesfuentepina/files/2023/03/CAE.png"><img loading="lazy" decoding="async" class="aligncenter size-full wp-image-3517" src="https://blogsaverroes.juntadeandalucia.es/iesfuentepina/files/2023/03/CAE.png" alt="" width="699" height="265" srcset="https://blogsaverroes.juntadeandalucia.es/iesfuentepina/files/2023/03/CAE.png 699w, https://blogsaverroes.juntadeandalucia.es/iesfuentepina/files/2023/03/CAE-300x114.png 300w" sizes="(max-width: 699px) 100vw, 699px" /></a><a href="https://blogsaverroes.juntadeandalucia.es/iesfuentepina/files/2023/03/CAE-ADULTOS.png"><img loading="lazy" decoding="async" class="aligncenter size-full wp-image-3518" src="https://blogsaverroes.juntadeandalucia.es/iesfuentepina/files/2023/03/CAE-ADULTOS.png" alt="" width="706" height="295" srcset="https://blogsaverroes.juntadeandalucia.es/iesfuentepina/files/2023/03/CAE-ADULTOS.png 706w, https://blogsaverroes.juntadeandalucia.es/iesfuentepina/files/2023/03/CAE-ADULTOS-300x125.png 300w" sizes="(max-width: 706px) 100vw, 706px" /></a><a href="https://blogsaverroes.juntadeandalucia.es/iesfuentepina/files/2023/03/EME-1.png"><img loading="lazy" decoding="async" class="aligncenter size-full wp-image-3529" src="https://blogsaverroes.juntadeandalucia.es/iesfuentepina/files/2023/03/EME-1.png" alt="" width="703" height="363" srcset="https://blogsaverroes.juntadeandalucia.es/iesfuentepina/files/2023/03/EME-1.png 703w, https://blogsaverroes.juntadeandalucia.es/iesfuentepina/files/2023/03/EME-1-300x155.png 300w" sizes="(max-width: 703px) 100vw, 703px" /></a></p>
<p style="text-align: center"><span style="text-decoration: underline"><strong>GRADOS SUPERIORES</strong></span></p>
<p style="text-align: center"><a href="https://blogsaverroes.juntadeandalucia.es/iesfuentepina/files/2023/03/Anatomia.png"><img loading="lazy" decoding="async" class="aligncenter size-full wp-image-3520" src="https://blogsaverroes.juntadeandalucia.es/iesfuentepina/files/2023/03/Anatomia.png" alt="" width="702" height="388" srcset="https://blogsaverroes.juntadeandalucia.es/iesfuentepina/files/2023/03/Anatomia.png 702w, https://blogsaverroes.juntadeandalucia.es/iesfuentepina/files/2023/03/Anatomia-300x166.png 300w" sizes="(max-width: 702px) 100vw, 702px" /></a><a href="https://blogsaverroes.juntadeandalucia.es/iesfuentepina/files/2023/03/Dietetica.png"><img loading="lazy" decoding="async" class="aligncenter size-full wp-image-3521" src="https://blogsaverroes.juntadeandalucia.es/iesfuentepina/files/2023/03/Dietetica.png" alt="" width="703" height="328" srcset="https://blogsaverroes.juntadeandalucia.es/iesfuentepina/files/2023/03/Dietetica.png 703w, https://blogsaverroes.juntadeandalucia.es/iesfuentepina/files/2023/03/Dietetica-300x140.png 300w, https://blogsaverroes.juntadeandalucia.es/iesfuentepina/files/2023/03/Dietetica-640x300.png 640w" sizes="(max-width: 703px) 100vw, 703px" /></a><a href="https://blogsaverroes.juntadeandalucia.es/iesfuentepina/files/2023/03/LABORATORIO.png"><img loading="lazy" decoding="async" class="aligncenter size-full wp-image-3522" src="https://blogsaverroes.juntadeandalucia.es/iesfuentepina/files/2023/03/LABORATORIO.png" alt="" width="703" height="394" srcset="https://blogsaverroes.juntadeandalucia.es/iesfuentepina/files/2023/03/LABORATORIO.png 703w, https://blogsaverroes.juntadeandalucia.es/iesfuentepina/files/2023/03/LABORATORIO-300x168.png 300w" sizes="(max-width: 703px) 100vw, 703px" /></a><a href="https://blogsaverroes.juntadeandalucia.es/iesfuentepina/files/2023/03/RAYOS.png"><img loading="lazy" decoding="async" class="aligncenter size-full wp-image-3523" src="https://blogsaverroes.juntadeandalucia.es/iesfuentepina/files/2023/03/RAYOS.png" alt="" width="711" height="414" srcset="https://blogsaverroes.juntadeandalucia.es/iesfuentepina/files/2023/03/RAYOS.png 711w, https://blogsaverroes.juntadeandalucia.es/iesfuentepina/files/2023/03/RAYOS-300x175.png 300w" sizes="(max-width: 711px) 100vw, 711px" /></a></p>
<p style="text-align: justify">Todos los ciclos formativos cuentan con FOL en primer curso y Empresa e iniciativa emprendedora en segundo curso. Además, los títulos que se rigen por la LOGSE cuentan en primer curso también con RET (relaciones en el entorno de trabajo).&nbsp;</p>
<p style="text-align: center"><span style="text-decoration: underline"><strong>CURSO DE ESPECIALIZACIÓN&nbsp;</strong></span><a href="https://blogsaverroes.juntadeandalucia.es/iesfuentepina/files/2023/03/CULTIVOS.png"><img loading="lazy" decoding="async" class="aligncenter size-full wp-image-3524" src="https://blogsaverroes.juntadeandalucia.es/iesfuentepina/files/2023/03/CULTIVOS.png" alt="" width="702" height="198" srcset="https://blogsaverroes.juntadeandalucia.es/iesfuentepina/files/2023/03/CULTIVOS.png 702w, https://blogsaverroes.juntadeandalucia.es/iesfuentepina/files/2023/03/CULTIVOS-300x85.png 300w" sizes="(max-width: 702px) 100vw, 702px" /></a></p>
<p>También dentro de nuestro departamento, que cada año se realizan en el centro las Pruebas Libres para la obtención del Título de Cuidados Auxiliares de Enfermería.</p>

<p>El departamento de Sanidad de nuestro centro educativo es quizás el más extenso del centro, contando en la actualidad con 42 docentes de los 150 que constituyen el claustro. En concreto, nuestra familia profesional,&#46;&#46;&#46;</p>
