{"id":2976,"date":"2021-04-09T07:41:16","date_gmt":"2021-04-09T06:41:16","guid":{"rendered":"https:\/\/blogsaverroes.juntadeandalucia.es\/iesfuentepina\/?page_id=2976"},"modified":"2023-11-10T12:17:56","modified_gmt":"2023-11-10T11:17:56","slug":"servicios-socioculturales-y-a-la-comunidad","status":"publish","type":"page","link":"https:\/\/blogsaverroes.juntadeandalucia.es\/iesfuentepina\/familias-profesionales\/servicios-socioculturales-y-a-la-comunidad\/","title":{"rendered":"Servicios Socioculturales y a la Comunidad"},"content":{"rendered":"<p>El departamento de Servicios socioculturales y a la comunidad se encarga dentro de nuestro centro de desarrollar el siguiente ciclo formativo:<\/p>\n<p><a href=\"https:\/\/blogsaverroes.juntadeandalucia.es\/iesfuentepina\/files\/2023\/03\/Captura-de-pantalla-2023-03-08-100125.png\"><img loading=\"lazy\" decoding=\"async\" class=\"aligncenter size-full wp-image-3540\" src=\"https:\/\/blogsaverroes.juntadeandalucia.es\/iesfuentepina\/files\/2023\/03\/Captura-de-pantalla-2023-03-08-100125.png\" alt=\"\" width=\"517\" height=\"190\" srcset=\"https:\/\/blogsaverroes.juntadeandalucia.es\/iesfuentepina\/files\/2023\/03\/Captura-de-pantalla-2023-03-08-100125.png 517w, https:\/\/blogsaverroes.juntadeandalucia.es\/iesfuentepina\/files\/2023\/03\/Captura-de-pantalla-2023-03-08-100125-300x110.png 300w\" sizes=\"(max-width: 517px) 100vw, 517px\" \/><\/a><\/p>\n<p>Este departamento adem\u00e1s cuenta con profesorado tanto de la familia profesional propia como de la familia profesional de sanidad, siendo a\u00f1guno de sus m\u00f3dulos impartidos por esta \u00faltima.&nbsp;<\/p>\n<p>Los m\u00f3dulos profesionales impartidos dentro de este ciclo formativo, adem\u00e1s de toda la informaci\u00f3n relevante sobre el mismo lo pod\u00e9is encontrar en el siguiente enlace: <a href=\"https:\/\/www.todofp.es\/dam\/jcr:754a8a0e-2a79-4fce-919c-954dd10e989b\/andtatencionpersonassituaciondependencia-pdf.pdf\">M\u00d3DULOS PROFESIONALES&nbsp;<\/a><\/p>\n","protected":false},"excerpt":{"rendered":"<p>El departamento de Servicios socioculturales y a la comunidad se encarga dentro de nuestro centro de desarrollar el siguiente ciclo formativo: Este departamento adem\u00e1s cuenta con profesorado tanto de la familia profesional propia como&#46;&#46;&#46;<\/p>\n","protected":false},"author":11361,"featured_media":0,"parent":3403,"menu_order":0,"comment_status":"closed","ping_status":"closed","template":"","meta":{"ngg_post_thumbnail":0,"footnotes":"","_mc_calendar":[]},"aioseo_notices":[],"_links":{"self":[{"href":"https:\/\/blogsaverroes.juntadeandalucia.es\/iesfuentepina\/wp-json\/wp\/v2\/pages\/2976"}],"collection":[{"href":"https:\/\/blogsaverroes.juntadeandalucia.es\/iesfuentepina\/wp-json\/wp\/v2\/pages"}],"about":[{"href":"https:\/\/blogsaverroes.juntadeandalucia.es\/iesfuentepina\/wp-json\/wp\/v2\/types\/page"}],"author":[{"embeddable":true,"href":"https:\/\/blogsaverroes.juntadeandalucia.es\/iesfuentepina\/wp-json\/wp\/v2\/users\/11361"}],"replies":[{"embeddable":true,"href":"https:\/\/blogsaverroes.juntadeandalucia.es\/iesfuentepina\/wp-json\/wp\/v2\/comments?post=2976"}],"version-history":[{"count":4,"href":"https:\/\/blogsaverroes.juntadeandalucia.es\/iesfuentepina\/wp-json\/wp\/v2\/pages\/2976\/revisions"}],"predecessor-version":[{"id":3541,"href":"https:\/\/blogsaverroes.juntadeandalucia.es\/iesfuentepina\/wp-json\/wp\/v2\/pages\/2976\/revisions\/3541"}],"up":[{"embeddable":true,"href":"https:\/\/blogsaverroes.juntadeandalucia.es\/iesfuentepina\/wp-json\/wp\/v2\/pages\/3403"}],"wp:attachment":[{"href":"https:\/\/blogsaverroes.juntadeandalucia.es\/iesfuentepina\/wp-json\/wp\/v2\/media?parent=2976"}],"curies":[{"name":"wp","href":"https:\/\/api.w.org\/{rel}","templated":true}]}}