{"id":3412,"date":"2022-10-20T20:27:34","date_gmt":"2022-10-20T19:27:34","guid":{"rendered":"https:\/\/blogsaverroes.juntadeandalucia.es\/iesfuentepina\/?page_id=3412"},"modified":"2025-02-13T10:44:59","modified_gmt":"2025-02-13T09:44:59","slug":"datos-de-contacto","status":"publish","type":"page","link":"https:\/\/blogsaverroes.juntadeandalucia.es\/iesfuentepina\/datos-de-contacto\/","title":{"rendered":"Datos de Contacto"},"content":{"rendered":"<ul>\n<li><strong>Datos de contacto<\/strong>:<\/li>\n<\/ul>\n<p><strong>Direcci\u00f3n:<\/strong>&nbsp; Calle Camino del Saladillo, s\/n. 21007 &#8211; Huelva.<\/p>\n<div>\n<p><strong>Tel\u00e9fono centralita:<\/strong> 959524521<\/p>\n<p><strong>Tel\u00e9fono de administraci\u00f3n:<\/strong> 671535367<\/p>\n<\/div>\n<p><strong>Email:<\/strong> <a href=\"mailto:21003712.edu@juntadeandaluc%C3%ADa.es\" target=\"_blank\" rel=\"noopener noreferrer\">21003712.administracion@g.educaand.es<\/a><\/p>\n<p>&nbsp;<\/p>\n<ul>\n<li><strong>Horarios<\/strong>:<\/li>\n<\/ul>\n<p>El horario general del Centro es de 8:15 h. a 21:45 h.<\/p>\n<p>El&nbsp;horario de administraci\u00f3n es de <b>lunes a viernes, <\/b>en horario de <b>9:00 a 13:00 h.<br \/>\n<\/b><\/p>\n","protected":false},"excerpt":{"rendered":"<p>Datos de contacto: Direcci\u00f3n:&nbsp; Calle Camino del Saladillo, s\/n. 21007 &#8211; Huelva. Tel\u00e9fono centralita: 959524521 Tel\u00e9fono de administraci\u00f3n: 671535367 Email: 21003712.administracion@g.educaand.es &nbsp; Horarios: El horario general del Centro es de 8:15 h. a 21:45&#46;&#46;&#46;<\/p>\n","protected":false},"author":11361,"featured_media":0,"parent":0,"menu_order":0,"comment_status":"closed","ping_status":"closed","template":"","meta":{"ngg_post_thumbnail":0,"footnotes":"","_mc_calendar":[]},"aioseo_notices":[],"_links":{"self":[{"href":"https:\/\/blogsaverroes.juntadeandalucia.es\/iesfuentepina\/wp-json\/wp\/v2\/pages\/3412"}],"collection":[{"href":"https:\/\/blogsaverroes.juntadeandalucia.es\/iesfuentepina\/wp-json\/wp\/v2\/pages"}],"about":[{"href":"https:\/\/blogsaverroes.juntadeandalucia.es\/iesfuentepina\/wp-json\/wp\/v2\/types\/page"}],"author":[{"embeddable":true,"href":"https:\/\/blogsaverroes.juntadeandalucia.es\/iesfuentepina\/wp-json\/wp\/v2\/users\/11361"}],"replies":[{"embeddable":true,"href":"https:\/\/blogsaverroes.juntadeandalucia.es\/iesfuentepina\/wp-json\/wp\/v2\/comments?post=3412"}],"version-history":[{"count":7,"href":"https:\/\/blogsaverroes.juntadeandalucia.es\/iesfuentepina\/wp-json\/wp\/v2\/pages\/3412\/revisions"}],"predecessor-version":[{"id":4344,"href":"https:\/\/blogsaverroes.juntadeandalucia.es\/iesfuentepina\/wp-json\/wp\/v2\/pages\/3412\/revisions\/4344"}],"wp:attachment":[{"href":"https:\/\/blogsaverroes.juntadeandalucia.es\/iesfuentepina\/wp-json\/wp\/v2\/media?parent=3412"}],"curies":[{"name":"wp","href":"https:\/\/api.w.org\/{rel}","templated":true}]}}

<ul>
<li><strong>Datos de contacto</strong>:</li>
</ul>
<p><strong>Dirección:</strong>&nbsp; Calle Camino del Saladillo, s/n. 21007 &#8211; Huelva.</p>
<div>
<p><strong>Teléfono centralita:</strong> 959524521</p>
<p><strong>Teléfono de administración:</strong> 671535367</p>
</div>
<p><strong>Email:</strong> <a href="mailto:21003712.edu@juntadeandaluc%C3%ADa.es" target="_blank" rel="noopener noreferrer">21003712.administracion@g.educaand.es</a></p>
<p>&nbsp;</p>
<ul>
<li><strong>Horarios</strong>:</li>
</ul>
<p>El horario general del Centro es de 8:15 h. a 21:45 h.</p>
<p>El&nbsp;horario de administración es de <b>lunes a viernes, </b>en horario de <b>9:00 a 13:00 h.<br />
</b></p>

<p>Datos de contacto: Dirección:&nbsp; Calle Camino del Saladillo, s/n. 21007 &#8211; Huelva. Teléfono centralita: 959524521 Teléfono de administración: 671535367 Email: 21003712.administracion@g.educaand.es &nbsp; Horarios: El horario general del Centro es de 8:15 h. a 21:45&#46;&#46;&#46;</p>
