{"id":3460,"date":"2022-10-21T12:35:00","date_gmt":"2022-10-21T11:35:00","guid":{"rendered":"https:\/\/blogsaverroes.juntadeandalucia.es\/iesfuentepina\/?page_id=3460"},"modified":"2022-10-24T11:42:13","modified_gmt":"2022-10-24T10:42:13","slug":"erasmus","status":"publish","type":"page","link":"https:\/\/blogsaverroes.juntadeandalucia.es\/iesfuentepina\/erasmus\/","title":{"rendered":"Erasmus"},"content":{"rendered":"<div style=\"text-align: justify\">La concesi\u00f3n de la acreditaci\u00f3n Erasmus confirma que nuestro centro ha establecido un plan para ejecutar actividades de movilidad de alta calidad en el marco de una iniciativa m\u00e1s amplia de desarrollo de nuestro IES. Es una herramienta para la apertura y la cooperaci\u00f3n&nbsp; m\u00e1s all\u00e1 de nuestras fronteras.<\/div>\n<div>\n<h3 style=\"text-align: justify\">En el \u00e1mbito de la educaci\u00f3n y la formaci\u00f3n profesionales:<\/h3>\n<p style=\"text-align: justify\">Contribuir a la aplicaci\u00f3n de la Recomendaci\u00f3n del Consejo sobre la educaci\u00f3n y formaci\u00f3n profesionales, la Declaraci\u00f3n de Osnabr\u00fcck y la Agenda de Capacidades Europea, as\u00ed como a la creaci\u00f3n del Espacio Europeo de Educaci\u00f3n:<\/p>\n<ul>\n<li style=\"text-align: justify\">Mejorando la calidad de la educaci\u00f3n y la formaci\u00f3n profesionales iniciales y continuas (EFPI y EFPC);<\/li>\n<li style=\"text-align: justify\">Reforzando las competencias clave y las capacidades transversales, especialmente el aprendizaje de idiomas y las capacidades digitales;<\/li>\n<li style=\"text-align: justify\">Apoyando el desarrollo de las capacidades laborales espec\u00edficas necesarias en el mercado laboral actual y futuro;<\/li>\n<li style=\"text-align: justify\">Compartiendo mejores pr\u00e1cticas, promoviendo el uso de m\u00e9todos y tecnolog\u00edas pedag\u00f3gicos nuevos e innovadores y apoyando el desarrollo profesional de los profesores, formadores, tutores y dem\u00e1s personal educativo de EFP.<\/li>\n<li style=\"text-align: justify\">Desarrollando las capacidades de los proveedores de EFP para llevar a cabo proyectos de movilidad de gran calidad y para formar asociaciones de calidad a la vez que desarrollan su estrategia de internacionalizaci\u00f3n;<\/li>\n<li style=\"text-align: justify\">Haciendo que la movilidad sea una posibilidad realista para cualquier alumno de EFPI y EFPC y prolongando la duraci\u00f3n media de la movilidad de los estudiantes de EFP para mejorar su calidad y sus resultados;<\/li>\n<li style=\"text-align: justify\">Potenciando la calidad, la transparencia y el reconocimiento de los resultados de aprendizaje obtenidos en per\u00edodos de movilidad en el extranjero, especialmente con el uso de herramientas e instrumentos europeos dise\u00f1ados para tal fin.<\/li>\n<\/ul>\n<p><a href=\"https:\/\/blogsaverroes.juntadeandalucia.es\/iesfuentepina\/files\/2022\/10\/ACREDITACI\u00d3N-ERASMUS_page-0001.jpg\"><img loading=\"lazy\" decoding=\"async\" class=\"aligncenter wp-image-3465\" src=\"https:\/\/blogsaverroes.juntadeandalucia.es\/iesfuentepina\/files\/2022\/10\/ACREDITACI\u00d3N-ERASMUS_page-0001-1024x724.jpg\" alt=\"\" width=\"388\" height=\"274\" srcset=\"https:\/\/blogsaverroes.juntadeandalucia.es\/iesfuentepina\/files\/2022\/10\/ACREDITACI\u00d3N-ERASMUS_page-0001-1024x724.jpg 1024w, https:\/\/blogsaverroes.juntadeandalucia.es\/iesfuentepina\/files\/2022\/10\/ACREDITACI\u00d3N-ERASMUS_page-0001-300x212.jpg 300w, https:\/\/blogsaverroes.juntadeandalucia.es\/iesfuentepina\/files\/2022\/10\/ACREDITACI\u00d3N-ERASMUS_page-0001-768x543.jpg 768w, https:\/\/blogsaverroes.juntadeandalucia.es\/iesfuentepina\/files\/2022\/10\/ACREDITACI\u00d3N-ERASMUS_page-0001-1536x1086.jpg 1536w, https:\/\/blogsaverroes.juntadeandalucia.es\/iesfuentepina\/files\/2022\/10\/ACREDITACI\u00d3N-ERASMUS_page-0001.jpg 1755w\" sizes=\"(max-width: 388px) 100vw, 388px\" \/><\/a><\/p>\n<\/div>\n","protected":false},"excerpt":{"rendered":"<p>La concesi\u00f3n de la acreditaci\u00f3n Erasmus confirma que nuestro centro ha establecido un plan para ejecutar actividades de movilidad de alta calidad en el marco de una iniciativa m\u00e1s amplia de desarrollo de nuestro&#46;&#46;&#46;<\/p>\n","protected":false},"author":11361,"featured_media":3465,"parent":0,"menu_order":0,"comment_status":"closed","ping_status":"closed","template":"page-scs.php","meta":{"ngg_post_thumbnail":0,"footnotes":"","_mc_calendar":[]},"aioseo_notices":[],"_links":{"self":[{"href":"https:\/\/blogsaverroes.juntadeandalucia.es\/iesfuentepina\/wp-json\/wp\/v2\/pages\/3460"}],"collection":[{"href":"https:\/\/blogsaverroes.juntadeandalucia.es\/iesfuentepina\/wp-json\/wp\/v2\/pages"}],"about":[{"href":"https:\/\/blogsaverroes.juntadeandalucia.es\/iesfuentepina\/wp-json\/wp\/v2\/types\/page"}],"author":[{"embeddable":true,"href":"https:\/\/blogsaverroes.juntadeandalucia.es\/iesfuentepina\/wp-json\/wp\/v2\/users\/11361"}],"replies":[{"embeddable":true,"href":"https:\/\/blogsaverroes.juntadeandalucia.es\/iesfuentepina\/wp-json\/wp\/v2\/comments?post=3460"}],"version-history":[{"count":5,"href":"https:\/\/blogsaverroes.juntadeandalucia.es\/iesfuentepina\/wp-json\/wp\/v2\/pages\/3460\/revisions"}],"predecessor-version":[{"id":3468,"href":"https:\/\/blogsaverroes.juntadeandalucia.es\/iesfuentepina\/wp-json\/wp\/v2\/pages\/3460\/revisions\/3468"}],"wp:featuredmedia":[{"embeddable":true,"href":"https:\/\/blogsaverroes.juntadeandalucia.es\/iesfuentepina\/wp-json\/wp\/v2\/media\/3465"}],"wp:attachment":[{"href":"https:\/\/blogsaverroes.juntadeandalucia.es\/iesfuentepina\/wp-json\/wp\/v2\/media?parent=3460"}],"curies":[{"name":"wp","href":"https:\/\/api.w.org\/{rel}","templated":true}]}}

<div style="text-align: justify">La concesión de la acreditación Erasmus confirma que nuestro centro ha establecido un plan para ejecutar actividades de movilidad de alta calidad en el marco de una iniciativa más amplia de desarrollo de nuestro IES. Es una herramienta para la apertura y la cooperación&nbsp; más allá de nuestras fronteras.</div>
<div>
<h3 style="text-align: justify">En el ámbito de la educación y la formación profesionales:</h3>
<p style="text-align: justify">Contribuir a la aplicación de la Recomendación del Consejo sobre la educación y formación profesionales, la Declaración de Osnabrück y la Agenda de Capacidades Europea, así como a la creación del Espacio Europeo de Educación:</p>
<ul>
<li style="text-align: justify">Mejorando la calidad de la educación y la formación profesionales iniciales y continuas (EFPI y EFPC);</li>
<li style="text-align: justify">Reforzando las competencias clave y las capacidades transversales, especialmente el aprendizaje de idiomas y las capacidades digitales;</li>
<li style="text-align: justify">Apoyando el desarrollo de las capacidades laborales específicas necesarias en el mercado laboral actual y futuro;</li>
<li style="text-align: justify">Compartiendo mejores prácticas, promoviendo el uso de métodos y tecnologías pedagógicos nuevos e innovadores y apoyando el desarrollo profesional de los profesores, formadores, tutores y demás personal educativo de EFP.</li>
<li style="text-align: justify">Desarrollando las capacidades de los proveedores de EFP para llevar a cabo proyectos de movilidad de gran calidad y para formar asociaciones de calidad a la vez que desarrollan su estrategia de internacionalización;</li>
<li style="text-align: justify">Haciendo que la movilidad sea una posibilidad realista para cualquier alumno de EFPI y EFPC y prolongando la duración media de la movilidad de los estudiantes de EFP para mejorar su calidad y sus resultados;</li>
<li style="text-align: justify">Potenciando la calidad, la transparencia y el reconocimiento de los resultados de aprendizaje obtenidos en períodos de movilidad en el extranjero, especialmente con el uso de herramientas e instrumentos europeos diseñados para tal fin.</li>
</ul>
<p><a href="https://blogsaverroes.juntadeandalucia.es/iesfuentepina/files/2022/10/ACREDITACIÓN-ERASMUS_page-0001.jpg"><img loading="lazy" decoding="async" class="aligncenter wp-image-3465" src="https://blogsaverroes.juntadeandalucia.es/iesfuentepina/files/2022/10/ACREDITACIÓN-ERASMUS_page-0001-1024x724.jpg" alt="" width="388" height="274" srcset="https://blogsaverroes.juntadeandalucia.es/iesfuentepina/files/2022/10/ACREDITACIÓN-ERASMUS_page-0001-1024x724.jpg 1024w, https://blogsaverroes.juntadeandalucia.es/iesfuentepina/files/2022/10/ACREDITACIÓN-ERASMUS_page-0001-300x212.jpg 300w, https://blogsaverroes.juntadeandalucia.es/iesfuentepina/files/2022/10/ACREDITACIÓN-ERASMUS_page-0001-768x543.jpg 768w, https://blogsaverroes.juntadeandalucia.es/iesfuentepina/files/2022/10/ACREDITACIÓN-ERASMUS_page-0001-1536x1086.jpg 1536w, https://blogsaverroes.juntadeandalucia.es/iesfuentepina/files/2022/10/ACREDITACIÓN-ERASMUS_page-0001.jpg 1755w" sizes="(max-width: 388px) 100vw, 388px" /></a></p>
</div>

<p>La concesión de la acreditación Erasmus confirma que nuestro centro ha establecido un plan para ejecutar actividades de movilidad de alta calidad en el marco de una iniciativa más amplia de desarrollo de nuestro&#46;&#46;&#46;</p>
