{"id":3657,"date":"2023-06-07T08:14:06","date_gmt":"2023-06-07T07:14:06","guid":{"rendered":"https:\/\/blogsaverroes.juntadeandalucia.es\/iesfuentepina\/?page_id=3657"},"modified":"2026-03-12T12:23:22","modified_gmt":"2026-03-12T11:23:22","slug":"horario-de-atencion-al-publico","status":"publish","type":"page","link":"https:\/\/blogsaverroes.juntadeandalucia.es\/iesfuentepina\/secretaria\/horario-de-atencion-al-publico\/","title":{"rendered":"Horario de atenci\u00f3n al p\u00fablico"},"content":{"rendered":"<div>\n<h1>Horario de atenci\u00f3n al p\u00fablico<\/h1>\n<\/div>\n<div>\n<p>Atenci\u00f3n en administraci\u00f3n: de&nbsp;<strong>lunes a viernes,&nbsp;<\/strong>en horario de:&nbsp;<strong>9:00 a 13:00 h<\/strong> (con 30 min de descanso).<\/p>\n<div id=\"m_2846791725476136836gmail-block-6\">\n<p>Si necesita informaci\u00f3n fuera de ese horario, puede enviar un correo electr\u00f3nico a <a href=\"mailto:21003712.administracion@g.educaand.es\" target=\"_blank\" rel=\"noreferrer noopener\">21003712.administracion@g.educaand.es<\/a>, indicando su nombre, apellidos, DNI y su consulta.<\/p>\n<\/div>\n<\/div>\n","protected":false},"excerpt":{"rendered":"<p>Horario de atenci\u00f3n al p\u00fablico Atenci\u00f3n en administraci\u00f3n: de&nbsp;lunes a viernes,&nbsp;en horario de:&nbsp;9:00 a 13:00 h (con 30 min de descanso). Si necesita informaci\u00f3n fuera de ese horario, puede enviar un correo electr\u00f3nico a&#46;&#46;&#46;<\/p>\n","protected":false},"author":11361,"featured_media":0,"parent":77,"menu_order":1,"comment_status":"closed","ping_status":"closed","template":"","meta":{"ngg_post_thumbnail":0,"footnotes":"","_mc_calendar":[]},"aioseo_notices":[],"_links":{"self":[{"href":"https:\/\/blogsaverroes.juntadeandalucia.es\/iesfuentepina\/wp-json\/wp\/v2\/pages\/3657"}],"collection":[{"href":"https:\/\/blogsaverroes.juntadeandalucia.es\/iesfuentepina\/wp-json\/wp\/v2\/pages"}],"about":[{"href":"https:\/\/blogsaverroes.juntadeandalucia.es\/iesfuentepina\/wp-json\/wp\/v2\/types\/page"}],"author":[{"embeddable":true,"href":"https:\/\/blogsaverroes.juntadeandalucia.es\/iesfuentepina\/wp-json\/wp\/v2\/users\/11361"}],"replies":[{"embeddable":true,"href":"https:\/\/blogsaverroes.juntadeandalucia.es\/iesfuentepina\/wp-json\/wp\/v2\/comments?post=3657"}],"version-history":[{"count":16,"href":"https:\/\/blogsaverroes.juntadeandalucia.es\/iesfuentepina\/wp-json\/wp\/v2\/pages\/3657\/revisions"}],"predecessor-version":[{"id":4773,"href":"https:\/\/blogsaverroes.juntadeandalucia.es\/iesfuentepina\/wp-json\/wp\/v2\/pages\/3657\/revisions\/4773"}],"up":[{"embeddable":true,"href":"https:\/\/blogsaverroes.juntadeandalucia.es\/iesfuentepina\/wp-json\/wp\/v2\/pages\/77"}],"wp:attachment":[{"href":"https:\/\/blogsaverroes.juntadeandalucia.es\/iesfuentepina\/wp-json\/wp\/v2\/media?parent=3657"}],"curies":[{"name":"wp","href":"https:\/\/api.w.org\/{rel}","templated":true}]}}

Horario de atención al público

<div>
<h1>Horario de atención al público</h1>
</div>
<div>
<p>Atención en administración: de&nbsp;<strong>lunes a viernes,&nbsp;</strong>en horario de:&nbsp;<strong>9:00 a 13:00 h</strong> (con 30 min de descanso).</p>
<div id="m_2846791725476136836gmail-block-6">
<p>Si necesita información fuera de ese horario, puede enviar un correo electrónico a <a href="mailto:21003712.administracion@g.educaand.es" target="_blank" rel="noreferrer noopener">21003712.administracion@g.educaand.es</a>, indicando su nombre, apellidos, DNI y su consulta.</p>
</div>
</div>

<p>Horario de atención al público Atención en administración: de&nbsp;lunes a viernes,&nbsp;en horario de:&nbsp;9:00 a 13:00 h (con 30 min de descanso). Si necesita información fuera de ese horario, puede enviar un correo electrónico a&#46;&#46;&#46;</p>
