{"id":3700,"date":"2023-06-13T15:58:41","date_gmt":"2023-06-13T14:58:41","guid":{"rendered":"https:\/\/blogsaverroes.juntadeandalucia.es\/iesfuentepina\/?page_id=3700"},"modified":"2026-04-16T11:33:27","modified_gmt":"2026-04-16T10:33:27","slug":"orientacion-alumnado-4o-eso","status":"publish","type":"page","link":"https:\/\/blogsaverroes.juntadeandalucia.es\/iesfuentepina\/orientacion\/orientacion-alumnado-4o-eso\/","title":{"rendered":"Orientaci\u00f3n para el alumnado. Qu\u00e9 puedo estudiar."},"content":{"rendered":"<p style=\"text-align: justify\">El programa de Orientaci\u00f3n Escolar para el curso 2025\/2026 en el IES Fuentepi\u00f1a est\u00e1 dise\u00f1ado para guiar y apoyar a los estudiantes en su desarrollo acad\u00e9mico, personal y profesional. A trav\u00e9s de diversas actividades y recursos, se busca fomentar la toma de decisiones informadas, el autoconocimiento y la planificaci\u00f3n del futuro, contribuyendo as\u00ed al bienestar integral de cada alumno. \u00a1Un espacio para crecer y descubrir nuevas oportunidades!<\/p>\n<p>&nbsp; &nbsp; &nbsp; &nbsp; &nbsp; &nbsp; &nbsp; &nbsp; &nbsp; &nbsp; &nbsp; &nbsp; &nbsp; &nbsp; &nbsp; &nbsp; &nbsp; &nbsp; &nbsp; &nbsp; &nbsp; &nbsp; &nbsp; &nbsp; &nbsp; &nbsp; &nbsp; &nbsp; &nbsp; &nbsp; &nbsp; &nbsp; &nbsp; &nbsp; &nbsp; <strong>ESO<\/strong><\/p>\n<ul>\n<li>Presentaci\u00f3n de orientaci\u00f3n al alumnado de 4\u00ba ESO, curso acad\u00e9mico 2025\/2026: <a href=\"https:\/\/blogsaverroes.juntadeandalucia.es\/iesfuentepina\/files\/2026\/02\/DECIDE-4o-ESO-2526.pdf\">Decide 4\u00ba ESO 2526.<\/a><\/li>\n<li>\u00bfQuieres estudiar ESO con nosotros?&nbsp; <a href=\"https:\/\/blogsaverroes.juntadeandalucia.es\/iesfuentepina\/files\/2026\/04\/Guia-Matriculacion-ESO-25-26.pdf\">Gui\u0301a Matriculacio\u0301n ESO 25-26<\/a><\/li>\n<li>\u00bfQu\u00e9 hacer despu\u00e9s de la ESO? \u00bf<a href=\"https:\/\/blogsaverroes.juntadeandalucia.es\/iesfuentepina\/files\/2026\/04\/Y-despues-de-la-ESO-que.pdf\">Y despu\u00e9s qu\u00e9?<\/a><\/li>\n<\/ul>\n<p>&nbsp; &nbsp; &nbsp; &nbsp; &nbsp; &nbsp; &nbsp; &nbsp; &nbsp; &nbsp; &nbsp; &nbsp; &nbsp; &nbsp; &nbsp; &nbsp; &nbsp; &nbsp; &nbsp; &nbsp; &nbsp; &nbsp; &nbsp; &nbsp; &nbsp; &nbsp; &nbsp; &nbsp; &nbsp; &nbsp; &nbsp; &nbsp; &nbsp; &nbsp; &nbsp; <strong>BACHILLERATO<\/strong><\/p>\n<ul>\n<li>\u00bfQuieres estudiar bachillerato con nosotros?&nbsp; <a href=\"https:\/\/blogsaverroes.juntadeandalucia.es\/iesfuentepina\/files\/2026\/04\/Guia-Matriculacion-Bachillerato-25-26.pdf\">Gui\u0301a Matriculacio\u0301n Bachillerato 25-26<\/a><\/li>\n<li>Informaci\u00f3n para el alumnado de 2\u00ba de bachillerato <a href=\"https:\/\/blogsaverroes.juntadeandalucia.es\/iesfuentepina\/files\/2026\/04\/Presentacion-2o-bach.pdf\">Gu\u00eda general<\/a>&nbsp; &nbsp;<a href=\"https:\/\/blogsaverroes.juntadeandalucia.es\/iesfuentepina\/files\/2026\/04\/PARAMETROS_DE_PONDERACION_2024_2025_PEvAU.pdf\">PEvAU y FP<\/a>&nbsp; &nbsp;<a href=\"https:\/\/blogsaverroes.juntadeandalucia.es\/iesfuentepina\/files\/2026\/04\/Bach-y-GS.pdf\">Bachillerato para acceder al GS<\/a><\/li>\n<\/ul>\n<p>&nbsp;<\/p>\n<p>&nbsp; &nbsp; &nbsp; &nbsp; &nbsp; &nbsp; &nbsp; &nbsp; &nbsp; &nbsp; &nbsp; &nbsp; &nbsp; &nbsp; &nbsp; &nbsp; &nbsp; &nbsp; &nbsp; &nbsp; &nbsp; &nbsp; &nbsp; &nbsp; &nbsp; &nbsp; &nbsp; &nbsp; &nbsp; &nbsp; &nbsp; &nbsp; &nbsp; &nbsp; &nbsp; <strong>CICLOS FORMATIVOS<\/strong><\/p>\n<ul>\n<li>Si quieres hacer una FP, aqu\u00ed tienes las gu\u00edas:\n<ul>\n<li>\u00bfQu\u00e9 es la FP? <a href=\"https:\/\/blogsaverroes.juntadeandalucia.es\/iesfuentepina\/files\/2026\/04\/Monografico-FP.pdf\">Monografico FP<\/a><\/li>\n<li>\u00bfD\u00f3nde estudiar Grado Medio? <a href=\"https:\/\/blogsaverroes.juntadeandalucia.es\/iesfuentepina\/files\/2026\/04\/OFERTA_CFGM_2526.pdf\">OFERTA_CFGM<\/a><\/li>\n<li>\u00bfD\u00f3nde estudiar Grado Superior? <a href=\"https:\/\/blogsaverroes.juntadeandalucia.es\/iesfuentepina\/files\/2026\/04\/OFERTA_CFGS_2526.pdf\">OFERTA_CFGS<\/a><\/li>\n<li>Notas de corte del curso pasado <a href=\"https:\/\/secretariavirtual.juntadeandalucia.es\/secretariavirtual\/consulta\/oferta-educativa-formacion-profesional\/\">Notas<\/a><\/li>\n<li>\u00bfPuedo estudiar un grado superior si tengo un grado medio? S\u00ed, <a href=\"https:\/\/blogsaverroes.juntadeandalucia.es\/iesfuentepina\/files\/2026\/04\/Relacion-GM-con-GS.pdf\">Relaci\u00f3n GM con GS<\/a><\/li>\n<li>\u00bfPuedo estudiar un grado superior si no tengo un grado medio o bachillerato? S\u00ed, <a href=\"https:\/\/blogsaverroes.juntadeandalucia.es\/iesfuentepina\/files\/2026\/04\/Opciones-de-examen-CFGS.pdf\">Opciones de examen CFGS<\/a><\/li>\n<li>\u00bfC\u00f3mo solicito mi plaza en FP? Mira este tutorial<\/li>\n<\/ul>\n<\/li>\n<\/ul>\n<p><iframe loading=\"lazy\" title=\"Tutorial C\u00f3mo solicitar admisi\u00f3n a ciclo formativo de oferta completa\" width=\"500\" height=\"281\" src=\"https:\/\/www.youtube.com\/embed\/ezcBivjnMJw?feature=oembed&#038;wmode=opaque\" frameborder=\"0\" allow=\"accelerometer; autoplay; clipboard-write; encrypted-media; gyroscope; picture-in-picture; web-share\" referrerpolicy=\"strict-origin-when-cross-origin\" allowfullscreen><\/iframe><\/p>\n<p>&nbsp;<\/p>\n","protected":false},"excerpt":{"rendered":"<p>El programa de Orientaci\u00f3n Escolar para el curso 2025\/2026 en el IES Fuentepi\u00f1a est\u00e1 dise\u00f1ado para guiar y apoyar a los estudiantes en su desarrollo acad\u00e9mico, personal y profesional. A trav\u00e9s de diversas actividades&#46;&#46;&#46;<\/p>\n","protected":false},"author":11361,"featured_media":4810,"parent":3560,"menu_order":0,"comment_status":"closed","ping_status":"closed","template":"","meta":{"ngg_post_thumbnail":0,"footnotes":"","_mc_calendar":[]},"aioseo_notices":[],"_links":{"self":[{"href":"https:\/\/blogsaverroes.juntadeandalucia.es\/iesfuentepina\/wp-json\/wp\/v2\/pages\/3700"}],"collection":[{"href":"https:\/\/blogsaverroes.juntadeandalucia.es\/iesfuentepina\/wp-json\/wp\/v2\/pages"}],"about":[{"href":"https:\/\/blogsaverroes.juntadeandalucia.es\/iesfuentepina\/wp-json\/wp\/v2\/types\/page"}],"author":[{"embeddable":true,"href":"https:\/\/blogsaverroes.juntadeandalucia.es\/iesfuentepina\/wp-json\/wp\/v2\/users\/11361"}],"replies":[{"embeddable":true,"href":"https:\/\/blogsaverroes.juntadeandalucia.es\/iesfuentepina\/wp-json\/wp\/v2\/comments?post=3700"}],"version-history":[{"count":13,"href":"https:\/\/blogsaverroes.juntadeandalucia.es\/iesfuentepina\/wp-json\/wp\/v2\/pages\/3700\/revisions"}],"predecessor-version":[{"id":4825,"href":"https:\/\/blogsaverroes.juntadeandalucia.es\/iesfuentepina\/wp-json\/wp\/v2\/pages\/3700\/revisions\/4825"}],"up":[{"embeddable":true,"href":"https:\/\/blogsaverroes.juntadeandalucia.es\/iesfuentepina\/wp-json\/wp\/v2\/pages\/3560"}],"wp:featuredmedia":[{"embeddable":true,"href":"https:\/\/blogsaverroes.juntadeandalucia.es\/iesfuentepina\/wp-json\/wp\/v2\/media\/4810"}],"wp:attachment":[{"href":"https:\/\/blogsaverroes.juntadeandalucia.es\/iesfuentepina\/wp-json\/wp\/v2\/media?parent=3700"}],"curies":[{"name":"wp","href":"https:\/\/api.w.org\/{rel}","templated":true}]}}

Orientación para el alumnado. Qué puedo estudiar.

<p style="text-align: justify">El programa de Orientación Escolar para el curso 2025/2026 en el IES Fuentepiña está diseñado para guiar y apoyar a los estudiantes en su desarrollo académico, personal y profesional. A través de diversas actividades y recursos, se busca fomentar la toma de decisiones informadas, el autoconocimiento y la planificación del futuro, contribuyendo así al bienestar integral de cada alumno. ¡Un espacio para crecer y descubrir nuevas oportunidades!</p>
<p>&nbsp; &nbsp; &nbsp; &nbsp; &nbsp; &nbsp; &nbsp; &nbsp; &nbsp; &nbsp; &nbsp; &nbsp; &nbsp; &nbsp; &nbsp; &nbsp; &nbsp; &nbsp; &nbsp; &nbsp; &nbsp; &nbsp; &nbsp; &nbsp; &nbsp; &nbsp; &nbsp; &nbsp; &nbsp; &nbsp; &nbsp; &nbsp; &nbsp; &nbsp; &nbsp; <strong>ESO</strong></p>
<ul>
<li>Presentación de orientación al alumnado de 4º ESO, curso académico 2025/2026: <a href="https://blogsaverroes.juntadeandalucia.es/iesfuentepina/files/2026/02/DECIDE-4o-ESO-2526.pdf">Decide 4º ESO 2526.</a></li>
<li>¿Quieres estudiar ESO con nosotros?&nbsp; <a href="https://blogsaverroes.juntadeandalucia.es/iesfuentepina/files/2026/04/Guia-Matriculacion-ESO-25-26.pdf">Guía Matriculación ESO 25-26</a></li>
<li>¿Qué hacer después de la ESO? ¿<a href="https://blogsaverroes.juntadeandalucia.es/iesfuentepina/files/2026/04/Y-despues-de-la-ESO-que.pdf">Y después qué?</a></li>
</ul>
<p>&nbsp; &nbsp; &nbsp; &nbsp; &nbsp; &nbsp; &nbsp; &nbsp; &nbsp; &nbsp; &nbsp; &nbsp; &nbsp; &nbsp; &nbsp; &nbsp; &nbsp; &nbsp; &nbsp; &nbsp; &nbsp; &nbsp; &nbsp; &nbsp; &nbsp; &nbsp; &nbsp; &nbsp; &nbsp; &nbsp; &nbsp; &nbsp; &nbsp; &nbsp; &nbsp; <strong>BACHILLERATO</strong></p>
<ul>
<li>¿Quieres estudiar bachillerato con nosotros?&nbsp; <a href="https://blogsaverroes.juntadeandalucia.es/iesfuentepina/files/2026/04/Guia-Matriculacion-Bachillerato-25-26.pdf">Guía Matriculación Bachillerato 25-26</a></li>
<li>Información para el alumnado de 2º de bachillerato <a href="https://blogsaverroes.juntadeandalucia.es/iesfuentepina/files/2026/04/Presentacion-2o-bach.pdf">Guía general</a>&nbsp; &nbsp;<a href="https://blogsaverroes.juntadeandalucia.es/iesfuentepina/files/2026/04/PARAMETROS_DE_PONDERACION_2024_2025_PEvAU.pdf">PEvAU y FP</a>&nbsp; &nbsp;<a href="https://blogsaverroes.juntadeandalucia.es/iesfuentepina/files/2026/04/Bach-y-GS.pdf">Bachillerato para acceder al GS</a></li>
</ul>
<p>&nbsp;</p>
<p>&nbsp; &nbsp; &nbsp; &nbsp; &nbsp; &nbsp; &nbsp; &nbsp; &nbsp; &nbsp; &nbsp; &nbsp; &nbsp; &nbsp; &nbsp; &nbsp; &nbsp; &nbsp; &nbsp; &nbsp; &nbsp; &nbsp; &nbsp; &nbsp; &nbsp; &nbsp; &nbsp; &nbsp; &nbsp; &nbsp; &nbsp; &nbsp; &nbsp; &nbsp; &nbsp; <strong>CICLOS FORMATIVOS</strong></p>
<ul>
<li>Si quieres hacer una FP, aquí tienes las guías:
<ul>
<li>¿Qué es la FP? <a href="https://blogsaverroes.juntadeandalucia.es/iesfuentepina/files/2026/04/Monografico-FP.pdf">Monografico FP</a></li>
<li>¿Dónde estudiar Grado Medio? <a href="https://blogsaverroes.juntadeandalucia.es/iesfuentepina/files/2026/04/OFERTA_CFGM_2526.pdf">OFERTA_CFGM</a></li>
<li>¿Dónde estudiar Grado Superior? <a href="https://blogsaverroes.juntadeandalucia.es/iesfuentepina/files/2026/04/OFERTA_CFGS_2526.pdf">OFERTA_CFGS</a></li>
<li>Notas de corte del curso pasado <a href="https://secretariavirtual.juntadeandalucia.es/secretariavirtual/consulta/oferta-educativa-formacion-profesional/">Notas</a></li>
<li>¿Puedo estudiar un grado superior si tengo un grado medio? Sí, <a href="https://blogsaverroes.juntadeandalucia.es/iesfuentepina/files/2026/04/Relacion-GM-con-GS.pdf">Relación GM con GS</a></li>
<li>¿Puedo estudiar un grado superior si no tengo un grado medio o bachillerato? Sí, <a href="https://blogsaverroes.juntadeandalucia.es/iesfuentepina/files/2026/04/Opciones-de-examen-CFGS.pdf">Opciones de examen CFGS</a></li>
<li>¿Cómo solicito mi plaza en FP? Mira este tutorial</li>
</ul>
</li>
</ul>
<p><iframe loading="lazy" title="Tutorial Cómo solicitar admisión a ciclo formativo de oferta completa" width="500" height="281" src="https://www.youtube.com/embed/ezcBivjnMJw?feature=oembed&#038;wmode=opaque" frameborder="0" allow="accelerometer; autoplay; clipboard-write; encrypted-media; gyroscope; picture-in-picture; web-share" referrerpolicy="strict-origin-when-cross-origin" allowfullscreen></iframe></p>
<p>&nbsp;</p>

<p>El programa de Orientación Escolar para el curso 2025/2026 en el IES Fuentepiña está diseñado para guiar y apoyar a los estudiantes en su desarrollo académico, personal y profesional. A través de diversas actividades&#46;&#46;&#46;</p>
