{"id":3961,"date":"2024-04-08T10:24:01","date_gmt":"2024-04-08T09:24:01","guid":{"rendered":"https:\/\/blogsaverroes.juntadeandalucia.es\/iesfuentepina\/?page_id=3961"},"modified":"2024-04-08T10:24:01","modified_gmt":"2024-04-08T09:24:01","slug":"licitacion-de-cafeteria","status":"publish","type":"page","link":"https:\/\/blogsaverroes.juntadeandalucia.es\/iesfuentepina\/convocatoria-publica-para-la-adjudicacion-de-servicios\/licitacion-de-cafeteria\/","title":{"rendered":"Licitaci\u00f3n de cafeter\u00eda"},"content":{"rendered":"<p>Abierto el plazo para solicitar la licitaci\u00f3n de la cafeter\u00eda del centro desde el 4 al 29 de abril de 2024.<\/p>\n<p>La documentaci\u00f3n es la siguiente:<\/p>\n<p><a href=\"https:\/\/blogsaverroes.juntadeandalucia.es\/iesfuentepina\/files\/2024\/04\/Resoluci\u00f3n-convocatoria-licitaci\u00f3n.pdf\">Resoluci\u00f3n convocatoria licitaci\u00f3n<\/a><\/p>\n<p><a href=\"https:\/\/blogsaverroes.juntadeandalucia.es\/iesfuentepina\/files\/2024\/04\/PLIEGO-DE-PRESCRIPCIONES-T\u00c9CNICAS.pdf\">PLIEGO DE PRESCRIPCIONES T\u00c9CNICAS<\/a><\/p>\n<p><a href=\"https:\/\/blogsaverroes.juntadeandalucia.es\/iesfuentepina\/files\/2024\/04\/PCAP-adapatado-al-informe-GJP.pdf\">PCAP adaptado al informe GJP<\/a><\/p>\n<p><a href=\"https:\/\/blogsaverroes.juntadeandalucia.es\/iesfuentepina\/files\/2024\/04\/Documento-resumen-para-interesados.pdf\">Documento resumen para interesados<\/a><\/p>\n<p>&nbsp;<\/p>\n<p>&nbsp;<\/p>\n<p><a href=\"https:\/\/blogsaverroes.juntadeandalucia.es\/iesfuentepina\/files\/2024\/04\/Cafeteria-Banner.png\"><img loading=\"lazy\" decoding=\"async\" class=\"aligncenter size-large wp-image-3966\" src=\"https:\/\/blogsaverroes.juntadeandalucia.es\/iesfuentepina\/files\/2024\/04\/Cafeteria-Banner-1024x512.png\" alt=\"\" width=\"1024\" height=\"512\" srcset=\"https:\/\/blogsaverroes.juntadeandalucia.es\/iesfuentepina\/files\/2024\/04\/Cafeteria-Banner-1024x512.png 1024w, https:\/\/blogsaverroes.juntadeandalucia.es\/iesfuentepina\/files\/2024\/04\/Cafeteria-Banner-300x150.png 300w, https:\/\/blogsaverroes.juntadeandalucia.es\/iesfuentepina\/files\/2024\/04\/Cafeteria-Banner-768x384.png 768w, https:\/\/blogsaverroes.juntadeandalucia.es\/iesfuentepina\/files\/2024\/04\/Cafeteria-Banner-1536x768.png 1536w, https:\/\/blogsaverroes.juntadeandalucia.es\/iesfuentepina\/files\/2024\/04\/Cafeteria-Banner-2048x1024.png 2048w\" sizes=\"(max-width: 1024px) 100vw, 1024px\" \/><\/a><\/p>\n<p>&nbsp;<\/p>\n","protected":false},"excerpt":{"rendered":"<p>Abierto el plazo para solicitar la licitaci\u00f3n de la cafeter\u00eda del centro desde el 4 al 29 de abril de 2024. La documentaci\u00f3n es la siguiente: Resoluci\u00f3n convocatoria licitaci\u00f3n PLIEGO DE PRESCRIPCIONES T\u00c9CNICAS PCAP&#46;&#46;&#46;<\/p>\n","protected":false},"author":11361,"featured_media":3966,"parent":3828,"menu_order":0,"comment_status":"closed","ping_status":"closed","template":"","meta":{"ngg_post_thumbnail":0,"footnotes":"","_mc_calendar":[]},"aioseo_notices":[],"_links":{"self":[{"href":"https:\/\/blogsaverroes.juntadeandalucia.es\/iesfuentepina\/wp-json\/wp\/v2\/pages\/3961"}],"collection":[{"href":"https:\/\/blogsaverroes.juntadeandalucia.es\/iesfuentepina\/wp-json\/wp\/v2\/pages"}],"about":[{"href":"https:\/\/blogsaverroes.juntadeandalucia.es\/iesfuentepina\/wp-json\/wp\/v2\/types\/page"}],"author":[{"embeddable":true,"href":"https:\/\/blogsaverroes.juntadeandalucia.es\/iesfuentepina\/wp-json\/wp\/v2\/users\/11361"}],"replies":[{"embeddable":true,"href":"https:\/\/blogsaverroes.juntadeandalucia.es\/iesfuentepina\/wp-json\/wp\/v2\/comments?post=3961"}],"version-history":[{"count":1,"href":"https:\/\/blogsaverroes.juntadeandalucia.es\/iesfuentepina\/wp-json\/wp\/v2\/pages\/3961\/revisions"}],"predecessor-version":[{"id":3967,"href":"https:\/\/blogsaverroes.juntadeandalucia.es\/iesfuentepina\/wp-json\/wp\/v2\/pages\/3961\/revisions\/3967"}],"up":[{"embeddable":true,"href":"https:\/\/blogsaverroes.juntadeandalucia.es\/iesfuentepina\/wp-json\/wp\/v2\/pages\/3828"}],"wp:featuredmedia":[{"embeddable":true,"href":"https:\/\/blogsaverroes.juntadeandalucia.es\/iesfuentepina\/wp-json\/wp\/v2\/media\/3966"}],"wp:attachment":[{"href":"https:\/\/blogsaverroes.juntadeandalucia.es\/iesfuentepina\/wp-json\/wp\/v2\/media?parent=3961"}],"curies":[{"name":"wp","href":"https:\/\/api.w.org\/{rel}","templated":true}]}}