{"id":4096,"date":"2024-06-07T12:57:06","date_gmt":"2024-06-07T11:57:06","guid":{"rendered":"https:\/\/blogsaverroes.juntadeandalucia.es\/iesfuentepina\/?page_id=4096"},"modified":"2025-03-19T22:29:09","modified_gmt":"2025-03-19T21:29:09","slug":"solutia","status":"publish","type":"page","link":"https:\/\/blogsaverroes.juntadeandalucia.es\/iesfuentepina\/ofertas-de-empleo\/solutia\/","title":{"rendered":"Solutia"},"content":{"rendered":"<div><a href=\"https:\/\/blogsaverroes.juntadeandalucia.es\/iesfuentepina\/files\/2024\/06\/Solutia.jpg\"><img loading=\"lazy\" decoding=\"async\" class=\"aligncenter size-large wp-image-4098\" src=\"https:\/\/blogsaverroes.juntadeandalucia.es\/iesfuentepina\/files\/2024\/06\/Solutia-1024x256.jpg\" alt=\"\" width=\"1024\" height=\"256\" srcset=\"https:\/\/blogsaverroes.juntadeandalucia.es\/iesfuentepina\/files\/2024\/06\/Solutia-1024x256.jpg 1024w, https:\/\/blogsaverroes.juntadeandalucia.es\/iesfuentepina\/files\/2024\/06\/Solutia-300x75.jpg 300w, https:\/\/blogsaverroes.juntadeandalucia.es\/iesfuentepina\/files\/2024\/06\/Solutia-768x192.jpg 768w, https:\/\/blogsaverroes.juntadeandalucia.es\/iesfuentepina\/files\/2024\/06\/Solutia-1536x383.jpg 1536w, https:\/\/blogsaverroes.juntadeandalucia.es\/iesfuentepina\/files\/2024\/06\/Solutia.jpg 1543w\" sizes=\"(max-width: 1024px) 100vw, 1024px\" \/><\/a><\/div>\n<div>&nbsp;<\/div>\n<div>&nbsp;<\/div>\n<div>&nbsp;<\/div>\n<div>Gustavo Berm\u00fadez, responsable de Proyectos de Grupo Solutia tienen un Proyecto de Actualizaci\u00f3n Tecnol\u00f3gica y requieren incorporar de manera temporal&nbsp; 2 personas por provincia.&nbsp;<\/div>\n<div>&nbsp;<\/div>\n<div>Adjunto un Excel con el perfil deseado:<\/div>\n<div>&nbsp;<\/div>\n<div>&#8211; Familia Profesional en grados de FP B\u00e1sico, Medio o Superior<\/div>\n<div>\n<ul>\n<li>\n<div><span style=\"font-family: arial, sans-serif;font-size: small\">Inform\u00e1tica y Comunicaciones<br \/>\n<\/span><\/div>\n<\/li>\n<li>\n<div><span style=\"font-family: arial, sans-serif;font-size: small\">Electricidad y Electr\u00f3nica<br \/>\n<\/span><\/div>\n<\/li>\n<li>\n<div><span style=\"font-family: arial, sans-serif;font-size: small\">Instalaci\u00f3n y Mantenimiento<br \/>\n<\/span><\/div>\n<\/li>\n<\/ul>\n<\/div>\n<div>Tambi\u00e9n ser\u00e1n evaluados los certificados de profesionalidad que est\u00e9n relacionados.<\/div>\n<div>&nbsp;<\/div>\n<div>&#8211; La pesta\u00f1a&nbsp;<b>Curr\u00edcula del Puesto<\/b>&nbsp;explica qu\u00e9 grado puede adaptarse al puesto.<\/div>\n<div>&#8211; La pesta\u00f1a&nbsp;<b>Responsabilidades del Cargo<\/b>&nbsp;explica las tareas principales que ejecutar\u00e1 (si el candidato tiene compromiso, responsabilidad e integridad, existe la posibilidad de trasladarlo a otro proyecto de montaje de dispositivos de detecci\u00f3n de movimiento.<\/div>\n<div>&nbsp;<\/div>\n<div>Como requisito indispensable:<\/div>\n<div>\n<ul>\n<li>Carnet de Conducir&nbsp;<\/li>\n<li>Formaci\u00f3n en PRL<\/li>\n<\/ul>\n<p>Salario&nbsp;<\/p>\n<\/div>\n<div>\n<ul>\n<li>&nbsp;Seg\u00fan convenio A2GDN3 de 16036 \u20ac<\/li>\n<\/ul>\n<div>&nbsp;<\/div>\n<\/div>\n<div>Agradezco que hagan llegar sus CV a los correos&nbsp;<\/div>\n<div><a href=\"mailto:transicion@gruposolutia.com\" target=\"_blank\" rel=\"noopener\">transicion@gruposolutia.com<\/a><\/div>\n<div><a href=\"mailto:gbermudez@gruposolutia.com\" target=\"_blank\" rel=\"noopener\">gbermudez@gruposolutia.com<\/a>&nbsp;&nbsp;<\/div>\n<div>&nbsp;<\/div>\n<div>Estar\u00e9&nbsp;atento a&nbsp; cualquier duda&nbsp;o informaci\u00f3n adicional que necesite<\/div>\n<div>&nbsp;<\/div>\n<div>Saludos<\/div>\n<div>&nbsp;<\/div>\n<div><a href=\"https:\/\/blogsaverroes.juntadeandalucia.es\/iesfuentepina\/files\/2024\/06\/Tecnico-de-Proyecto-Renovacion-Tecnologica-.xlsx\">T\u00e9cnico de Proyecto Renovaci\u00f3n Tecnol\u00f3gica<\/a><\/div>\n","protected":false},"excerpt":{"rendered":"<p>&nbsp; &nbsp; &nbsp; Gustavo Berm\u00fadez, responsable de Proyectos de Grupo Solutia tienen un Proyecto de Actualizaci\u00f3n Tecnol\u00f3gica y requieren incorporar de manera temporal&nbsp; 2 personas por provincia.&nbsp; &nbsp; Adjunto un Excel con el perfil&#46;&#46;&#46;<\/p>\n","protected":false},"author":11361,"featured_media":0,"parent":3804,"menu_order":0,"comment_status":"closed","ping_status":"closed","template":"","meta":{"ngg_post_thumbnail":0,"footnotes":"","_mc_calendar":[]},"aioseo_notices":[],"_links":{"self":[{"href":"https:\/\/blogsaverroes.juntadeandalucia.es\/iesfuentepina\/wp-json\/wp\/v2\/pages\/4096"}],"collection":[{"href":"https:\/\/blogsaverroes.juntadeandalucia.es\/iesfuentepina\/wp-json\/wp\/v2\/pages"}],"about":[{"href":"https:\/\/blogsaverroes.juntadeandalucia.es\/iesfuentepina\/wp-json\/wp\/v2\/types\/page"}],"author":[{"embeddable":true,"href":"https:\/\/blogsaverroes.juntadeandalucia.es\/iesfuentepina\/wp-json\/wp\/v2\/users\/11361"}],"replies":[{"embeddable":true,"href":"https:\/\/blogsaverroes.juntadeandalucia.es\/iesfuentepina\/wp-json\/wp\/v2\/comments?post=4096"}],"version-history":[{"count":2,"href":"https:\/\/blogsaverroes.juntadeandalucia.es\/iesfuentepina\/wp-json\/wp\/v2\/pages\/4096\/revisions"}],"predecessor-version":[{"id":4378,"href":"https:\/\/blogsaverroes.juntadeandalucia.es\/iesfuentepina\/wp-json\/wp\/v2\/pages\/4096\/revisions\/4378"}],"up":[{"embeddable":true,"href":"https:\/\/blogsaverroes.juntadeandalucia.es\/iesfuentepina\/wp-json\/wp\/v2\/pages\/3804"}],"wp:attachment":[{"href":"https:\/\/blogsaverroes.juntadeandalucia.es\/iesfuentepina\/wp-json\/wp\/v2\/media?parent=4096"}],"curies":[{"name":"wp","href":"https:\/\/api.w.org\/{rel}","templated":true}]}}

<div><a href="https://blogsaverroes.juntadeandalucia.es/iesfuentepina/files/2024/06/Solutia.jpg"><img loading="lazy" decoding="async" class="aligncenter size-large wp-image-4098" src="https://blogsaverroes.juntadeandalucia.es/iesfuentepina/files/2024/06/Solutia-1024x256.jpg" alt="" width="1024" height="256" srcset="https://blogsaverroes.juntadeandalucia.es/iesfuentepina/files/2024/06/Solutia-1024x256.jpg 1024w, https://blogsaverroes.juntadeandalucia.es/iesfuentepina/files/2024/06/Solutia-300x75.jpg 300w, https://blogsaverroes.juntadeandalucia.es/iesfuentepina/files/2024/06/Solutia-768x192.jpg 768w, https://blogsaverroes.juntadeandalucia.es/iesfuentepina/files/2024/06/Solutia-1536x383.jpg 1536w, https://blogsaverroes.juntadeandalucia.es/iesfuentepina/files/2024/06/Solutia.jpg 1543w" sizes="(max-width: 1024px) 100vw, 1024px" /></a></div>
<div>&nbsp;</div>
<div>&nbsp;</div>
<div>&nbsp;</div>
<div>Gustavo Bermúdez, responsable de Proyectos de Grupo Solutia tienen un Proyecto de Actualización Tecnológica y requieren incorporar de manera temporal&nbsp; 2 personas por provincia.&nbsp;</div>
<div>&nbsp;</div>
<div>Adjunto un Excel con el perfil deseado:</div>
<div>&nbsp;</div>
<div>&#8211; Familia Profesional en grados de FP Básico, Medio o Superior</div>
<div>
<ul>
<li>
<div><span style="font-family: arial, sans-serif;font-size: small">Informática y Comunicaciones<br />
</span></div>
</li>
<li>
<div><span style="font-family: arial, sans-serif;font-size: small">Electricidad y Electrónica<br />
</span></div>
</li>
<li>
<div><span style="font-family: arial, sans-serif;font-size: small">Instalación y Mantenimiento<br />
</span></div>
</li>
</ul>
</div>
<div>También serán evaluados los certificados de profesionalidad que estén relacionados.</div>
<div>&nbsp;</div>
<div>&#8211; La pestaña&nbsp;<b>Currícula del Puesto</b>&nbsp;explica qué grado puede adaptarse al puesto.</div>
<div>&#8211; La pestaña&nbsp;<b>Responsabilidades del Cargo</b>&nbsp;explica las tareas principales que ejecutará (si el candidato tiene compromiso, responsabilidad e integridad, existe la posibilidad de trasladarlo a otro proyecto de montaje de dispositivos de detección de movimiento.</div>
<div>&nbsp;</div>
<div>Como requisito indispensable:</div>
<div>
<ul>
<li>Carnet de Conducir&nbsp;</li>
<li>Formación en PRL</li>
</ul>
<p>Salario&nbsp;</p>
</div>
<div>
<ul>
<li>&nbsp;Según convenio A2GDN3 de 16036 €</li>
</ul>
<div>&nbsp;</div>
</div>
<div>Agradezco que hagan llegar sus CV a los correos&nbsp;</div>
<div><a href="mailto:transicion@gruposolutia.com" target="_blank" rel="noopener">transicion@gruposolutia.com</a></div>
<div><a href="mailto:gbermudez@gruposolutia.com" target="_blank" rel="noopener">gbermudez@gruposolutia.com</a>&nbsp;&nbsp;</div>
<div>&nbsp;</div>
<div>Estaré&nbsp;atento a&nbsp; cualquier duda&nbsp;o información adicional que necesite</div>
<div>&nbsp;</div>
<div>Saludos</div>
<div>&nbsp;</div>
<div><a href="https://blogsaverroes.juntadeandalucia.es/iesfuentepina/files/2024/06/Tecnico-de-Proyecto-Renovacion-Tecnologica-.xlsx">Técnico de Proyecto Renovación Tecnológica</a></div>

<p>&nbsp; &nbsp; &nbsp; Gustavo Bermúdez, responsable de Proyectos de Grupo Solutia tienen un Proyecto de Actualización Tecnológica y requieren incorporar de manera temporal&nbsp; 2 personas por provincia.&nbsp; &nbsp; Adjunto un Excel con el perfil&#46;&#46;&#46;</p>
