{"id":4112,"date":"2024-06-12T16:43:14","date_gmt":"2024-06-12T15:43:14","guid":{"rendered":"https:\/\/blogsaverroes.juntadeandalucia.es\/iesfuentepina\/?page_id=4112"},"modified":"2024-06-12T16:43:14","modified_gmt":"2024-06-12T15:43:14","slug":"conociendo-el-cuerpo-humano-a-traves-de-la-realidad-virtual","status":"publish","type":"page","link":"https:\/\/blogsaverroes.juntadeandalucia.es\/iesfuentepina\/conociendo-el-cuerpo-humano-a-traves-de-la-realidad-virtual\/","title":{"rendered":"CONOCIENDO EL CUERPO HUMANO A TRAV\u00c9S DE LA REALIDAD VIRTUAL"},"content":{"rendered":"<p>La aplicaci\u00f3n de la realidad virtual en este m\u00f3dulo profesional tiene como objetivo mostrar contenidos de aprendizaje m\u00e1s realistas y que consigan mejor comprensi\u00f3n por parte de los<br \/>\nestudiantes. Gracias a este recurso, el alumnado podr\u00e1 familiarizarse y entender mejor la anatomo fisiolog\u00eda&nbsp;y patolog\u00eda del cuerpo humano, permitiendo un aprendizaje m\u00e1s<br \/>\nsignificativo que el basado en simples diapositivas o v\u00eddeos de internet. Este m\u00f3dulo, en concreto, es un m\u00f3dulo que se fundamenta en contenidos b\u00e1sicos y generales, pero muy<br \/>\nnecesarios para la comprensi\u00f3n de futuros contenidos m\u00e1s espec\u00edficos del ciclo formativo. Es una propuesta innovadora extrapolable a cualquier ciclo formativo del \u00e1mbito sanitario,<br \/>\ndebido a que se trata de un m\u00f3dulo profesional presente en la gran mayor\u00eda de ciclos formativos de este \u00e1mbito.<\/p>\n<p><a href=\"https:\/\/blogsaverroes.juntadeandalucia.es\/iesfuentepina\/files\/2024\/06\/El-cuerpo-humano-en-realidad-virtual.jpg\"><img loading=\"lazy\" decoding=\"async\" class=\"aligncenter size-large wp-image-4114\" src=\"https:\/\/blogsaverroes.juntadeandalucia.es\/iesfuentepina\/files\/2024\/06\/El-cuerpo-humano-en-realidad-virtual-1024x576.jpg\" alt=\"\" width=\"1024\" height=\"576\" srcset=\"https:\/\/blogsaverroes.juntadeandalucia.es\/iesfuentepina\/files\/2024\/06\/El-cuerpo-humano-en-realidad-virtual-1024x576.jpg 1024w, https:\/\/blogsaverroes.juntadeandalucia.es\/iesfuentepina\/files\/2024\/06\/El-cuerpo-humano-en-realidad-virtual-300x169.jpg 300w, https:\/\/blogsaverroes.juntadeandalucia.es\/iesfuentepina\/files\/2024\/06\/El-cuerpo-humano-en-realidad-virtual-768x432.jpg 768w, https:\/\/blogsaverroes.juntadeandalucia.es\/iesfuentepina\/files\/2024\/06\/El-cuerpo-humano-en-realidad-virtual-1536x864.jpg 1536w, https:\/\/blogsaverroes.juntadeandalucia.es\/iesfuentepina\/files\/2024\/06\/El-cuerpo-humano-en-realidad-virtual.jpg 1920w\" sizes=\"(max-width: 1024px) 100vw, 1024px\" \/><\/a><\/p>\n<p>Consulta el proyecto <a href=\"https:\/\/blogsaverroes.juntadeandalucia.es\/iesfuentepina\/files\/2024\/06\/proyecto.pdf\">Aqu\u00ed.<\/a><\/p>\n","protected":false},"excerpt":{"rendered":"<p>La aplicaci\u00f3n de la realidad virtual en este m\u00f3dulo profesional tiene como objetivo mostrar contenidos de aprendizaje m\u00e1s realistas y que consigan mejor comprensi\u00f3n por parte de los estudiantes. Gracias a este recurso, el&#46;&#46;&#46;<\/p>\n","protected":false},"author":11361,"featured_media":4114,"parent":0,"menu_order":0,"comment_status":"closed","ping_status":"closed","template":"","meta":{"ngg_post_thumbnail":0,"footnotes":"","_mc_calendar":[]},"aioseo_notices":[],"_links":{"self":[{"href":"https:\/\/blogsaverroes.juntadeandalucia.es\/iesfuentepina\/wp-json\/wp\/v2\/pages\/4112"}],"collection":[{"href":"https:\/\/blogsaverroes.juntadeandalucia.es\/iesfuentepina\/wp-json\/wp\/v2\/pages"}],"about":[{"href":"https:\/\/blogsaverroes.juntadeandalucia.es\/iesfuentepina\/wp-json\/wp\/v2\/types\/page"}],"author":[{"embeddable":true,"href":"https:\/\/blogsaverroes.juntadeandalucia.es\/iesfuentepina\/wp-json\/wp\/v2\/users\/11361"}],"replies":[{"embeddable":true,"href":"https:\/\/blogsaverroes.juntadeandalucia.es\/iesfuentepina\/wp-json\/wp\/v2\/comments?post=4112"}],"version-history":[{"count":1,"href":"https:\/\/blogsaverroes.juntadeandalucia.es\/iesfuentepina\/wp-json\/wp\/v2\/pages\/4112\/revisions"}],"predecessor-version":[{"id":4115,"href":"https:\/\/blogsaverroes.juntadeandalucia.es\/iesfuentepina\/wp-json\/wp\/v2\/pages\/4112\/revisions\/4115"}],"wp:featuredmedia":[{"embeddable":true,"href":"https:\/\/blogsaverroes.juntadeandalucia.es\/iesfuentepina\/wp-json\/wp\/v2\/media\/4114"}],"wp:attachment":[{"href":"https:\/\/blogsaverroes.juntadeandalucia.es\/iesfuentepina\/wp-json\/wp\/v2\/media?parent=4112"}],"curies":[{"name":"wp","href":"https:\/\/api.w.org\/{rel}","templated":true}]}}

CONOCIENDO EL CUERPO HUMANO A TRAVÉS DE LA REALIDAD VIRTUAL

<p>La aplicación de la realidad virtual en este módulo profesional tiene como objetivo mostrar contenidos de aprendizaje más realistas y que consigan mejor comprensión por parte de los<br />
estudiantes. Gracias a este recurso, el alumnado podrá familiarizarse y entender mejor la anatomo fisiología&nbsp;y patología del cuerpo humano, permitiendo un aprendizaje más<br />
significativo que el basado en simples diapositivas o vídeos de internet. Este módulo, en concreto, es un módulo que se fundamenta en contenidos básicos y generales, pero muy<br />
necesarios para la comprensión de futuros contenidos más específicos del ciclo formativo. Es una propuesta innovadora extrapolable a cualquier ciclo formativo del ámbito sanitario,<br />
debido a que se trata de un módulo profesional presente en la gran mayoría de ciclos formativos de este ámbito.</p>
<p><a href="https://blogsaverroes.juntadeandalucia.es/iesfuentepina/files/2024/06/El-cuerpo-humano-en-realidad-virtual.jpg"><img loading="lazy" decoding="async" class="aligncenter size-large wp-image-4114" src="https://blogsaverroes.juntadeandalucia.es/iesfuentepina/files/2024/06/El-cuerpo-humano-en-realidad-virtual-1024x576.jpg" alt="" width="1024" height="576" srcset="https://blogsaverroes.juntadeandalucia.es/iesfuentepina/files/2024/06/El-cuerpo-humano-en-realidad-virtual-1024x576.jpg 1024w, https://blogsaverroes.juntadeandalucia.es/iesfuentepina/files/2024/06/El-cuerpo-humano-en-realidad-virtual-300x169.jpg 300w, https://blogsaverroes.juntadeandalucia.es/iesfuentepina/files/2024/06/El-cuerpo-humano-en-realidad-virtual-768x432.jpg 768w, https://blogsaverroes.juntadeandalucia.es/iesfuentepina/files/2024/06/El-cuerpo-humano-en-realidad-virtual-1536x864.jpg 1536w, https://blogsaverroes.juntadeandalucia.es/iesfuentepina/files/2024/06/El-cuerpo-humano-en-realidad-virtual.jpg 1920w" sizes="(max-width: 1024px) 100vw, 1024px" /></a></p>
<p>Consulta el proyecto <a href="https://blogsaverroes.juntadeandalucia.es/iesfuentepina/files/2024/06/proyecto.pdf">Aquí.</a></p>

<p>La aplicación de la realidad virtual en este módulo profesional tiene como objetivo mostrar contenidos de aprendizaje más realistas y que consigan mejor comprensión por parte de los estudiantes. Gracias a este recurso, el&#46;&#46;&#46;</p>
