{"id":4141,"date":"2024-06-25T12:34:47","date_gmt":"2024-06-25T11:34:47","guid":{"rendered":"https:\/\/blogsaverroes.juntadeandalucia.es\/iesfuentepina\/?page_id=4141"},"modified":"2025-05-23T11:37:03","modified_gmt":"2025-05-23T10:37:03","slug":"informacion-sobre-reclamaciones-a-calificaciones-promociones-de-curso-o-titulacion","status":"publish","type":"page","link":"https:\/\/blogsaverroes.juntadeandalucia.es\/iesfuentepina\/secretaria\/informacion-sobre-reclamaciones-a-calificaciones-promociones-de-curso-o-titulacion\/","title":{"rendered":"Informaci\u00f3n sobre reclamaciones a calificaciones, promociones de curso o titulaci\u00f3n."},"content":{"rendered":"<p>&nbsp;<\/p>\n<p><a href=\"https:\/\/blogsaverroes.juntadeandalucia.es\/iesfuentepina\/files\/2025\/05\/Relojes-fuentepina-texto.jpg\"><img loading=\"lazy\" decoding=\"async\" class=\"aligncenter  wp-image-4470\" src=\"https:\/\/blogsaverroes.juntadeandalucia.es\/iesfuentepina\/files\/2025\/05\/Relojes-fuentepina-texto-1024x496.jpg\" alt=\"\" width=\"621\" height=\"301\" srcset=\"https:\/\/blogsaverroes.juntadeandalucia.es\/iesfuentepina\/files\/2025\/05\/Relojes-fuentepina-texto-1024x496.jpg 1024w, https:\/\/blogsaverroes.juntadeandalucia.es\/iesfuentepina\/files\/2025\/05\/Relojes-fuentepina-texto-300x145.jpg 300w, https:\/\/blogsaverroes.juntadeandalucia.es\/iesfuentepina\/files\/2025\/05\/Relojes-fuentepina-texto-768x372.jpg 768w, https:\/\/blogsaverroes.juntadeandalucia.es\/iesfuentepina\/files\/2025\/05\/Relojes-fuentepina-texto-1536x744.jpg 1536w, https:\/\/blogsaverroes.juntadeandalucia.es\/iesfuentepina\/files\/2025\/05\/Relojes-fuentepina-texto.jpg 2045w\" sizes=\"(max-width: 621px) 100vw, 621px\" \/><\/a><\/p>\n<p>Para secundaria y bachillerato el procedimiento es el <a href=\"https:\/\/blogsaverroes.juntadeandalucia.es\/iesfuentepina\/files\/2025\/05\/Expediente_reclamacion-1.pdf\">siguiente.<\/a><\/p>\n<p>Si quiere solicitar la revisi\u00f3n de notas, la promoci\u00f3n de curso o la titulaci\u00f3n debe usar este modelo <a href=\"https:\/\/blogsaverroes.juntadeandalucia.es\/iesfuentepina\/files\/2025\/05\/HU1-Solicitud-de-revision.pdf\">HU1 Solicitud de revisi\u00f3n<\/a> de <strong>solicitud de revisi\u00f3n de calificaciones, promoci\u00f3n y titulaci\u00f3n ante el centro<\/strong> y enviarlo al centro por <a href=\"https:\/\/www.juntadeandalucia.es\/educacion\/secretariavirtual\/solicitudes\/\">secretar\u00eda virtual<\/a> (Solicitudes\/Tr\u00e1mites generales\/Presentaci\u00f3n electr\u00f3nica general en centros educativos) o presencialmente en el centro en horario de secretar\u00eda (de 10:00 a 11:00 h).<\/p>\n<p>El centro le contestar\u00e1 en un plazo de 48h.<\/p>\n<p>Si no est\u00e1 conforme con la resoluci\u00f3n, puede elevar la reclamaci\u00f3n a la delegaci\u00f3n de educaci\u00f3n con este modelo <a href=\"https:\/\/blogsaverroes.juntadeandalucia.es\/iesfuentepina\/files\/2025\/05\/HU3-Solicitud-reclamacion.pdf\">HU3 Solicitud reclamaci\u00f3n.<\/a><\/p>\n<p>&nbsp;<\/p>\n<p>&nbsp;<\/p>\n","protected":false},"excerpt":{"rendered":"<p>&nbsp; Para secundaria y bachillerato el procedimiento es el siguiente. Si quiere solicitar la revisi\u00f3n de notas, la promoci\u00f3n de curso o la titulaci\u00f3n debe usar este modelo HU1 Solicitud de revisi\u00f3n de solicitud&#46;&#46;&#46;<\/p>\n","protected":false},"author":11361,"featured_media":0,"parent":77,"menu_order":0,"comment_status":"closed","ping_status":"closed","template":"","meta":{"ngg_post_thumbnail":0,"footnotes":"","_mc_calendar":[]},"aioseo_notices":[],"_links":{"self":[{"href":"https:\/\/blogsaverroes.juntadeandalucia.es\/iesfuentepina\/wp-json\/wp\/v2\/pages\/4141"}],"collection":[{"href":"https:\/\/blogsaverroes.juntadeandalucia.es\/iesfuentepina\/wp-json\/wp\/v2\/pages"}],"about":[{"href":"https:\/\/blogsaverroes.juntadeandalucia.es\/iesfuentepina\/wp-json\/wp\/v2\/types\/page"}],"author":[{"embeddable":true,"href":"https:\/\/blogsaverroes.juntadeandalucia.es\/iesfuentepina\/wp-json\/wp\/v2\/users\/11361"}],"replies":[{"embeddable":true,"href":"https:\/\/blogsaverroes.juntadeandalucia.es\/iesfuentepina\/wp-json\/wp\/v2\/comments?post=4141"}],"version-history":[{"count":9,"href":"https:\/\/blogsaverroes.juntadeandalucia.es\/iesfuentepina\/wp-json\/wp\/v2\/pages\/4141\/revisions"}],"predecessor-version":[{"id":4471,"href":"https:\/\/blogsaverroes.juntadeandalucia.es\/iesfuentepina\/wp-json\/wp\/v2\/pages\/4141\/revisions\/4471"}],"up":[{"embeddable":true,"href":"https:\/\/blogsaverroes.juntadeandalucia.es\/iesfuentepina\/wp-json\/wp\/v2\/pages\/77"}],"wp:attachment":[{"href":"https:\/\/blogsaverroes.juntadeandalucia.es\/iesfuentepina\/wp-json\/wp\/v2\/media?parent=4141"}],"curies":[{"name":"wp","href":"https:\/\/api.w.org\/{rel}","templated":true}]}}