{"id":4376,"date":"2025-03-19T22:28:49","date_gmt":"2025-03-19T21:28:49","guid":{"rendered":"https:\/\/blogsaverroes.juntadeandalucia.es\/iesfuentepina\/?page_id=4376"},"modified":"2026-04-24T12:33:11","modified_gmt":"2026-04-24T11:33:11","slug":"prevencion-de-riesgos-profesionales","status":"publish","type":"page","link":"https:\/\/blogsaverroes.juntadeandalucia.es\/iesfuentepina\/ofertas-de-empleo\/prevencion-de-riesgos-profesionales\/","title":{"rendered":"Prevenci\u00f3n de Riesgos Profesionales"},"content":{"rendered":"<p>Necesitan t\u00e9cnicos en Prevenci\u00f3n de Riesgos Profesionales,<\/p>\n<p><strong>Empresa Gespipafri SL<\/strong> (Montilla, C\u00f3rdoba)<\/p>\n<p>enviar curr\u00edculum a: rrhh@pmonti.com<\/p>\n<p>&nbsp;<\/p>\n<p><strong>Corporaci\u00f3n MPE Lepe<\/strong><\/p>\n<p>enviar curr\u00edculum a: director.lepe@grupompe.com<\/p>\n<p>&nbsp;<\/p>\n<p><strong>Alex Huelva SL<\/strong><\/p>\n<p>enviar curr\u00edculum a a la atenci\u00f3n de Ram\u00f3n Campos Rodr\u00edguez: rcamposrodriguez@alexhuelva.net<\/p>\n<p><a href=\"https:\/\/blogsaverroes.juntadeandalucia.es\/iesfuentepina\/ofertas-de-empleo\/prevencion-de-riesgos-profesionales\/alex-huelva-sl\/\"><img loading=\"lazy\" decoding=\"async\" class=\"size-full wp-image-4833 alignleft\" src=\"https:\/\/blogsaverroes.juntadeandalucia.es\/iesfuentepina\/files\/2026\/04\/Captura-de-pantalla-2026-04-24-131802.png\" alt=\"\" width=\"215\" height=\"124\"><\/a><\/p>\n","protected":false},"excerpt":{"rendered":"<p>Necesitan t\u00e9cnicos en Prevenci\u00f3n de Riesgos Profesionales, Empresa Gespipafri SL (Montilla, C\u00f3rdoba) enviar curr\u00edculum a: rrhh@pmonti.com &nbsp; Corporaci\u00f3n MPE Lepe enviar curr\u00edculum a: director.lepe@grupompe.com &nbsp; Alex Huelva SL enviar curr\u00edculum a a la atenci\u00f3n&#46;&#46;&#46;<\/p>\n","protected":false},"author":11361,"featured_media":0,"parent":3804,"menu_order":0,"comment_status":"closed","ping_status":"closed","template":"","meta":{"ngg_post_thumbnail":0,"footnotes":"","_mc_calendar":[]},"aioseo_notices":[],"_links":{"self":[{"href":"https:\/\/blogsaverroes.juntadeandalucia.es\/iesfuentepina\/wp-json\/wp\/v2\/pages\/4376"}],"collection":[{"href":"https:\/\/blogsaverroes.juntadeandalucia.es\/iesfuentepina\/wp-json\/wp\/v2\/pages"}],"about":[{"href":"https:\/\/blogsaverroes.juntadeandalucia.es\/iesfuentepina\/wp-json\/wp\/v2\/types\/page"}],"author":[{"embeddable":true,"href":"https:\/\/blogsaverroes.juntadeandalucia.es\/iesfuentepina\/wp-json\/wp\/v2\/users\/11361"}],"replies":[{"embeddable":true,"href":"https:\/\/blogsaverroes.juntadeandalucia.es\/iesfuentepina\/wp-json\/wp\/v2\/comments?post=4376"}],"version-history":[{"count":4,"href":"https:\/\/blogsaverroes.juntadeandalucia.es\/iesfuentepina\/wp-json\/wp\/v2\/pages\/4376\/revisions"}],"predecessor-version":[{"id":4840,"href":"https:\/\/blogsaverroes.juntadeandalucia.es\/iesfuentepina\/wp-json\/wp\/v2\/pages\/4376\/revisions\/4840"}],"up":[{"embeddable":true,"href":"https:\/\/blogsaverroes.juntadeandalucia.es\/iesfuentepina\/wp-json\/wp\/v2\/pages\/3804"}],"wp:attachment":[{"href":"https:\/\/blogsaverroes.juntadeandalucia.es\/iesfuentepina\/wp-json\/wp\/v2\/media?parent=4376"}],"curies":[{"name":"wp","href":"https:\/\/api.w.org\/{rel}","templated":true}]}}

Prevención de Riesgos Profesionales

<p>Necesitan técnicos en Prevención de Riesgos Profesionales,</p>
<p><strong>Empresa Gespipafri SL</strong> (Montilla, Córdoba)</p>
<p>enviar currículum a: rrhh@pmonti.com</p>
<p>&nbsp;</p>
<p><strong>Corporación MPE Lepe</strong></p>
<p>enviar currículum a: director.lepe@grupompe.com</p>
<p>&nbsp;</p>
<p><strong>Alex Huelva SL</strong></p>
<p>enviar currículum a a la atención de Ramón Campos Rodríguez: rcamposrodriguez@alexhuelva.net</p>
<p><a href="https://blogsaverroes.juntadeandalucia.es/iesfuentepina/ofertas-de-empleo/prevencion-de-riesgos-profesionales/alex-huelva-sl/"><img loading="lazy" decoding="async" class="size-full wp-image-4833 alignleft" src="https://blogsaverroes.juntadeandalucia.es/iesfuentepina/files/2026/04/Captura-de-pantalla-2026-04-24-131802.png" alt="" width="215" height="124"></a></p>

<p>Necesitan técnicos en Prevención de Riesgos Profesionales, Empresa Gespipafri SL (Montilla, Córdoba) enviar currículum a: rrhh@pmonti.com &nbsp; Corporación MPE Lepe enviar currículum a: director.lepe@grupompe.com &nbsp; Alex Huelva SL enviar currículum a a la atención&#46;&#46;&#46;</p>
