{"id":4505,"date":"2025-06-26T08:49:06","date_gmt":"2025-06-26T07:49:06","guid":{"rendered":"https:\/\/blogsaverroes.juntadeandalucia.es\/iesfuentepina\/?page_id=4505"},"modified":"2025-06-26T08:49:06","modified_gmt":"2025-06-26T07:49:06","slug":"aprendo-seguridad-digital-de-forma-amena-y-divertida","status":"publish","type":"page","link":"https:\/\/blogsaverroes.juntadeandalucia.es\/iesfuentepina\/aprendo-seguridad-digital-de-forma-amena-y-divertida\/","title":{"rendered":"Aprendo Seguridad Digital de forma amena y divertida"},"content":{"rendered":"<div><b>Aprendo Seguridad Digital de forma amena y divertida<\/b><\/div>\n<div>Est\u00e1 pensado como un recurso para todo el alumnado de E.S.O.<br \/>\nEl Recurso Educativo Abierto est\u00e1 estructurado en las siguientes secciones:<br \/>\n1- V\u00eddeos animados. El v\u00eddeo scribing o v\u00eddeo animado es un v\u00eddeo divulgativo que narra una historia mientras explica un determinado tema o expone ideas relevantes a trav\u00e9s de dibujos sencillos, esquemas, bocadillos, objetos, personas y textos, entre otros.<br \/>\n2- V\u00eddeos. En general son videos de corta duraci\u00f3n.<br \/>\n3- Juegos on-line. Que tratan diferentes aspectos. El alumnado, sin darse cuenta, estar\u00e1 aprendiendo de una forma muy divertida.<br \/>\n4- Juegos gratuitos para descargar, instalar y jugar. El alumnado podr\u00e1 aprender junto a otros compa\u00f1eros, amigos o familiares.<br \/>\n5- Juegos de mesa. El alumnado podr\u00e1 aprender junto a otros compa\u00f1eros, amigos o familiares.<br \/>\n6- Presentaciones. Para tener las ideas mucho m\u00e1s claras sobre los temas tratados.<br \/>\n7- Gu\u00edas y recursos did\u00e1cticos. Que podr\u00e1n servir de ayuda en todo momento y orientar e informar sobre determinados aspectos.<br \/>\nSe trata de un trabajo de curaci\u00f3n de contenidos (recopilar, filtrar, elaborar, difundir y analizar la informaci\u00f3n relevante que encontramos en las redes sociales e Internet).<br \/>\nLos alumnos van a disponer de gran cantidad de recursos para formarse de una forma amena y divertida.<\/div>\n<div>&nbsp;<\/div>\n<div><a href=\"https:\/\/unhicpx7alboazhja96nna.on.drv.tw\/MTI_157_24_AprendoSeguridad_DomingoJ.Castillo.Ver2.9._D.17.06.25\/\" target=\"_blank\" rel=\"noopener\" data-saferedirecturl=\"https:\/\/www.google.com\/url?q=https:\/\/unhicpx7alboazhja96nna.on.drv.tw\/MTI_157_24_AprendoSeguridad_DomingoJ.Castillo.Ver2.9._D.17.06.25\/&amp;source=gmail&amp;ust=1751008826828000&amp;usg=AOvVaw1YZTX8srOO5B1jE-TrGNv7\">Enlace<\/a><\/div>\n","protected":false},"excerpt":{"rendered":"<p>Aprendo Seguridad Digital de forma amena y divertida Est\u00e1 pensado como un recurso para todo el alumnado de E.S.O. El Recurso Educativo Abierto est\u00e1 estructurado en las siguientes secciones: 1- V\u00eddeos animados. El v\u00eddeo&#46;&#46;&#46;<\/p>\n","protected":false},"author":11361,"featured_media":0,"parent":0,"menu_order":0,"comment_status":"closed","ping_status":"closed","template":"","meta":{"ngg_post_thumbnail":0,"footnotes":"","_mc_calendar":[]},"aioseo_notices":[],"_links":{"self":[{"href":"https:\/\/blogsaverroes.juntadeandalucia.es\/iesfuentepina\/wp-json\/wp\/v2\/pages\/4505"}],"collection":[{"href":"https:\/\/blogsaverroes.juntadeandalucia.es\/iesfuentepina\/wp-json\/wp\/v2\/pages"}],"about":[{"href":"https:\/\/blogsaverroes.juntadeandalucia.es\/iesfuentepina\/wp-json\/wp\/v2\/types\/page"}],"author":[{"embeddable":true,"href":"https:\/\/blogsaverroes.juntadeandalucia.es\/iesfuentepina\/wp-json\/wp\/v2\/users\/11361"}],"replies":[{"embeddable":true,"href":"https:\/\/blogsaverroes.juntadeandalucia.es\/iesfuentepina\/wp-json\/wp\/v2\/comments?post=4505"}],"version-history":[{"count":1,"href":"https:\/\/blogsaverroes.juntadeandalucia.es\/iesfuentepina\/wp-json\/wp\/v2\/pages\/4505\/revisions"}],"predecessor-version":[{"id":4506,"href":"https:\/\/blogsaverroes.juntadeandalucia.es\/iesfuentepina\/wp-json\/wp\/v2\/pages\/4505\/revisions\/4506"}],"wp:attachment":[{"href":"https:\/\/blogsaverroes.juntadeandalucia.es\/iesfuentepina\/wp-json\/wp\/v2\/media?parent=4505"}],"curies":[{"name":"wp","href":"https:\/\/api.w.org\/{rel}","templated":true}]}}