{"id":4561,"date":"2025-10-02T09:02:10","date_gmt":"2025-10-02T08:02:10","guid":{"rendered":"https:\/\/blogsaverroes.juntadeandalucia.es\/iesfuentepina\/?page_id=4561"},"modified":"2025-10-02T09:02:10","modified_gmt":"2025-10-02T08:02:10","slug":"savilcon","status":"publish","type":"page","link":"https:\/\/blogsaverroes.juntadeandalucia.es\/iesfuentepina\/ofertas-de-empleo\/savilcon\/","title":{"rendered":"SAVILCON"},"content":{"rendered":"<p><a href=\"https:\/\/blogsaverroes.juntadeandalucia.es\/iesfuentepina\/files\/2025\/10\/SAVILCON.png\"><img loading=\"lazy\" decoding=\"async\" class=\"aligncenter size-full wp-image-4562\" src=\"https:\/\/blogsaverroes.juntadeandalucia.es\/iesfuentepina\/files\/2025\/10\/SAVILCON.png\" alt=\"\" width=\"552\" height=\"189\" srcset=\"https:\/\/blogsaverroes.juntadeandalucia.es\/iesfuentepina\/files\/2025\/10\/SAVILCON.png 552w, https:\/\/blogsaverroes.juntadeandalucia.es\/iesfuentepina\/files\/2025\/10\/SAVILCON-300x103.png 300w\" sizes=\"(max-width: 552px) 100vw, 552px\" \/><\/a><\/p>\n<p>&nbsp;<\/p>\n<p style=\"font-weight: 400\">Estamos en b\u00fasqueda de T\u00e9cnicos de Prevenci\u00f3n de Riesgos Laborales para nuestra delegaci\u00f3n de Huelva.<\/p>\n<p style=\"font-weight: 400\">Env\u00eden curr\u00edculums una vez que hayan finalizado el CFGS Prevenci\u00f3n de Riesgos Profesionales.<\/p>\n","protected":false},"excerpt":{"rendered":"<p>&nbsp; Estamos en b\u00fasqueda de T\u00e9cnicos de Prevenci\u00f3n de Riesgos Laborales para nuestra delegaci\u00f3n de Huelva. Env\u00eden curr\u00edculums una vez que hayan finalizado el CFGS Prevenci\u00f3n de Riesgos Profesionales.<\/p>\n","protected":false},"author":11361,"featured_media":0,"parent":3804,"menu_order":0,"comment_status":"closed","ping_status":"closed","template":"","meta":{"ngg_post_thumbnail":0,"footnotes":"","_mc_calendar":[]},"aioseo_notices":[],"_links":{"self":[{"href":"https:\/\/blogsaverroes.juntadeandalucia.es\/iesfuentepina\/wp-json\/wp\/v2\/pages\/4561"}],"collection":[{"href":"https:\/\/blogsaverroes.juntadeandalucia.es\/iesfuentepina\/wp-json\/wp\/v2\/pages"}],"about":[{"href":"https:\/\/blogsaverroes.juntadeandalucia.es\/iesfuentepina\/wp-json\/wp\/v2\/types\/page"}],"author":[{"embeddable":true,"href":"https:\/\/blogsaverroes.juntadeandalucia.es\/iesfuentepina\/wp-json\/wp\/v2\/users\/11361"}],"replies":[{"embeddable":true,"href":"https:\/\/blogsaverroes.juntadeandalucia.es\/iesfuentepina\/wp-json\/wp\/v2\/comments?post=4561"}],"version-history":[{"count":1,"href":"https:\/\/blogsaverroes.juntadeandalucia.es\/iesfuentepina\/wp-json\/wp\/v2\/pages\/4561\/revisions"}],"predecessor-version":[{"id":4563,"href":"https:\/\/blogsaverroes.juntadeandalucia.es\/iesfuentepina\/wp-json\/wp\/v2\/pages\/4561\/revisions\/4563"}],"up":[{"embeddable":true,"href":"https:\/\/blogsaverroes.juntadeandalucia.es\/iesfuentepina\/wp-json\/wp\/v2\/pages\/3804"}],"wp:attachment":[{"href":"https:\/\/blogsaverroes.juntadeandalucia.es\/iesfuentepina\/wp-json\/wp\/v2\/media?parent=4561"}],"curies":[{"name":"wp","href":"https:\/\/api.w.org\/{rel}","templated":true}]}}

<p><a href="https://blogsaverroes.juntadeandalucia.es/iesfuentepina/files/2025/10/SAVILCON.png"><img loading="lazy" decoding="async" class="aligncenter size-full wp-image-4562" src="https://blogsaverroes.juntadeandalucia.es/iesfuentepina/files/2025/10/SAVILCON.png" alt="" width="552" height="189" srcset="https://blogsaverroes.juntadeandalucia.es/iesfuentepina/files/2025/10/SAVILCON.png 552w, https://blogsaverroes.juntadeandalucia.es/iesfuentepina/files/2025/10/SAVILCON-300x103.png 300w" sizes="(max-width: 552px) 100vw, 552px" /></a></p>
<p>&nbsp;</p>
<p style="font-weight: 400">Estamos en búsqueda de Técnicos de Prevención de Riesgos Laborales para nuestra delegación de Huelva.</p>
<p style="font-weight: 400">Envíen currículums una vez que hayan finalizado el CFGS Prevención de Riesgos Profesionales.</p>

<p>&nbsp; Estamos en búsqueda de Técnicos de Prevención de Riesgos Laborales para nuestra delegación de Huelva. Envíen currículums una vez que hayan finalizado el CFGS Prevención de Riesgos Profesionales.</p>
