{"id":4579,"date":"2025-10-07T10:56:08","date_gmt":"2025-10-07T09:56:08","guid":{"rendered":"https:\/\/blogsaverroes.juntadeandalucia.es\/iesfuentepina\/?page_id=4579"},"modified":"2025-10-08T17:34:31","modified_gmt":"2025-10-08T16:34:31","slug":"planes-y-proyectos","status":"publish","type":"page","link":"https:\/\/blogsaverroes.juntadeandalucia.es\/iesfuentepina\/planes-y-proyectos\/","title":{"rendered":"Planes y proyectos"},"content":{"rendered":"<h2><a href=\"https:\/\/blogsaverroes.juntadeandalucia.es\/iesfuentepina\/files\/2025\/10\/PPP.jpg\"><img loading=\"lazy\" decoding=\"async\" class=\"aligncenter wp-image-4580\" src=\"https:\/\/blogsaverroes.juntadeandalucia.es\/iesfuentepina\/files\/2025\/10\/PPP.jpg\" alt=\"\" width=\"797\" height=\"327\" srcset=\"https:\/\/blogsaverroes.juntadeandalucia.es\/iesfuentepina\/files\/2025\/10\/PPP.jpg 1021w, https:\/\/blogsaverroes.juntadeandalucia.es\/iesfuentepina\/files\/2025\/10\/PPP-300x123.jpg 300w, https:\/\/blogsaverroes.juntadeandalucia.es\/iesfuentepina\/files\/2025\/10\/PPP-768x315.jpg 768w\" sizes=\"(max-width: 797px) 100vw, 797px\" \/><\/a><\/h2>\n<h2 style=\"text-align: center\"><strong>CURSO 2025\/26<\/strong><\/h2>\n<p>&nbsp;<\/p>\n<p style=\"text-align: left\">A) Programas de participaci\u00f3n de oficio (Tipo A)<\/p>\n<p>1. Plan de Actuaci\u00f3n Digital.<br \/>\n2. Plan de Igualdad de G\u00e9nero en Educaci\u00f3n de Andaluc\u00eda.<br \/>\n3. Plan de Apertura de Centros Docentes.<br \/>\n4. Bienestar Emocional.<br \/>\n5. Bibliotecas Escolares.<br \/>\n6. Plan de compensaci\u00f3n educativa.<br \/>\nB) Programas de participaci\u00f3n sin convocatoria espec\u00edfica (Tipo B)<br \/>\n7. H\u00e1bitos de Vida Saludable.<br \/>\n8. ALDEA.<br \/>\n9. Red Andaluza: Escuela Espacio de Paz.<br \/>\n10. F\u00c9NIX ANDALUC\u00cdA.<br \/>\n11. Pr\u00e1cticum.<br \/>\n12. AulaDJaque.<\/p>\n<p>C) Programas de participaci\u00f3n con convocatoria espec\u00edfica (Tipo C)<\/p>\n<p>13. Proyectos Aprendizaje Servicio.<br \/>\n14. PROA ANDALUC\u00cdA.<br \/>\n15. Pacto de Estado: Prevenci\u00f3n Violencia de G\u00e9nero.<br \/>\n16. M\u00e1s Equidad<\/p>\n<p>Otros planes, proyectos y programas:<br \/>\na) Proa+ Transf\u00f3rmate. Vigente hasta 2027.<br \/>\nb) Erasmus FP. Acreditaci\u00f3n KA120 VET. Vigente hasta 2027. Solicitudes anuales KA121.<br \/>\nc) Solicitud acreditaci\u00f3n escolar KA120 SCH. Pendiente de evaluaci\u00f3n.<br \/>\nd) Programa centro biling\u00fce ingl\u00e9s.<br \/>\ne) Programa de Atenci\u00f3n Socioeducativa ZTS.<\/p>\n<p>&nbsp;<\/p>\n<p>&nbsp;<\/p>\n<p>&nbsp;<\/p>\n","protected":false},"excerpt":{"rendered":"<p>CURSO 2025\/26 &nbsp; A) Programas de participaci\u00f3n de oficio (Tipo A) 1. Plan de Actuaci\u00f3n Digital. 2. Plan de Igualdad de G\u00e9nero en Educaci\u00f3n de Andaluc\u00eda. 3. Plan de Apertura de Centros Docentes. 4.&#46;&#46;&#46;<\/p>\n","protected":false},"author":11361,"featured_media":4580,"parent":0,"menu_order":0,"comment_status":"closed","ping_status":"closed","template":"","meta":{"ngg_post_thumbnail":0,"footnotes":"","_mc_calendar":[]},"aioseo_notices":[],"_links":{"self":[{"href":"https:\/\/blogsaverroes.juntadeandalucia.es\/iesfuentepina\/wp-json\/wp\/v2\/pages\/4579"}],"collection":[{"href":"https:\/\/blogsaverroes.juntadeandalucia.es\/iesfuentepina\/wp-json\/wp\/v2\/pages"}],"about":[{"href":"https:\/\/blogsaverroes.juntadeandalucia.es\/iesfuentepina\/wp-json\/wp\/v2\/types\/page"}],"author":[{"embeddable":true,"href":"https:\/\/blogsaverroes.juntadeandalucia.es\/iesfuentepina\/wp-json\/wp\/v2\/users\/11361"}],"replies":[{"embeddable":true,"href":"https:\/\/blogsaverroes.juntadeandalucia.es\/iesfuentepina\/wp-json\/wp\/v2\/comments?post=4579"}],"version-history":[{"count":4,"href":"https:\/\/blogsaverroes.juntadeandalucia.es\/iesfuentepina\/wp-json\/wp\/v2\/pages\/4579\/revisions"}],"predecessor-version":[{"id":4586,"href":"https:\/\/blogsaverroes.juntadeandalucia.es\/iesfuentepina\/wp-json\/wp\/v2\/pages\/4579\/revisions\/4586"}],"wp:featuredmedia":[{"embeddable":true,"href":"https:\/\/blogsaverroes.juntadeandalucia.es\/iesfuentepina\/wp-json\/wp\/v2\/media\/4580"}],"wp:attachment":[{"href":"https:\/\/blogsaverroes.juntadeandalucia.es\/iesfuentepina\/wp-json\/wp\/v2\/media?parent=4579"}],"curies":[{"name":"wp","href":"https:\/\/api.w.org\/{rel}","templated":true}]}}