{"id":52,"date":"2012-01-24T23:36:43","date_gmt":"2012-01-24T22:36:43","guid":{"rendered":"http:\/\/iesgalileogalilei.es\/?page_id=52"},"modified":"2016-07-05T10:16:09","modified_gmt":"2016-07-05T10:16:09","slug":"departamentos-matematicas-miembros","status":"publish","type":"page","link":"https:\/\/blogsaverroes.juntadeandalucia.es\/iesgalileogalilei\/departamentos-matematicas-miembros\/","title":{"rendered":"Miembros del departamento de Matem\u00e1ticas"},"content":{"rendered":"<table>\n<tbody>\n<tr>\n<th>Nombre:<\/th>\n<td>\u00a0Fco. Javier<\/td>\n<\/tr>\n<tr>\n<th>Apellidos:<\/th>\n<td>\u00a0P\u00e9rez Alc\u00e1zar-Caballero<\/td>\n<\/tr>\n<tr>\n<th>Observaciones:<\/th>\n<td>Director<\/td>\n<\/tr>\n<\/tbody>\n<\/table>\n<table>\n<tbody>\n<tr>\n<th>Nombre:<\/th>\n<td>Mar\u00eda<\/td>\n<\/tr>\n<tr>\n<th>Apellidos:<\/th>\n<td>Gamboa Brenes<\/td>\n<\/tr>\n<tr>\n<th>Observaciones:<\/th>\n<td>Jefa de departamento<\/td>\n<\/tr>\n<\/tbody>\n<\/table>\n<table>\n<tbody>\n<tr>\n<th>Nombre:<\/th>\n<td>Eduardo<\/td>\n<\/tr>\n<tr>\n<th>Apellidos:<\/th>\n<td>Romero Rubio<\/td>\n<\/tr>\n<tr>\n<th>Observaciones:<\/th>\n<td>Tutor 2\u00ba B<\/td>\n<\/tr>\n<\/tbody>\n<\/table>\n<table>\n<tbody>\n<tr>\n<th>Nombre:<\/th>\n<td>Miguel \u00c1ngel<\/td>\n<\/tr>\n<tr>\n<th>Apellidos:<\/th>\n<td>Garc\u00eda Garrido<\/td>\n<\/tr>\n<tr>\n<th>Observaciones:<\/th>\n<td>Tutor 3\u00ba C<\/td>\n<\/tr>\n<\/tbody>\n<\/table>\n<table>\n<tbody>\n<tr>\n<th>Nombre:<\/th>\n<td>Beatriz<\/td>\n<\/tr>\n<tr>\n<th>Apellidos:<\/th>\n<td>Aguado Borge<\/td>\n<\/tr>\n<tr>\n<th>Observaciones:<\/th>\n<td>Tutora 1\u00ba B<\/td>\n<\/tr>\n<\/tbody>\n<\/table>\n<table>\n<tbody>\n<tr>\n<th>Nombre:<\/th>\n<td>Mar\u00eda Luisa<\/td>\n<\/tr>\n<tr>\n<th>Apellidos:<\/th>\n<td>Gil Hern\u00e1ndez<\/td>\n<\/tr>\n<tr>\n<th>Observaciones:<\/th>\n<td>Tutora 2\u00ba\u00a0C<\/td>\n<\/tr>\n<\/tbody>\n<\/table>\n","protected":false},"excerpt":{"rendered":"<p>Nombre: \u00a0Fco. Javier Apellidos: \u00a0P\u00e9rez Alc\u00e1zar-Caballero Observaciones: Director Nombre: Mar\u00eda Apellidos: Gamboa Brenes Observaciones: Jefa de departamento Nombre: Eduardo Apellidos:&#46;&#46;&#46;<\/p>\n","protected":false},"author":3735,"featured_media":0,"parent":0,"menu_order":0,"comment_status":"open","ping_status":"closed","template":"","meta":{"ngg_post_thumbnail":0,"footnotes":""},"aioseo_notices":[],"_links":{"self":[{"href":"https:\/\/blogsaverroes.juntadeandalucia.es\/iesgalileogalilei\/wp-json\/wp\/v2\/pages\/52"}],"collection":[{"href":"https:\/\/blogsaverroes.juntadeandalucia.es\/iesgalileogalilei\/wp-json\/wp\/v2\/pages"}],"about":[{"href":"https:\/\/blogsaverroes.juntadeandalucia.es\/iesgalileogalilei\/wp-json\/wp\/v2\/types\/page"}],"author":[{"embeddable":true,"href":"https:\/\/blogsaverroes.juntadeandalucia.es\/iesgalileogalilei\/wp-json\/wp\/v2\/users\/3735"}],"replies":[{"embeddable":true,"href":"https:\/\/blogsaverroes.juntadeandalucia.es\/iesgalileogalilei\/wp-json\/wp\/v2\/comments?post=52"}],"version-history":[{"count":1,"href":"https:\/\/blogsaverroes.juntadeandalucia.es\/iesgalileogalilei\/wp-json\/wp\/v2\/pages\/52\/revisions"}],"predecessor-version":[{"id":4590,"href":"https:\/\/blogsaverroes.juntadeandalucia.es\/iesgalileogalilei\/wp-json\/wp\/v2\/pages\/52\/revisions\/4590"}],"wp:attachment":[{"href":"https:\/\/blogsaverroes.juntadeandalucia.es\/iesgalileogalilei\/wp-json\/wp\/v2\/media?parent=52"}],"curies":[{"name":"wp","href":"https:\/\/api.w.org\/{rel}","templated":true}]}}