{"id":2896,"date":"2022-03-22T17:07:38","date_gmt":"2022-03-22T17:07:38","guid":{"rendered":"https:\/\/blogsaverroes.juntadeandalucia.es\/iesgamonares\/?page_id=2896"},"modified":"2022-04-05T09:13:16","modified_gmt":"2022-04-05T09:13:16","slug":"becas-idiomas","status":"publish","type":"page","link":"https:\/\/blogsaverroes.juntadeandalucia.es\/iesgamonares\/becas-idiomas\/","title":{"rendered":"Becas Idiomas"},"content":{"rendered":"<p>Si est\u00e1is interesados en vivir experiencias relacionadas con los idiomas, tanto dentro como fuera del territorio espa\u00f1ol, no dud\u00e9is en consultar a menudo las distintas ayudas que ofrece el Ministerio de Educaci\u00f3n<\/p>\n<div class=\"mceTemp\">&nbsp;<\/div>\n<p><a href=\"https:\/\/blogsaverroes.juntadeandalucia.es\/iesgamonares\/files\/2022\/03\/istockphoto-1141405912-612x612-1.jpg\"><img loading=\"lazy\" decoding=\"async\" class=\"size-medium wp-image-2899 alignleft\" src=\"https:\/\/blogsaverroes.juntadeandalucia.es\/iesgamonares\/files\/2022\/03\/istockphoto-1141405912-612x612-1-300x210.jpg\" alt=\"\" width=\"300\" height=\"210\" srcset=\"https:\/\/blogsaverroes.juntadeandalucia.es\/iesgamonares\/files\/2022\/03\/istockphoto-1141405912-612x612-1-300x210.jpg 300w, https:\/\/blogsaverroes.juntadeandalucia.es\/iesgamonares\/files\/2022\/03\/istockphoto-1141405912-612x612-1.jpg 612w\" sizes=\"(max-width: 300px) 100vw, 300px\" \/><\/a><\/p>\n<p><a href=\"https:\/\/www.educacionyfp.gob.es\/servicios-al-ciudadano\/catalogo\/estudiantes\/becas-ayudas\/para-estudiar\/idiomas.html\">https:\/\/www.educacionyfp.gob.es\/servicios-al-ciudadano\/catalogo\/estudiantes\/becas-ayudas\/para-estudiar\/idiomas.html<\/a><\/p>\n<p>&nbsp;<\/p>\n","protected":false},"excerpt":{"rendered":"<p>Si est\u00e1is interesados en vivir experiencias relacionadas con los idiomas, tanto dentro como fuera del territorio espa\u00f1ol, no dud\u00e9is en consultar a menudo las distintas ayudas que ofrece el Ministerio de Educaci\u00f3n &nbsp; https:\/\/www.educacionyfp.gob.es\/servicios-al-ciudadano\/catalogo\/estudiantes\/becas-ayudas\/para-estudiar\/idiomas.html&#46;&#46;&#46;<\/p>\n","protected":false},"author":9849,"featured_media":0,"parent":0,"menu_order":0,"comment_status":"closed","ping_status":"closed","template":"","meta":{"ngg_post_thumbnail":0,"footnotes":"","_mc_calendar":[]},"aioseo_notices":[],"_links":{"self":[{"href":"https:\/\/blogsaverroes.juntadeandalucia.es\/iesgamonares\/wp-json\/wp\/v2\/pages\/2896"}],"collection":[{"href":"https:\/\/blogsaverroes.juntadeandalucia.es\/iesgamonares\/wp-json\/wp\/v2\/pages"}],"about":[{"href":"https:\/\/blogsaverroes.juntadeandalucia.es\/iesgamonares\/wp-json\/wp\/v2\/types\/page"}],"author":[{"embeddable":true,"href":"https:\/\/blogsaverroes.juntadeandalucia.es\/iesgamonares\/wp-json\/wp\/v2\/users\/9849"}],"replies":[{"embeddable":true,"href":"https:\/\/blogsaverroes.juntadeandalucia.es\/iesgamonares\/wp-json\/wp\/v2\/comments?post=2896"}],"version-history":[{"count":6,"href":"https:\/\/blogsaverroes.juntadeandalucia.es\/iesgamonares\/wp-json\/wp\/v2\/pages\/2896\/revisions"}],"predecessor-version":[{"id":2944,"href":"https:\/\/blogsaverroes.juntadeandalucia.es\/iesgamonares\/wp-json\/wp\/v2\/pages\/2896\/revisions\/2944"}],"wp:attachment":[{"href":"https:\/\/blogsaverroes.juntadeandalucia.es\/iesgamonares\/wp-json\/wp\/v2\/media?parent=2896"}],"curies":[{"name":"wp","href":"https:\/\/api.w.org\/{rel}","templated":true}]}}