{"id":10251,"date":"2023-05-23T13:15:47","date_gmt":"2023-05-23T11:15:47","guid":{"rendered":"https:\/\/blogsaverroes.juntadeandalucia.es\/iesgaviota\/?page_id=10251"},"modified":"2025-06-18T14:18:52","modified_gmt":"2025-06-18T12:18:52","slug":"matriculacion-23-24","status":"publish","type":"page","link":"https:\/\/blogsaverroes.juntadeandalucia.es\/iesgaviota\/matriculacion-23-24\/","title":{"rendered":"Matriculaci\u00f3n 25\/26"},"content":{"rendered":"<p>1.- INSTRUCCIONES GENERALES<\/p>\n<ul>\n<li>Plazo de presentaci\u00f3n: del 1 al 10 de julio. Se recomienda hacerlo antes del 5 de julio.<\/li>\n<li>El seguro escolar es obligatorio a partir 3\u00baESO (incluido). Precio 1,12\u20ac<\/li>\n<li>Toda la matriculaci\u00f3n se har\u00e1 a trav\u00e9s de la secretar\u00eda virtual (enlace m\u00e1s abajo en el punto 2). Solamente lo har\u00e1 en papel el alumnado de 1\u00bade Bachillerato que no promocione en junio y tambi\u00e9n el alumnado propuesto para Diversificaci\u00f3n curricular (Diver).<\/li>\n<\/ul>\n<p>&nbsp;<\/p>\n<p>2.- UTILIZACI\u00d3N DE LA SECRETAR\u00cdA VIRTUAL<\/p>\n<ul>\n<li>A trav\u00e9s de iPasen: Lo primero que necesitaremos es la clave iAnde que podemos conseguirla en iPasen en \u00abmensajes recibidos\u00bb al principio de los mensajes. (Identificador Andaluz Educativo). A continuaci\u00f3n en el icono de grupos&nbsp; podemos pinchar y nos llevar\u00e1, dentro de tr\u00e1mites al enlace de Secretar\u00eda virtual. Una vez ah\u00ed nos pedir\u00e1 la clave iAnde y la fecha de nacimiento del alumno o alumna a matricular.<\/li>\n<li>A trav\u00e9s de la web de la secretar\u00eda virtual: Pinchando en el siguiente enlace, <a href=\"https:\/\/www.juntadeandalucia.es\/educacion\/secretariavirtual\/\">accederemos a la secretar\u00eda virtual<\/a> y en el apartado \u00abSolicitudes\u00bb aparecer\u00e1 la matriculaci\u00f3n en las fechas del 1 al 10 de julio de 2025. Para acceder a dicha matriculaci\u00f3n se nos pedir\u00e1 a trav\u00e9s de la clave iAnde(ver el punto anterior para conseguir la clave iAnde) o a trav\u00e9s de cl@ve pin.<a href=\"https:\/\/blogsaverroes.juntadeandalucia.es\/iesgaviota\/files\/2023\/06\/matriculaci\u00f3n.png\"><img loading=\"lazy\" decoding=\"async\" class=\"aligncenter size-full wp-image-10279\" src=\"https:\/\/blogsaverroes.juntadeandalucia.es\/iesgaviota\/files\/2023\/06\/matriculaci\u00f3n.png\" alt=\"\" width=\"1032\" height=\"352\" srcset=\"https:\/\/blogsaverroes.juntadeandalucia.es\/iesgaviota\/files\/2023\/06\/matriculaci\u00f3n.png 1032w, https:\/\/blogsaverroes.juntadeandalucia.es\/iesgaviota\/files\/2023\/06\/matriculaci\u00f3n-300x102.png 300w, https:\/\/blogsaverroes.juntadeandalucia.es\/iesgaviota\/files\/2023\/06\/matriculaci\u00f3n-1024x349.png 1024w, https:\/\/blogsaverroes.juntadeandalucia.es\/iesgaviota\/files\/2023\/06\/matriculaci\u00f3n-768x262.png 768w\" sizes=\"(max-width: 1032px) 100vw, 1032px\" \/><\/a><\/li>\n<\/ul>\n<p>&nbsp;<\/p>\n<p>3.- INSTRUCCIONES PARA RELLENAR CADA NIVEL:<\/p>\n<ul>\n<li>Para 1\u00baESO:\n<ul>\n<li><a href=\"https:\/\/blogsaverroes.juntadeandalucia.es\/iesgaviota\/files\/2025\/06\/MATRICULACION-ESO-Curso-2025-26-SOBRE-1eso.pdf\">OFERTA EDUCATIVA 1\u00baESO<\/a><\/li>\n<li><a href=\"https:\/\/blogsaverroes.juntadeandalucia.es\/iesgaviota\/files\/2023\/06\/MATRICULACI\u00d3N-1\u00ba-ESO-A-TRAV\u00c9S-DE-LA-SECRETAR\u00cdA-VIRTUAL-1.pdf\">MATRICULACI\u00d3N 1\u00ba ESO A TRAV\u00c9S DE LA SECRETAR\u00cdA VIRTUAL<\/a><\/li>\n<\/ul>\n<\/li>\n<li>Para 2\u00baESO:\n<ul>\n<li><a href=\"https:\/\/blogsaverroes.juntadeandalucia.es\/iesgaviota\/files\/2025\/06\/MATRICULACION-ESO-Curso-2025-26-SOBRE-2eso.pdf\">OFERTA EDUCATIVA 2\u00baESO<\/a>&nbsp;<\/li>\n<li><a href=\"https:\/\/blogsaverroes.juntadeandalucia.es\/iesgaviota\/files\/2023\/06\/MATRICULACI\u00d3N-2\u00ba-ESO-A-TRAV\u00c9S-DE-LA-SECRETAR\u00cdA-VIRTUAL.pdf\">MATRICULACI\u00d3N 2\u00ba ESO A TRAV\u00c9S DE LA SECRETAR\u00cdA VIRTUAL<\/a><\/li>\n<\/ul>\n<\/li>\n<li>Para 3\u00baESO:\n<ul>\n<li><a href=\"https:\/\/blogsaverroes.juntadeandalucia.es\/iesgaviota\/files\/2025\/06\/MATRICULACION-ESO-Curso-2025-26-SOBRE-3eso.pdf\">OFERTA EDUCATIVA 3\u00baESO<\/a><\/li>\n<li><a href=\"https:\/\/blogsaverroes.juntadeandalucia.es\/iesgaviota\/files\/2025\/06\/MATRICULACION-ESO-Curso-2025-26-SOBRE-3diver.pdf\">OFERTA EDUCATIVA 3\u00baESO DIVERSIFICACI\u00d3N<\/a><\/li>\n<li><a href=\"https:\/\/blogsaverroes.juntadeandalucia.es\/iesgaviota\/files\/2023\/06\/MATRICULACI\u00d3N-3\u00ba-ESO-A-TRAV\u00c9S-DE-LA-SECRETAR\u00cdA-VIRTUAL.pdf\">MATRICULACI\u00d3N 3\u00ba ESO A TRAV\u00c9S DE LA SECRETAR\u00cdA VIRTUAL<\/a><\/li>\n<\/ul>\n<\/li>\n<li>Para 4\u00baESO:\n<ul>\n<li><a href=\"https:\/\/blogsaverroes.juntadeandalucia.es\/iesgaviota\/files\/2025\/06\/MATRICULACION-ESO-Curso-2025-26-SOBRE-4eso.pdf\">OFERTA EDUCATIVA 4\u00baESO<\/a><\/li>\n<li><a href=\"https:\/\/blogsaverroes.juntadeandalucia.es\/iesgaviota\/files\/2025\/06\/MATRICULACION-ESO-Curso-2025-26-SOBRE-4diver.pdf\">OFERTA EDUCATIVA 4\u00baESO DIVERSIFICACI\u00d3N<\/a><\/li>\n<li><a href=\"https:\/\/blogsaverroes.juntadeandalucia.es\/iesgaviota\/files\/2023\/06\/MATRICULACI\u00d3N-4\u00ba-ESO-A-TRAV\u00c9S-DE-LA-SECRETAR\u00cdA-VIRTUAL.pdf\">MATRICULACI\u00d3N 4\u00ba ESO A TRAV\u00c9S DE LA SECRETAR\u00cdA VIRTUAL<\/a><\/li>\n<\/ul>\n<\/li>\n<li>Para 1\u00baBachillerato:\n<ul>\n<li><a href=\"https:\/\/blogsaverroes.juntadeandalucia.es\/iesgaviota\/files\/2025\/06\/MATRICULACION-1o-BACH-Curso-2025-26_SOBRE.pdf\">OFERTA EDUCATIVA 1\u00baBACHILLERATO<\/a><\/li>\n<li><a href=\"https:\/\/blogsaverroes.juntadeandalucia.es\/iesgaviota\/files\/2023\/06\/MATRICULACI\u00d3N-1\u00baBACHILLERATO-CIENCIAS-A-TRAV\u00c9S-DE-LA-SECRETAR\u00cdA-VIRTUAL.pdf\">MATRICULACI\u00d3N 1\u00baBACHILLERATO CIENCIAS A TRAV\u00c9S DE LA SECRETAR\u00cdA VIRTUAL<\/a><\/li>\n<li><a href=\"https:\/\/blogsaverroes.juntadeandalucia.es\/iesgaviota\/files\/2023\/06\/MATRICULACI\u00d3N-1\u00baBACHILLERATO-SOCIALES-Y-HUMANIDADES-A-TRAV\u00c9S-DE-LA-SECRETAR\u00cdA-VIRTUAL.pdf\">MATRICULACI\u00d3N 1\u00baBACHILLERATO SOCIALES Y HUMANIDADES A TRAV\u00c9S DE LA SECRETAR\u00cdA VIRTUAL<\/a><\/li>\n<\/ul>\n<\/li>\n<li>Para 2\u00baBachillerato:\n<ul>\n<li><a href=\"https:\/\/blogsaverroes.juntadeandalucia.es\/iesgaviota\/files\/2025\/06\/MATRICULACION-2o-BACH-Curso-2025-26-SOBRE.pdf\">OFERTA EDUCATIVA 2\u00baBACHILLERATO<\/a><\/li>\n<li><a href=\"https:\/\/blogsaverroes.juntadeandalucia.es\/iesgaviota\/files\/2023\/06\/MATRICULACI\u00d3N-2\u00baBACHILLERATO-CIENCIAS-A-TRAV\u00c9S-DE-LA-SECRETAR\u00cdA-VIRTUAL.pdf\">MATRICULACI\u00d3N 2\u00baBACHILLERATO CIENCIAS A TRAV\u00c9S DE LA SECRETAR\u00cdA VIRTUAL<\/a><\/li>\n<li><a href=\"https:\/\/blogsaverroes.juntadeandalucia.es\/iesgaviota\/files\/2023\/06\/MATRICULACI\u00d3N-2\u00baBACHILLERATO-SOCIALES-Y-HUMANIDADES-A-TRAV\u00c9S-DE-LA-SECRETAR\u00cdA-VIRTUAL.pdf\">MATRICULACI\u00d3N 2\u00baBACHILLERATO SOCIALES Y HUMANIDADES A TRAV\u00c9S DE LA SECRETAR\u00cdA VIRTUAL<\/a><\/li>\n<\/ul>\n<\/li>\n<\/ul>\n","protected":false},"excerpt":{"rendered":"<p>1.- INSTRUCCIONES GENERALES Plazo de presentaci\u00f3n: del 1 al 10 de julio. Se recomienda hacerlo antes del 5 de julio. El seguro escolar es obligatorio a partir 3\u00baESO (incluido). Precio 1,12\u20ac Toda la matriculaci\u00f3n&#46;&#46;&#46;<\/p>\n","protected":false},"author":3385,"featured_media":0,"parent":0,"menu_order":0,"comment_status":"closed","ping_status":"closed","template":"","meta":{"ngg_post_thumbnail":0,"footnotes":"","_mc_calendar":[]},"aioseo_notices":[],"_links":{"self":[{"href":"https:\/\/blogsaverroes.juntadeandalucia.es\/iesgaviota\/wp-json\/wp\/v2\/pages\/10251"}],"collection":[{"href":"https:\/\/blogsaverroes.juntadeandalucia.es\/iesgaviota\/wp-json\/wp\/v2\/pages"}],"about":[{"href":"https:\/\/blogsaverroes.juntadeandalucia.es\/iesgaviota\/wp-json\/wp\/v2\/types\/page"}],"author":[{"embeddable":true,"href":"https:\/\/blogsaverroes.juntadeandalucia.es\/iesgaviota\/wp-json\/wp\/v2\/users\/3385"}],"replies":[{"embeddable":true,"href":"https:\/\/blogsaverroes.juntadeandalucia.es\/iesgaviota\/wp-json\/wp\/v2\/comments?post=10251"}],"version-history":[{"count":25,"href":"https:\/\/blogsaverroes.juntadeandalucia.es\/iesgaviota\/wp-json\/wp\/v2\/pages\/10251\/revisions"}],"predecessor-version":[{"id":11354,"href":"https:\/\/blogsaverroes.juntadeandalucia.es\/iesgaviota\/wp-json\/wp\/v2\/pages\/10251\/revisions\/11354"}],"wp:attachment":[{"href":"https:\/\/blogsaverroes.juntadeandalucia.es\/iesgaviota\/wp-json\/wp\/v2\/media?parent=10251"}],"curies":[{"name":"wp","href":"https:\/\/api.w.org\/{rel}","templated":true}]}}