{"id":4463,"date":"2016-11-18T12:50:48","date_gmt":"2016-11-18T11:50:48","guid":{"rendered":"http:\/\/blogsaverroes.juntadeandalucia.es\/iesgaviota\/?page_id=4463"},"modified":"2018-01-30T11:09:00","modified_gmt":"2018-01-30T10:09:00","slug":"geografia-e-historia-2","status":"publish","type":"page","link":"https:\/\/blogsaverroes.juntadeandalucia.es\/iesgaviota\/departamentos\/geografia-e-historia-2\/","title":{"rendered":"Geograf\u00eda e Historia"},"content":{"rendered":"<p><img loading=\"lazy\" decoding=\"async\" class=\"aligncenter size-medium wp-image-2109\" src=\"http:\/\/blogsaverroes.juntadeandalucia.es\/iesgaviota\/files\/2015\/03\/geografia_historia-300x225.png\" alt=\"geografia_historia\" width=\"300\" height=\"225\" srcset=\"https:\/\/blogsaverroes.juntadeandalucia.es\/iesgaviota\/files\/2015\/03\/geografia_historia-300x225.png 300w, https:\/\/blogsaverroes.juntadeandalucia.es\/iesgaviota\/files\/2015\/03\/geografia_historia.png 640w\" sizes=\"(max-width: 300px) 100vw, 300px\" \/><\/p>\n<p><strong><span style=\"font-family: sans-serif;\"><span style=\"font-size: medium;\">Geograf\u00eda e Historia<\/span><\/span><\/strong><\/p>\n<p><span style=\"font-family: sans-serif;\"><span style=\"font-size: medium;\">El conocimiento de la sociedad, su organizaci\u00f3n y funcionamiento a lo largo del tiempo es esencial para poder entender el mundo actual. Conocer el espacio donde se desarrollan las sociedades, los recursos naturales y el uso que se ha dado a \u00e9stos, nos aporta datos sobre el pasado y nos permiten vislumbrar algunos de los problemas del futuro. <\/span><\/span><\/p>\n<p><span style=\"font-family: sans-serif;\"><span style=\"font-size: medium;\">Las disciplinas de la Geograf\u00eda y la Historia son dos importantes ejes vertebradores para el conocimiento de la sociedad, ya que contemplan la realidad humana y social desde una perspectiva global e integradora y ofrecen una mayor capacidad para la estructuraci\u00f3n de los hechos sociales; no obstante la sociedad actual, cada vez m\u00e1s compleja, requiere de la intervenci\u00f3n de otras disciplinas como la Econom\u00eda, Sociolog\u00eda, Ecolog\u00eda o Historia del Arte, que aportan an\u00e1lisis diferentes y complementarios, para la mejor comprensi\u00f3n de la realidad social.<\/span><\/span><\/p>\n<h4><a href=\"http:\/\/agrega.juntadeandalucia.es\/visualizar\/es\/es-an_2012090511_9114117\/true\" target=\"_blank\">El mundo actual. Poblaci\u00f3n y recursos. La poblaci\u00f3n en el mundo actual<\/a><\/h4>\n<p><a href=\"http:\/\/agrega.juntadeandalucia.es\/visualizar\/es\/es-an_2012090511_9114117\/true\" target=\"_blank\"><img loading=\"lazy\" decoding=\"async\" class=\" size-medium wp-image-2111 alignleft\" src=\"http:\/\/blogsaverroes.juntadeandalucia.es\/iesgaviota\/files\/2015\/03\/geografia_historia01-300x230.jpg\" alt=\"geografia_historia01\" width=\"300\" height=\"230\" srcset=\"https:\/\/blogsaverroes.juntadeandalucia.es\/iesgaviota\/files\/2015\/03\/geografia_historia01-300x230.jpg 300w, https:\/\/blogsaverroes.juntadeandalucia.es\/iesgaviota\/files\/2015\/03\/geografia_historia01.jpg 781w\" sizes=\"(max-width: 300px) 100vw, 300px\" \/><\/a><\/p>\n<p>Mira cu\u00e1nta gente hay en esta imagen. A primera vista cualquiera dir\u00eda que ve gente sin m\u00e1s. Pero si te parece bien vamos a fijarnos con detenimiento \u00bfCu\u00e1ntos grupos componen la poblaci\u00f3n representada? \u00bfTienen todas estas personas la misma edad? \u00bfSon del mismo sexo? \u00bfTienen el mismo color de piel?<\/p>\n<p align=\"justify\">Vamos a abordar el estudio de la poblaci\u00f3n en el mundo actual a trav\u00e9s de una ciencia que es la Geograf\u00eda. Esta disciplina cient\u00edfica intenta comprender las relaciones entre los seres humanos y el territorio en el que desarrollan su vida.<\/p>\n<h4><a href=\"http:\/\/agrega.juntadeandalucia.es\/visualizar\/es\/es-an_2013091011_9122052\/true\" target=\"_blank\">El mundo actual. Poblaci\u00f3n y recursos: Los desaf\u00edos del nuevo milenio<\/a><\/h4>\n<p style=\"text-align: left;\"><a href=\"http:\/\/agrega.juntadeandalucia.es\/visualizar\/es\/es-an_2013091011_9122052\/true\" target=\"_blank\"><img loading=\"lazy\" decoding=\"async\" class=\" size-full wp-image-2114 alignleft\" src=\"http:\/\/blogsaverroes.juntadeandalucia.es\/iesgaviota\/files\/2015\/03\/geografia_historia02.jpg\" alt=\"geografia_historia02\" width=\"250\" height=\"250\" srcset=\"https:\/\/blogsaverroes.juntadeandalucia.es\/iesgaviota\/files\/2015\/03\/geografia_historia02.jpg 250w, https:\/\/blogsaverroes.juntadeandalucia.es\/iesgaviota\/files\/2015\/03\/geografia_historia02-150x150.jpg 150w, https:\/\/blogsaverroes.juntadeandalucia.es\/iesgaviota\/files\/2015\/03\/geografia_historia02-160x160.jpg 160w\" sizes=\"(max-width: 250px) 100vw, 250px\" \/><\/a><\/p>\n<div class=\"iDevice_inner\">\n<div id=\"ta41_22_2\" class=\"block\">\n<div align=\"justify\"><\/div>\n<div align=\"justify\">Si tuvieras que explicar a un amigo las caracter\u00edsticas del mundo en que vives, seguro que le contar\u00edas muchas cosas de las que hemos abordado en los temas anteriores. Pero la imagen de ese mundo no estar\u00eda completa si no le hablases de Internet, de la innovaci\u00f3n tecnol\u00f3gica y de algo de lo que se habla mucho \u00faltimamente, la globalizaci\u00f3n.<\/div>\n<\/div>\n<\/div>\n","protected":false},"excerpt":{"rendered":"<p>Geograf\u00eda e Historia El conocimiento de la sociedad, su organizaci\u00f3n y funcionamiento a lo largo del tiempo es esencial para poder entender el mundo actual. Conocer el espacio donde se desarrollan las sociedades, los&#46;&#46;&#46;<\/p>\n","protected":false},"author":3385,"featured_media":0,"parent":6235,"menu_order":0,"comment_status":"closed","ping_status":"closed","template":"","meta":{"ngg_post_thumbnail":0,"footnotes":"","_mc_calendar":[]},"aioseo_notices":[],"_links":{"self":[{"href":"https:\/\/blogsaverroes.juntadeandalucia.es\/iesgaviota\/wp-json\/wp\/v2\/pages\/4463"}],"collection":[{"href":"https:\/\/blogsaverroes.juntadeandalucia.es\/iesgaviota\/wp-json\/wp\/v2\/pages"}],"about":[{"href":"https:\/\/blogsaverroes.juntadeandalucia.es\/iesgaviota\/wp-json\/wp\/v2\/types\/page"}],"author":[{"embeddable":true,"href":"https:\/\/blogsaverroes.juntadeandalucia.es\/iesgaviota\/wp-json\/wp\/v2\/users\/3385"}],"replies":[{"embeddable":true,"href":"https:\/\/blogsaverroes.juntadeandalucia.es\/iesgaviota\/wp-json\/wp\/v2\/comments?post=4463"}],"version-history":[{"count":3,"href":"https:\/\/blogsaverroes.juntadeandalucia.es\/iesgaviota\/wp-json\/wp\/v2\/pages\/4463\/revisions"}],"predecessor-version":[{"id":4695,"href":"https:\/\/blogsaverroes.juntadeandalucia.es\/iesgaviota\/wp-json\/wp\/v2\/pages\/4463\/revisions\/4695"}],"up":[{"embeddable":true,"href":"https:\/\/blogsaverroes.juntadeandalucia.es\/iesgaviota\/wp-json\/wp\/v2\/pages\/6235"}],"wp:attachment":[{"href":"https:\/\/blogsaverroes.juntadeandalucia.es\/iesgaviota\/wp-json\/wp\/v2\/media?parent=4463"}],"curies":[{"name":"wp","href":"https:\/\/api.w.org\/{rel}","templated":true}]}}