{"id":6247,"date":"2018-01-30T12:26:55","date_gmt":"2018-01-30T11:26:55","guid":{"rendered":"http:\/\/blogsaverroes.juntadeandalucia.es\/iesgaviota\/?page_id=6247"},"modified":"2023-06-29T09:20:53","modified_gmt":"2023-06-29T07:20:53","slug":"vivir-y-sentir-el-patrimonio","status":"publish","type":"page","link":"https:\/\/blogsaverroes.juntadeandalucia.es\/iesgaviota\/planesproyectos\/vivir-y-sentir-el-patrimonio\/","title":{"rendered":"Vivir y sentir el patrimonio"},"content":{"rendered":"<p style=\"text-align: center\"><strong>VIVIR Y SENTIR EL PATRIMONIO: 2022-2023<\/strong><\/p>\n<p>&nbsp;<\/p>\n<ul>\n<li><strong>Coordinador<\/strong>: Sergio Antonio Mu\u00f1oz Lozano<\/li>\n<\/ul>\n<p><iframe loading=\"lazy\" src=\"https:\/\/www.youtube.com\/embed\/I6026oFRgbM\" width=\"560\" height=\"315\" frameborder=\"0\"><\/iframe>&nbsp;<\/p>\n<p style=\"text-align: center\"><span style=\"font-size: 14pt\"><strong>VIVIR Y SENTIR EL PATRIMONIO: 2021-2022&nbsp;<\/strong><\/span><\/p>\n<ul>\n<li><strong>Coordinadora<\/strong>: Mar\u00eda Jos\u00e9 Garc\u00eda Garc\u00eda<\/li>\n<\/ul>\n<p style=\"text-align: center\"><strong><a title=\"BLOG DE VIVIR Y SENTIR EL PATRIMONIO (click aqu\u00ed)\" href=\"https:\/\/sites.google.com\/iesgaviota.es\/patrimonioiesgaviota\/inicio\"><span style=\"background-color: #ffcc00\">BLOG DE VIVIR Y SENTIR EL PATRIMONIO (click aqu\u00ed)<\/span><\/a><\/strong><\/p>\n<p style=\"text-align: center\"><span style=\"font-size: 14pt\"><strong>UN ARTISTA EL AULA<\/strong><\/span><\/p>\n<p>El d\u00eda 7 de junio de 2022, el alumnado participante en el proyecto \u00abUn Artista en el Aula\u00bb asisti\u00f3 a la ceremonia de presentaci\u00f3n de proyectos en el Auditorio Edgar Neville de M\u00e1laga, a la que asisti\u00f3 alumnado y profesorado de centros de toda Andaluc\u00eda. Muy satisfechos\/as con todo el trabajo realizado. Gracias a Mar\u00eda Jos\u00e9 Garc\u00eda Garc\u00eda (coordinadora de \u00abVivir y Sentir el Patrimonio\u00bb) por haber trabajado a lo largo de todo el curso con la artista flamenca Sonia Miranda y el alumnado participante para que el proyecto saliera adelante. \u00a1Enhorabuena!<\/p>\n<p><a href=\"https:\/\/blogsaverroes.juntadeandalucia.es\/iesgaviota\/files\/2022\/06\/WhatsApp-Image-2022-06-07-at-10.37.38-AM.jpeg\"><img loading=\"lazy\" decoding=\"async\" class=\"wp-image-9686 alignleft\" src=\"https:\/\/blogsaverroes.juntadeandalucia.es\/iesgaviota\/files\/2022\/06\/WhatsApp-Image-2022-06-07-at-10.37.38-AM.jpeg\" alt=\"\" width=\"376\" height=\"282\" srcset=\"https:\/\/blogsaverroes.juntadeandalucia.es\/iesgaviota\/files\/2022\/06\/WhatsApp-Image-2022-06-07-at-10.37.38-AM.jpeg 1024w, https:\/\/blogsaverroes.juntadeandalucia.es\/iesgaviota\/files\/2022\/06\/WhatsApp-Image-2022-06-07-at-10.37.38-AM-300x225.jpeg 300w, https:\/\/blogsaverroes.juntadeandalucia.es\/iesgaviota\/files\/2022\/06\/WhatsApp-Image-2022-06-07-at-10.37.38-AM-768x576.jpeg 768w\" sizes=\"(max-width: 376px) 100vw, 376px\" \/><\/a><\/p>\n<p><a href=\"https:\/\/blogsaverroes.juntadeandalucia.es\/iesgaviota\/files\/2022\/06\/WhatsApp-Image-2022-06-07-at-2.50.16-PM.jpeg\"><img loading=\"lazy\" decoding=\"async\" class=\"aligncenter wp-image-9684\" src=\"https:\/\/blogsaverroes.juntadeandalucia.es\/iesgaviota\/files\/2022\/06\/WhatsApp-Image-2022-06-07-at-2.50.16-PM.jpeg\" alt=\"\" width=\"513\" height=\"288\" srcset=\"https:\/\/blogsaverroes.juntadeandalucia.es\/iesgaviota\/files\/2022\/06\/WhatsApp-Image-2022-06-07-at-2.50.16-PM.jpeg 1600w, https:\/\/blogsaverroes.juntadeandalucia.es\/iesgaviota\/files\/2022\/06\/WhatsApp-Image-2022-06-07-at-2.50.16-PM-300x169.jpeg 300w, https:\/\/blogsaverroes.juntadeandalucia.es\/iesgaviota\/files\/2022\/06\/WhatsApp-Image-2022-06-07-at-2.50.16-PM-1024x576.jpeg 1024w, https:\/\/blogsaverroes.juntadeandalucia.es\/iesgaviota\/files\/2022\/06\/WhatsApp-Image-2022-06-07-at-2.50.16-PM-768x432.jpeg 768w, https:\/\/blogsaverroes.juntadeandalucia.es\/iesgaviota\/files\/2022\/06\/WhatsApp-Image-2022-06-07-at-2.50.16-PM-1536x864.jpeg 1536w\" sizes=\"(max-width: 513px) 100vw, 513px\" \/><\/a><\/p>\n<p><a href=\"https:\/\/blogsaverroes.juntadeandalucia.es\/iesgaviota\/files\/2022\/06\/WhatsApp-Image-2022-06-07-at-2.50.15-PM.jpeg\"><img loading=\"lazy\" decoding=\"async\" class=\"wp-image-9683 aligncenter\" src=\"https:\/\/blogsaverroes.juntadeandalucia.es\/iesgaviota\/files\/2022\/06\/WhatsApp-Image-2022-06-07-at-2.50.15-PM.jpeg\" alt=\"\" width=\"484\" height=\"272\" srcset=\"https:\/\/blogsaverroes.juntadeandalucia.es\/iesgaviota\/files\/2022\/06\/WhatsApp-Image-2022-06-07-at-2.50.15-PM.jpeg 1600w, https:\/\/blogsaverroes.juntadeandalucia.es\/iesgaviota\/files\/2022\/06\/WhatsApp-Image-2022-06-07-at-2.50.15-PM-300x169.jpeg 300w, https:\/\/blogsaverroes.juntadeandalucia.es\/iesgaviota\/files\/2022\/06\/WhatsApp-Image-2022-06-07-at-2.50.15-PM-1024x576.jpeg 1024w, https:\/\/blogsaverroes.juntadeandalucia.es\/iesgaviota\/files\/2022\/06\/WhatsApp-Image-2022-06-07-at-2.50.15-PM-768x432.jpeg 768w, https:\/\/blogsaverroes.juntadeandalucia.es\/iesgaviota\/files\/2022\/06\/WhatsApp-Image-2022-06-07-at-2.50.15-PM-1536x864.jpeg 1536w\" sizes=\"(max-width: 484px) 100vw, 484px\" \/><\/a><a href=\"https:\/\/blogsaverroes.juntadeandalucia.es\/iesgaviota\/files\/2022\/06\/WhatsApp-Image-2022-06-07-at-3.00.48-PM.jpeg\"><img loading=\"lazy\" decoding=\"async\" class=\"aligncenter wp-image-9685\" src=\"https:\/\/blogsaverroes.juntadeandalucia.es\/iesgaviota\/files\/2022\/06\/WhatsApp-Image-2022-06-07-at-3.00.48-PM.jpeg\" alt=\"\" width=\"480\" height=\"360\" srcset=\"https:\/\/blogsaverroes.juntadeandalucia.es\/iesgaviota\/files\/2022\/06\/WhatsApp-Image-2022-06-07-at-3.00.48-PM.jpeg 1024w, https:\/\/blogsaverroes.juntadeandalucia.es\/iesgaviota\/files\/2022\/06\/WhatsApp-Image-2022-06-07-at-3.00.48-PM-300x225.jpeg 300w, https:\/\/blogsaverroes.juntadeandalucia.es\/iesgaviota\/files\/2022\/06\/WhatsApp-Image-2022-06-07-at-3.00.48-PM-768x576.jpeg 768w\" sizes=\"(max-width: 480px) 100vw, 480px\" \/><\/a><\/p>\n<p>&nbsp;<\/p>\n<p>&nbsp;<\/p>\n<p>&nbsp;<\/p>\n<p>&nbsp;<\/p>\n<p>&nbsp;<\/p>\n<p>&#8211;<\/p>\n<p>&nbsp;<\/p>\n<p>&nbsp;<\/p>\n<p>&nbsp;<\/p>\n<p>&nbsp;<\/p>\n<p>&nbsp;<\/p>\n<p>&nbsp;<\/p>\n<p>&nbsp;<\/p>\n<p>&nbsp;<\/p>\n<p>&nbsp;<\/p>\n<p>&nbsp;<\/p>\n<p>&nbsp;<\/p>\n","protected":false},"excerpt":{"rendered":"<p>VIVIR Y SENTIR EL PATRIMONIO: 2022-2023 &nbsp; Coordinador: Sergio Antonio Mu\u00f1oz Lozano &nbsp; VIVIR Y SENTIR EL PATRIMONIO: 2021-2022&nbsp; Coordinadora: Mar\u00eda Jos\u00e9 Garc\u00eda Garc\u00eda BLOG DE VIVIR Y SENTIR EL PATRIMONIO (click aqu\u00ed) UN&#46;&#46;&#46;<\/p>\n","protected":false},"author":3385,"featured_media":0,"parent":6221,"menu_order":0,"comment_status":"closed","ping_status":"closed","template":"","meta":{"ngg_post_thumbnail":0,"footnotes":"","_mc_calendar":[]},"aioseo_notices":[],"_links":{"self":[{"href":"https:\/\/blogsaverroes.juntadeandalucia.es\/iesgaviota\/wp-json\/wp\/v2\/pages\/6247"}],"collection":[{"href":"https:\/\/blogsaverroes.juntadeandalucia.es\/iesgaviota\/wp-json\/wp\/v2\/pages"}],"about":[{"href":"https:\/\/blogsaverroes.juntadeandalucia.es\/iesgaviota\/wp-json\/wp\/v2\/types\/page"}],"author":[{"embeddable":true,"href":"https:\/\/blogsaverroes.juntadeandalucia.es\/iesgaviota\/wp-json\/wp\/v2\/users\/3385"}],"replies":[{"embeddable":true,"href":"https:\/\/blogsaverroes.juntadeandalucia.es\/iesgaviota\/wp-json\/wp\/v2\/comments?post=6247"}],"version-history":[{"count":8,"href":"https:\/\/blogsaverroes.juntadeandalucia.es\/iesgaviota\/wp-json\/wp\/v2\/pages\/6247\/revisions"}],"predecessor-version":[{"id":10324,"href":"https:\/\/blogsaverroes.juntadeandalucia.es\/iesgaviota\/wp-json\/wp\/v2\/pages\/6247\/revisions\/10324"}],"up":[{"embeddable":true,"href":"https:\/\/blogsaverroes.juntadeandalucia.es\/iesgaviota\/wp-json\/wp\/v2\/pages\/6221"}],"wp:attachment":[{"href":"https:\/\/blogsaverroes.juntadeandalucia.es\/iesgaviota\/wp-json\/wp\/v2\/media?parent=6247"}],"curies":[{"name":"wp","href":"https:\/\/api.w.org\/{rel}","templated":true}]}}

<p style="text-align: center"><strong>VIVIR Y SENTIR EL PATRIMONIO: 2022-2023</strong></p>
<p>&nbsp;</p>
<ul>
<li><strong>Coordinador</strong>: Sergio Antonio Muñoz Lozano</li>
</ul>
<p><iframe loading="lazy" src="https://www.youtube.com/embed/I6026oFRgbM" width="560" height="315" frameborder="0"></iframe>&nbsp;</p>
<p style="text-align: center"><span style="font-size: 14pt"><strong>VIVIR Y SENTIR EL PATRIMONIO: 2021-2022&nbsp;</strong></span></p>
<ul>
<li><strong>Coordinadora</strong>: María José García García</li>
</ul>
<p style="text-align: center"><strong><a title="BLOG DE VIVIR Y SENTIR EL PATRIMONIO (click aquí)" href="https://sites.google.com/iesgaviota.es/patrimonioiesgaviota/inicio"><span style="background-color: #ffcc00">BLOG DE VIVIR Y SENTIR EL PATRIMONIO (click aquí)</span></a></strong></p>
<p style="text-align: center"><span style="font-size: 14pt"><strong>UN ARTISTA EL AULA</strong></span></p>
<p>El día 7 de junio de 2022, el alumnado participante en el proyecto «Un Artista en el Aula» asistió a la ceremonia de presentación de proyectos en el Auditorio Edgar Neville de Málaga, a la que asistió alumnado y profesorado de centros de toda Andalucía. Muy satisfechos/as con todo el trabajo realizado. Gracias a María José García García (coordinadora de «Vivir y Sentir el Patrimonio») por haber trabajado a lo largo de todo el curso con la artista flamenca Sonia Miranda y el alumnado participante para que el proyecto saliera adelante. ¡Enhorabuena!</p>
<p><a href="https://blogsaverroes.juntadeandalucia.es/iesgaviota/files/2022/06/WhatsApp-Image-2022-06-07-at-10.37.38-AM.jpeg"><img loading="lazy" decoding="async" class="wp-image-9686 alignleft" src="https://blogsaverroes.juntadeandalucia.es/iesgaviota/files/2022/06/WhatsApp-Image-2022-06-07-at-10.37.38-AM.jpeg" alt="" width="376" height="282" srcset="https://blogsaverroes.juntadeandalucia.es/iesgaviota/files/2022/06/WhatsApp-Image-2022-06-07-at-10.37.38-AM.jpeg 1024w, https://blogsaverroes.juntadeandalucia.es/iesgaviota/files/2022/06/WhatsApp-Image-2022-06-07-at-10.37.38-AM-300x225.jpeg 300w, https://blogsaverroes.juntadeandalucia.es/iesgaviota/files/2022/06/WhatsApp-Image-2022-06-07-at-10.37.38-AM-768x576.jpeg 768w" sizes="(max-width: 376px) 100vw, 376px" /></a></p>
<p><a href="https://blogsaverroes.juntadeandalucia.es/iesgaviota/files/2022/06/WhatsApp-Image-2022-06-07-at-2.50.16-PM.jpeg"><img loading="lazy" decoding="async" class="aligncenter wp-image-9684" src="https://blogsaverroes.juntadeandalucia.es/iesgaviota/files/2022/06/WhatsApp-Image-2022-06-07-at-2.50.16-PM.jpeg" alt="" width="513" height="288" srcset="https://blogsaverroes.juntadeandalucia.es/iesgaviota/files/2022/06/WhatsApp-Image-2022-06-07-at-2.50.16-PM.jpeg 1600w, https://blogsaverroes.juntadeandalucia.es/iesgaviota/files/2022/06/WhatsApp-Image-2022-06-07-at-2.50.16-PM-300x169.jpeg 300w, https://blogsaverroes.juntadeandalucia.es/iesgaviota/files/2022/06/WhatsApp-Image-2022-06-07-at-2.50.16-PM-1024x576.jpeg 1024w, https://blogsaverroes.juntadeandalucia.es/iesgaviota/files/2022/06/WhatsApp-Image-2022-06-07-at-2.50.16-PM-768x432.jpeg 768w, https://blogsaverroes.juntadeandalucia.es/iesgaviota/files/2022/06/WhatsApp-Image-2022-06-07-at-2.50.16-PM-1536x864.jpeg 1536w" sizes="(max-width: 513px) 100vw, 513px" /></a></p>
<p><a href="https://blogsaverroes.juntadeandalucia.es/iesgaviota/files/2022/06/WhatsApp-Image-2022-06-07-at-2.50.15-PM.jpeg"><img loading="lazy" decoding="async" class="wp-image-9683 aligncenter" src="https://blogsaverroes.juntadeandalucia.es/iesgaviota/files/2022/06/WhatsApp-Image-2022-06-07-at-2.50.15-PM.jpeg" alt="" width="484" height="272" srcset="https://blogsaverroes.juntadeandalucia.es/iesgaviota/files/2022/06/WhatsApp-Image-2022-06-07-at-2.50.15-PM.jpeg 1600w, https://blogsaverroes.juntadeandalucia.es/iesgaviota/files/2022/06/WhatsApp-Image-2022-06-07-at-2.50.15-PM-300x169.jpeg 300w, https://blogsaverroes.juntadeandalucia.es/iesgaviota/files/2022/06/WhatsApp-Image-2022-06-07-at-2.50.15-PM-1024x576.jpeg 1024w, https://blogsaverroes.juntadeandalucia.es/iesgaviota/files/2022/06/WhatsApp-Image-2022-06-07-at-2.50.15-PM-768x432.jpeg 768w, https://blogsaverroes.juntadeandalucia.es/iesgaviota/files/2022/06/WhatsApp-Image-2022-06-07-at-2.50.15-PM-1536x864.jpeg 1536w" sizes="(max-width: 484px) 100vw, 484px" /></a><a href="https://blogsaverroes.juntadeandalucia.es/iesgaviota/files/2022/06/WhatsApp-Image-2022-06-07-at-3.00.48-PM.jpeg"><img loading="lazy" decoding="async" class="aligncenter wp-image-9685" src="https://blogsaverroes.juntadeandalucia.es/iesgaviota/files/2022/06/WhatsApp-Image-2022-06-07-at-3.00.48-PM.jpeg" alt="" width="480" height="360" srcset="https://blogsaverroes.juntadeandalucia.es/iesgaviota/files/2022/06/WhatsApp-Image-2022-06-07-at-3.00.48-PM.jpeg 1024w, https://blogsaverroes.juntadeandalucia.es/iesgaviota/files/2022/06/WhatsApp-Image-2022-06-07-at-3.00.48-PM-300x225.jpeg 300w, https://blogsaverroes.juntadeandalucia.es/iesgaviota/files/2022/06/WhatsApp-Image-2022-06-07-at-3.00.48-PM-768x576.jpeg 768w" sizes="(max-width: 480px) 100vw, 480px" /></a></p>
<p>&nbsp;</p>
<p>&nbsp;</p>
<p>&nbsp;</p>
<p>&nbsp;</p>
<p>&nbsp;</p>
<p>&#8211;</p>
<p>&nbsp;</p>
<p>&nbsp;</p>
<p>&nbsp;</p>
<p>&nbsp;</p>
<p>&nbsp;</p>
<p>&nbsp;</p>
<p>&nbsp;</p>
<p>&nbsp;</p>
<p>&nbsp;</p>
<p>&nbsp;</p>
<p>&nbsp;</p>

<p>VIVIR Y SENTIR EL PATRIMONIO: 2022-2023 &nbsp; Coordinador: Sergio Antonio Muñoz Lozano &nbsp; VIVIR Y SENTIR EL PATRIMONIO: 2021-2022&nbsp; Coordinadora: María José García García BLOG DE VIVIR Y SENTIR EL PATRIMONIO (click aquí) UN&#46;&#46;&#46;</p>
