{"id":77,"date":"2015-03-16T06:54:56","date_gmt":"2015-03-16T05:54:56","guid":{"rendered":"http:\/\/blogsaverroes.juntadeandalucia.es\/pre\/ceip\/?page_id=77"},"modified":"2025-06-05T16:53:57","modified_gmt":"2025-06-05T14:53:57","slug":"secretaria","status":"publish","type":"page","link":"https:\/\/blogsaverroes.juntadeandalucia.es\/iesgaviota\/el-instituto\/secretaria\/","title":{"rendered":"Secretar\u00eda"},"content":{"rendered":"<p style=\"text-align: center;padding-left: 40px\">&nbsp;<\/p>\n<table style=\"height: 119px\" width=\"316\">\n<tbody>\n<tr>\n<td style=\"width: 306px;background-color: #3369e8\">\n<p class=\"title icopdf\" style=\"text-align: center\"><span style=\"font-size: 18pt\"><strong><span style=\"color: #ffffff\">ATENCI\u00d3N AL P\u00daBLICO<\/span><\/strong><\/span><\/p>\n<p class=\"title icopdf\" style=\"text-align: center\"><span style=\"font-size: 14pt\"><strong><span style=\"color: #ffffff\">de lunes a viernes<\/span><\/strong><\/span><\/p>\n<p class=\"title icopdf\" style=\"text-align: center\"><span style=\"font-size: 14pt\"><strong><span style=\"color: #ffffff\">9:30 &#8211; 13:30<\/span><\/strong><\/span><\/p>\n<p style=\"text-align: center\"><strong><span style=\"color: #ffffff\">CON CITA PREVIA<\/span><\/strong><\/p>\n<\/td>\n<\/tr>\n<tr>\n<td style=\"width: 306px\">\n<p class=\"title icopdf\" style=\"padding-left: 40px;text-align: center\"><span style=\"font-size: 14pt\"><strong>TEL\u00c9FONO<\/strong><\/span><\/p>\n<p class=\"title icopdf\" style=\"padding-left: 40px;text-align: center\"><strong><span style=\"font-size: 18pt\">950 579 614<\/span><\/strong><\/p>\n<p class=\"title icopdf\" style=\"padding-left: 40px;text-align: center\"><span style=\"font-size: 14pt\">Fax<\/span><\/p>\n<p class=\"title icopdf\" style=\"padding-left: 40px;text-align: center\"><span style=\"font-size: 14pt\">950 579 616<\/span><\/p>\n<\/td>\n<\/tr>\n<tr>\n<td style=\"width: 306px;background-color: #eeb211\"><span style=\"font-family: 'arial black', sans-serif;color: #000000\"><strong><span style=\"font-size: 18pt;background-color: #ffffff\">Instrucciones<span style=\"text-align: left;text-transform: none;text-indent: 0px;letter-spacing: normal;font-style: normal;font-variant: normal;text-decoration: none;cursor: text;float: none\"> Solicitud de T\u00edtulos&nbsp;<\/span><\/span><\/strong><\/span><\/p>\n<p style=\"text-align: center\"><a title=\"Pincha aqu\u00ed\" href=\"https:\/\/www.juntadeandalucia.es\/educacion\/secretariavirtual\/accesoTramite\/302\/\">Pincha aqu\u00ed<\/a><\/p>\n<\/td>\n<\/tr>\n<tr>\n<td style=\"width: 306px\"><span style=\"color: #000000\"><strong><span style=\"font-size: 14pt\"><span style=\"text-align: left;text-transform: none;text-indent: 0px;letter-spacing: normal;font-family: 'Titillium Web',Arial,sans-serif;font-size: 16px;font-style: normal;font-variant: normal;font-weight: 400;text-decoration: none;cursor: text;float: none;background-color: #fafafa\">&nbsp;<\/span>Enlace Secretar\u00eda Virtual de los Centros Docentes Andaluces<span style=\"text-align: left;text-transform: none;text-indent: 0px;letter-spacing: normal;font-family: 'Titillium Web',Arial,sans-serif;font-size: 16px;font-style: normal;font-variant: normal;font-weight: 400;text-decoration: none;cursor: text;float: none;background-color: #fafafa\">:<\/span><\/span><\/strong><\/span><\/p>\n<p><span style=\"font-size: 14pt\"><a href=\"https:\/\/www.juntadeandalucia.es\/educacion\/secretariavirtual\/\" target=\"_blank\" rel=\"noopener noreferrer\">clic aqu\u00ed<\/a><\/span><\/td>\n<\/tr>\n<tr>\n<td style=\"width: 306px;background-color: #d50f25\">\n<p class=\"resumen\" style=\"text-align: center\"><span style=\"font-size: 14pt\"><strong><span style=\"color: #ffffff\">N\u00famero gratuito de Atenci\u00f3n a Usuarios<\/span><\/strong><\/span><\/p>\n<p class=\"resumen\" style=\"text-align: center\"><span style=\"font-size: 14pt\"><strong><span style=\"color: #ffffff\">de la Comunidad Educativa<\/span><\/strong><\/span><\/p>\n<p class=\"resumen\" style=\"text-align: center\"><span style=\"font-size: 24pt\"><strong><span style=\"color: #ffffff\">900 84 80 00<\/span><\/strong><\/span><\/p>\n<\/td>\n<\/tr>\n<tr>\n<td style=\"width: 306px\">&nbsp;<\/td>\n<\/tr>\n<\/tbody>\n<\/table>\n","protected":false},"excerpt":{"rendered":"<p>&nbsp; ATENCI\u00d3N AL P\u00daBLICO de lunes a viernes 9:30 &#8211; 13:30 CON CITA PREVIA TEL\u00c9FONO 950 579 614 Fax 950 579 616 Instrucciones Solicitud de T\u00edtulos&nbsp; Pincha aqu\u00ed &nbsp;Enlace Secretar\u00eda Virtual de los Centros&#46;&#46;&#46;<\/p>\n","protected":false},"author":1,"featured_media":0,"parent":6239,"menu_order":0,"comment_status":"closed","ping_status":"closed","template":"","meta":{"ngg_post_thumbnail":0,"footnotes":"","_mc_calendar":[]},"aioseo_notices":[],"_links":{"self":[{"href":"https:\/\/blogsaverroes.juntadeandalucia.es\/iesgaviota\/wp-json\/wp\/v2\/pages\/77"}],"collection":[{"href":"https:\/\/blogsaverroes.juntadeandalucia.es\/iesgaviota\/wp-json\/wp\/v2\/pages"}],"about":[{"href":"https:\/\/blogsaverroes.juntadeandalucia.es\/iesgaviota\/wp-json\/wp\/v2\/types\/page"}],"author":[{"embeddable":true,"href":"https:\/\/blogsaverroes.juntadeandalucia.es\/iesgaviota\/wp-json\/wp\/v2\/users\/1"}],"replies":[{"embeddable":true,"href":"https:\/\/blogsaverroes.juntadeandalucia.es\/iesgaviota\/wp-json\/wp\/v2\/comments?post=77"}],"version-history":[{"count":50,"href":"https:\/\/blogsaverroes.juntadeandalucia.es\/iesgaviota\/wp-json\/wp\/v2\/pages\/77\/revisions"}],"predecessor-version":[{"id":11318,"href":"https:\/\/blogsaverroes.juntadeandalucia.es\/iesgaviota\/wp-json\/wp\/v2\/pages\/77\/revisions\/11318"}],"up":[{"embeddable":true,"href":"https:\/\/blogsaverroes.juntadeandalucia.es\/iesgaviota\/wp-json\/wp\/v2\/pages\/6239"}],"wp:attachment":[{"href":"https:\/\/blogsaverroes.juntadeandalucia.es\/iesgaviota\/wp-json\/wp\/v2\/media?parent=77"}],"curies":[{"name":"wp","href":"https:\/\/api.w.org\/{rel}","templated":true}]}}