{"id":9364,"date":"2021-05-12T09:12:22","date_gmt":"2021-05-12T07:12:22","guid":{"rendered":"https:\/\/blogsaverroes.juntadeandalucia.es\/iesgaviota\/?page_id=9364"},"modified":"2022-06-30T19:48:28","modified_gmt":"2022-06-30T17:48:28","slug":"steam","status":"publish","type":"page","link":"https:\/\/blogsaverroes.juntadeandalucia.es\/iesgaviota\/steam\/","title":{"rendered":"Investigaci\u00f3n Aeroespacial Aplicada al Aula"},"content":{"rendered":"<p style=\"text-align: center\"><span style=\"font-size: 18pt\"><strong>PROYECTO STEAM: INVESTIGACI\u00d3N AEROESPACIAL APLICADA AL AULA&nbsp;<\/strong><\/span><\/p>\n<p>El IES Gaviota participa en el proyecto <span class=\"markkwc2mu5ig\" data-markjs=\"true\" data-ogac=\"\" data-ogab=\"\" data-ogsc=\"\" data-ogsb=\"\">STEAM<\/span> \u00abInvestigaci\u00f3n Aeroespacial Aplicada al Aula\u00bb, promovido por la Consejer\u00eda de Educaci\u00f3n y Deporte y la Agencia Espacial Europea. Tras una primera aproximaci\u00f3n a la investigaci\u00f3n aeroespacial el curso pasado, en el presente curso nos encontramos inmersos en el nivel II de este proyecto.&nbsp;<\/p>\n<p style=\"text-align: center\"><span style=\"font-size: 18pt;color: #0000ff\"><strong>CURSO 2021-2022<\/strong><\/span><\/p>\n<p style=\"text-align: center\"><span style=\"color: #0000ff\"><strong>V\u00cdDEO-RESUMEN DE ACTUACIONES<\/strong><\/span><\/p>\n<p style=\"text-align: center\"><iframe loading=\"lazy\" src=\"\/\/www.youtube.com\/embed\/YFg-2GZeoYM\" width=\"560\" height=\"314\"><\/iframe><\/p>\n<p>&nbsp;<\/p>\n<p style=\"text-align: center\"><span style=\"font-size: 18pt;color: #0000ff\"><strong>CURSO 2020-2021<\/strong><\/span><\/p>\n<p><img loading=\"lazy\" decoding=\"async\" class=\"aligncenter\" src=\"https:\/\/blogsaverroes.juntadeandalucia.es\/iesgaviota\/files\/2021\/05\/D\u00edptico-Investigaci\u00f3n-Aeroespacial_pages-to-jpg-0001.jpg\" alt=\"\" width=\"457\" height=\"323\"\/><\/p>\n<p>&nbsp;<\/p>\n<p style=\"text-align: center\"><span style=\"font-size: 14pt\"><strong><span style=\"text-decoration: underline\">BIOLOG\u00cdA Y GEOLOG\u00cdA: \u00abMEDIR LA MASA\u00bb<\/span><\/strong><\/span><\/p>\n<p>Durante el desarrollo de la pr\u00e1ctica \u00abmedir la masa\u00bb, el alumnado compar\u00f3 la masa de distintos materiales, realizando primero un ejercicio de intuici\u00f3n y, posteriormente, clasificando los materiales del m\u00e1s ligero al m\u00e1s pesado empleando una b\u00e1scula digital. Finalmente, se abri\u00f3 un debate acerca de cu\u00e1l es el material m\u00e1s adecuado para dise\u00f1ar una nave espacial.<\/p>\n<p><img loading=\"lazy\" decoding=\"async\" class=\"\" src=\"https:\/\/blogsaverroes.juntadeandalucia.es\/iesgaviota\/files\/2021\/05\/STEAM-2.jpg\" alt=\"\" width=\"333\" height=\"249\"\/><img loading=\"lazy\" decoding=\"async\" class=\"\" src=\"https:\/\/blogsaverroes.juntadeandalucia.es\/iesgaviota\/files\/2021\/05\/LA-M\u00c1S-GUAY.jpg\" alt=\"\" width=\"333\" height=\"249\"\/><img loading=\"lazy\" decoding=\"async\" class=\"\" src=\"https:\/\/blogsaverroes.juntadeandalucia.es\/iesgaviota\/files\/2021\/05\/STEAM-1.jpg\" alt=\"\" width=\"334\" height=\"251\"\/><\/p>\n","protected":false},"excerpt":{"rendered":"<p>PROYECTO STEAM: INVESTIGACI\u00d3N AEROESPACIAL APLICADA AL AULA&nbsp; El IES Gaviota participa en el proyecto STEAM \u00abInvestigaci\u00f3n Aeroespacial Aplicada al Aula\u00bb, promovido por la Consejer\u00eda de Educaci\u00f3n y Deporte y la Agencia Espacial Europea. Tras&#46;&#46;&#46;<\/p>\n","protected":false},"author":3385,"featured_media":0,"parent":0,"menu_order":0,"comment_status":"closed","ping_status":"closed","template":"","meta":{"ngg_post_thumbnail":0,"footnotes":"","_mc_calendar":[]},"aioseo_notices":[],"_links":{"self":[{"href":"https:\/\/blogsaverroes.juntadeandalucia.es\/iesgaviota\/wp-json\/wp\/v2\/pages\/9364"}],"collection":[{"href":"https:\/\/blogsaverroes.juntadeandalucia.es\/iesgaviota\/wp-json\/wp\/v2\/pages"}],"about":[{"href":"https:\/\/blogsaverroes.juntadeandalucia.es\/iesgaviota\/wp-json\/wp\/v2\/types\/page"}],"author":[{"embeddable":true,"href":"https:\/\/blogsaverroes.juntadeandalucia.es\/iesgaviota\/wp-json\/wp\/v2\/users\/3385"}],"replies":[{"embeddable":true,"href":"https:\/\/blogsaverroes.juntadeandalucia.es\/iesgaviota\/wp-json\/wp\/v2\/comments?post=9364"}],"version-history":[{"count":10,"href":"https:\/\/blogsaverroes.juntadeandalucia.es\/iesgaviota\/wp-json\/wp\/v2\/pages\/9364\/revisions"}],"predecessor-version":[{"id":9753,"href":"https:\/\/blogsaverroes.juntadeandalucia.es\/iesgaviota\/wp-json\/wp\/v2\/pages\/9364\/revisions\/9753"}],"wp:attachment":[{"href":"https:\/\/blogsaverroes.juntadeandalucia.es\/iesgaviota\/wp-json\/wp\/v2\/media?parent=9364"}],"curies":[{"name":"wp","href":"https:\/\/api.w.org\/{rel}","templated":true}]}}