{"id":262,"date":"2020-01-23T12:37:13","date_gmt":"2020-01-23T11:37:13","guid":{"rendered":"http:\/\/blogsaverroes.juntadeandalucia.es\/pre\/nuevoies2v2\/?page_id=262"},"modified":"2021-09-10T17:31:01","modified_gmt":"2021-09-10T16:31:01","slug":"nuestra-historia","status":"publish","type":"page","link":"https:\/\/blogsaverroes.juntadeandalucia.es\/iesgbrenan\/nuestra-historia\/","title":{"rendered":"Nuestra Historia"},"content":{"rendered":"<p>[et_pb_section fb_built=&#8221;1&#8243; _builder_version=&#8221;3.22&#8243;][et_pb_row _builder_version=&#8221;3.25&#8243; background_size=&#8221;initial&#8221; background_position=&#8221;top_left&#8221; background_repeat=&#8221;repeat&#8221;][et_pb_column type=&#8221;4_4&#8243; _builder_version=&#8221;3.0.47&#8243; custom_padding=&#8221;|||&#8221; custom_padding__hover=&#8221;|||&#8221;][et_pb_text admin_label=&#8221;Texto descriptivo&#8221; _builder_version=&#8221;4.5.0&#8243; z_index_tablet=&#8221;500&#8243; text_text_shadow_horizontal_length_tablet=&#8221;0px&#8221; text_text_shadow_vertical_length_tablet=&#8221;0px&#8221; text_text_shadow_blur_strength_tablet=&#8221;1px&#8221; link_text_shadow_horizontal_length_tablet=&#8221;0px&#8221; link_text_shadow_vertical_length_tablet=&#8221;0px&#8221; link_text_shadow_blur_strength_tablet=&#8221;1px&#8221; ul_text_shadow_horizontal_length_tablet=&#8221;0px&#8221; ul_text_shadow_vertical_length_tablet=&#8221;0px&#8221; ul_text_shadow_blur_strength_tablet=&#8221;1px&#8221; ol_text_shadow_horizontal_length_tablet=&#8221;0px&#8221; ol_text_shadow_vertical_length_tablet=&#8221;0px&#8221; ol_text_shadow_blur_strength_tablet=&#8221;1px&#8221; quote_text_shadow_horizontal_length_tablet=&#8221;0px&#8221; quote_text_shadow_vertical_length_tablet=&#8221;0px&#8221; quote_text_shadow_blur_strength_tablet=&#8221;1px&#8221; header_text_shadow_horizontal_length_tablet=&#8221;0px&#8221; header_text_shadow_vertical_length_tablet=&#8221;0px&#8221; header_text_shadow_blur_strength_tablet=&#8221;1px&#8221; header_2_text_shadow_horizontal_length_tablet=&#8221;0px&#8221; header_2_text_shadow_vertical_length_tablet=&#8221;0px&#8221; header_2_text_shadow_blur_strength_tablet=&#8221;1px&#8221; header_3_text_shadow_horizontal_length_tablet=&#8221;0px&#8221; header_3_text_shadow_vertical_length_tablet=&#8221;0px&#8221; header_3_text_shadow_blur_strength_tablet=&#8221;1px&#8221; header_4_text_shadow_horizontal_length_tablet=&#8221;0px&#8221; header_4_text_shadow_vertical_length_tablet=&#8221;0px&#8221; header_4_text_shadow_blur_strength_tablet=&#8221;1px&#8221; header_5_text_shadow_horizontal_length_tablet=&#8221;0px&#8221; header_5_text_shadow_vertical_length_tablet=&#8221;0px&#8221; header_5_text_shadow_blur_strength_tablet=&#8221;1px&#8221; header_6_text_shadow_horizontal_length_tablet=&#8221;0px&#8221; header_6_text_shadow_vertical_length_tablet=&#8221;0px&#8221; header_6_text_shadow_blur_strength_tablet=&#8221;1px&#8221; box_shadow_horizontal_tablet=&#8221;0px&#8221; box_shadow_vertical_tablet=&#8221;0px&#8221; box_shadow_blur_tablet=&#8221;40px&#8221; box_shadow_spread_tablet=&#8221;0px&#8221;]<\/p>\n<h3>EVOLUCI\u00d3N DEL I.E.S. GERALD BRENAN<\/h3>\n<p>Este centro\u00a0comenz\u00f3 su andadura como<span>\u00a0<\/span><strong>I.B. Alhaur\u00edn de la Torre, extensi\u00f3n del I.B. Torremolinos<\/strong><span>\u00a0<\/span>en el a\u00f1o acad\u00e9mico<span>\u00a0<\/span><strong>1987\/88<\/strong>, con 380 alumnos matriculados en B.U.P. y C.O.U. y dando clase en el actual C.E.I.P. San Juan y en la Escuela de Adultos. \u00a0El 16 de abril de 1991, el Consejo Escolar aprueba llamar al centro<span>\u00a0<\/span><strong>Gerald Brenan<\/strong><span>\u00a0<\/span>en homenaje al hispanista brit\u00e1nico que contribuy\u00f3 a despertar fuera de Espa\u00f1a la curiosidad y el inter\u00e9s por conocer nuestra tierra.<\/p>\n<p>&nbsp;<\/p>\n<h3>OFERTA EDUCATIVA<\/h3>\n<p>Desde 1987 hasta hoy, el n\u00famero de estudiantes matriculados ha ido reflejando el incremento poblacional de la zona, llegando en el curso 97\/98 a una matr\u00edcula de 1022 alumnos y alumnas; ese a\u00f1o la situaci\u00f3n fue algo at\u00edpica, puesto que se adelant\u00f3 la<span>\u00a0<\/span><strong>Ense\u00f1anza Secundaria Obligatoria<\/strong>, pero se simultane\u00f3 con el B.U.P., por lo que hasta el 2000\/01 convivieron en este centro ambas ense\u00f1anzas.\u00a0Desde entonces y hasta la fecha, las modalidades de<span>\u00a0<\/span><strong>Bachillerato<\/strong><span>\u00a0<\/span>autorizadas son dos: &#8220;Ciencias y Tecnolog\u00eda&#8221; y &#8220;Humanidades y Ciencias Sociales&#8221;.<\/p>\n<p>&nbsp;<\/p>\n<p>El<strong><span>\u00a0<\/span>primer ciclo de E.S.O.<\/strong><span>\u00a0<\/span>se incorpor\u00f3 a nuestro centro en 2000\/2001 con dos l\u00edneas, pero durante los cursos escolares 2000\/01, 2001\/02 y 2002\/03, las clases correspondientes se compartieron con el C.E.I.P. San Sebasti\u00e1n como Secci\u00f3n del I.E.S. Gerald Brenan. \u00a0En el a\u00f1o acad\u00e9mico 2001\/02 se aument\u00f3 la oferta educativa del instituto con el<strong><span>\u00a0<\/span>2\u00ba ciclo de la Ense\u00f1anza Secundaria Obligatoria para Adultos<\/strong><span>\u00a0<\/span>(no hubo alumnos suficientes para que se impartiese tambi\u00e9n el primer ciclo) y con el primer curso del Ciclo Formativo de Grado Superior<span>\u00a0<\/span><strong><em>Desarrollo de Aplicaciones Inform\u00e1ticas<\/em><\/strong>. \u00a0Al a\u00f1o siguiente se nos adjudicaron tambi\u00e9n el \u00a0Ciclo Formativo de Grado Medio\u00a0<strong><em>Gesti\u00f3n Administrativa<\/em><\/strong><span>\u00a0<\/span>y, un curso despu\u00e9s, el de<span>\u00a0<\/span><strong><em>Explotaci\u00f3n de Sistemas Inform\u00e1ticos<\/em><\/strong>, actualmente<span>\u00a0<\/span><strong><em>Sistemas Microinform\u00e1ticos y Redes<\/em><\/strong>.<\/p>\n<p>&nbsp;<\/p>\n<p>A pesar de que la oferta educativa en la localidad, en lo que a Formaci\u00f3n Profesional se refiere, se reduce a estos ciclos, en 2006 se suprime el CFGS<span>\u00a0<\/span><em>Desarrollo de Aplicaciones Inform\u00e1ticas.<\/em><\/p>\n<p><em><\/em><\/p>\n<p>&nbsp;<\/p>\n<p>En el curso 2008\/09 se implanta el<span>\u00a0<\/span><strong>Programa de Cualificaci\u00f3n Profesional Inicial de T\u00e9cnico Inform\u00e1tico<\/strong><span>\u00a0<\/span>y al a\u00f1o siguiente el 2\u00ba curso de dicho programa, el m\u00f3dulo voluntario, que conduce a la obtenci\u00f3n del Graduado en Educaci\u00f3n Secundaria. \u00a0El Ayuntamiento de Alhaur\u00edn de la Torre solicita e imparte otro curso de 1\u00ba de PCPI, adscrito a nuestro instituto, que en 2009\/10 fue de electricidad y en 2010\/11 y 2011\/12 de jardiner\u00eda.\u00a0 Con la implantaci\u00f3n de la<span>\u00a0<\/span><em>LOMCE<span>\u00a0<\/span><\/em>en el curso 2014\/15 desaparece el<span>\u00a0<\/span><em>P.C.P.I.<\/em>, que pasa a ser<span>\u00a0<\/span><em><strong>Formaci\u00f3n Profesional B\u00e1sica,<\/strong><\/em><span>\u00a0<\/span>que en nuestro centro conduce a la obtenci\u00f3n del<strong><em><span>\u00a0<\/span><\/em>t\u00edtulo profesional b\u00e1sico en<em><span>\u00a0<\/span>Inform\u00e1tica y Comunicaciones.<\/em><\/strong><\/p>\n<p><strong><em>\u00a0<\/em><\/strong><\/p>\n<p>En 2011 se autoriza el nivel II de la Ense\u00f1anza Secundaria para Personas Adultas en su modalidad<span>\u00a0<\/span><strong>semipresencial<\/strong>, que se imparte hasta 2015.\u00a0 Todo esto ha venido a dar cuerpo a la oferta educativa actual del I.E.S. Gerald Brenan.<\/p>\n<p>&nbsp;<\/p>\n<h3>\u00c1REA DE INFLUENCIA<\/h3>\n<p>El I.E.S. Gerald Brenan es el centro de Educaci\u00f3n Secundaria m\u00e1s completo de Alhaur\u00edn de la Torre en cuanto a oferta educativa se refiere. A \u00e9l se hallan adscritos los Colegios de Ense\u00f1anza Infantil y Primaria Isaac Peral, San Juan, El Pe\u00f1\u00f3n, El Romeral y Torrijos, a los que asisten ni\u00f1os y ni\u00f1as que viven en el casco urbano, en las barriadas de Santa Amalia, Mestanza, El Romeral, La Alquer\u00eda, Pe\u00f1\u00f3n de Zapata y Torrealquer\u00eda principalmente. El \u00e1rea de influencia del I.E.S. Gerald Brenan abarca las mismas zonas que sus colegios adscritos.\u00a0 En el curso 2016\/17 se adscribe al 50% con el I.E.S. Huerta Alta el C.E.I.P. Maruja Mallo.<\/p>\n<p>&nbsp;<\/p>\n<p>En cuanto a estudios post-obligatorios, asiste al I.E.S. Gerald Brenan alumnado que ha cursado la ESO en el propio centro o en el I.E.S. Galileo, lo cual hace que aumente la heterogeneidad del alumnado.<\/p>\n<p>&nbsp;<\/p>\n<h3>DIRECTORES<\/h3>\n<table border=\"0\" cellspacing=\"5\" cellpadding=\"5\" width=\"608\">\n<tbody>\n<tr>\n<td valign=\"top\">\n<p>&nbsp;<\/p>\n<p><strong>1987-1988<\/strong><\/p>\n<\/td>\n<td><\/td>\n<td>\n<p>Don Jos\u00e9 Luis Santaella Guadix (Director delegado en el I.B. Alhaur\u00edn de la Torre)<\/p>\n<p>Secretario delegado: Don Fernando Marfil Aguilar.<\/p>\n<p>(Director del I.B. Manantiales, Don Francisco B\u00e1ez Fern\u00e1ndez)<\/p>\n<\/td>\n<\/tr>\n<tr>\n<td>\n<p><strong>1988-1989<\/strong><\/p>\n<\/td>\n<td><\/td>\n<td>\n<p>Don Manuel Cuesta D\u00edaz<\/p>\n<\/td>\n<\/tr>\n<tr>\n<td>\n<p><strong>1989-1992<\/strong><\/p>\n<\/td>\n<td><\/td>\n<td>\n<p>Don Jos\u00e9 M\u00aa Almellones Caballero<\/p>\n<\/td>\n<\/tr>\n<tr>\n<td>\n<p><strong>1992-2005<\/strong><\/p>\n<\/td>\n<td><\/td>\n<td>\n<p>Don Antonio Ramos Gar\u00edn<\/p>\n<\/td>\n<\/tr>\n<tr>\n<td class=\"caption\">\n<p><strong>2005-2018<\/strong><\/p>\n<p><strong>\u00a0<\/strong><\/p>\n<p><strong><\/strong><\/p>\n<p><strong class=\"caption\">2018-<\/strong><\/p>\n<\/td>\n<td><\/td>\n<td>\n<p>D\u00f1a. Remedios Gonz\u00e1lez S\u00e1nchez<\/p>\n<p>&nbsp;<\/p>\n<p>D. Manuel Guerra Perea<\/p>\n<\/td>\n<\/tr>\n<\/tbody>\n<\/table>\n<p>[\/et_pb_text][\/et_pb_column][\/et_pb_row][\/et_pb_section]<\/p>\n","protected":false},"excerpt":{"rendered":"<p>EVOLUCI\u00d3N DEL I.E.S. GERALD BRENAN Este centro\u00a0comenz\u00f3 su andadura como\u00a0I.B. Alhaur\u00edn de la Torre, extensi\u00f3n del I.B. Torremolinos\u00a0en el a\u00f1o acad\u00e9mico\u00a01987\/88, con 380 alumnos matriculados en B.U.P. y C.O.U. y dando clase en el actual C.E.I.P. San Juan y en la Escuela de Adultos. \u00a0El 16 de abril de 1991, el Consejo Escolar aprueba llamar [&hellip;]<\/p>\n","protected":false},"author":13382,"featured_media":0,"parent":0,"menu_order":0,"comment_status":"closed","ping_status":"closed","template":"","meta":{"_et_pb_use_builder":"on","_et_pb_old_content":"","_et_gb_content_width":"","ngg_post_thumbnail":0,"footnotes":""},"aioseo_notices":[],"_links":{"self":[{"href":"https:\/\/blogsaverroes.juntadeandalucia.es\/iesgbrenan\/wp-json\/wp\/v2\/pages\/262"}],"collection":[{"href":"https:\/\/blogsaverroes.juntadeandalucia.es\/iesgbrenan\/wp-json\/wp\/v2\/pages"}],"about":[{"href":"https:\/\/blogsaverroes.juntadeandalucia.es\/iesgbrenan\/wp-json\/wp\/v2\/types\/page"}],"author":[{"embeddable":true,"href":"https:\/\/blogsaverroes.juntadeandalucia.es\/iesgbrenan\/wp-json\/wp\/v2\/users\/13382"}],"replies":[{"embeddable":true,"href":"https:\/\/blogsaverroes.juntadeandalucia.es\/iesgbrenan\/wp-json\/wp\/v2\/comments?post=262"}],"version-history":[{"count":3,"href":"https:\/\/blogsaverroes.juntadeandalucia.es\/iesgbrenan\/wp-json\/wp\/v2\/pages\/262\/revisions"}],"predecessor-version":[{"id":591,"href":"https:\/\/blogsaverroes.juntadeandalucia.es\/iesgbrenan\/wp-json\/wp\/v2\/pages\/262\/revisions\/591"}],"wp:attachment":[{"href":"https:\/\/blogsaverroes.juntadeandalucia.es\/iesgbrenan\/wp-json\/wp\/v2\/media?parent=262"}],"curies":[{"name":"wp","href":"https:\/\/api.w.org\/{rel}","templated":true}]}}