{"id":676,"date":"2021-09-24T13:04:04","date_gmt":"2021-09-24T12:04:04","guid":{"rendered":"https:\/\/blogsaverroes.juntadeandalucia.es\/iesgbrenan\/?page_id=676"},"modified":"2021-09-27T20:19:55","modified_gmt":"2021-09-27T19:19:55","slug":"consejo-escolar","status":"publish","type":"page","link":"https:\/\/blogsaverroes.juntadeandalucia.es\/iesgbrenan\/consejo-escolar\/","title":{"rendered":"Consejo Escolar"},"content":{"rendered":"<h2>&nbsp;<\/h2>\n<h2 style=\"padding-left: 40px\">Sector Profesorado<\/h2>\n<h5>&nbsp;<\/h5>\n<h5 style=\"padding-left: 80px\">Obligatorios:<\/h5>\n<p style=\"padding-left: 120px\">Don Manuel Guerra Perea (Director)<br \/>\nDo\u00f1a Jessica Alonso Rodr\u00edguez (Jefe de Estudios)<br \/>\nDon Francisco Javier Gonz\u00e1lez Berrocal (J.E.Adultos)<br \/>\nDo\u00f1a Isabel Lara Bou (Secretaria)<\/p>\n<h5 style=\"padding-left: 80px\">Electos:<\/h5>\n<p style=\"padding-left: 120px\">D. Rafael Donaire Ord\u00f3\u00f1ez<br \/>\nD. Jos\u00e9 Mateo Garrido M\u00e9rida<br \/>\nD\u00f1a. Beatriz Gonz\u00e1lez Balboa<br \/>\nD. Antonio Martos Sep\u00falveda<br \/>\nD. Jos\u00e9 Antonio Meg\u00edas Pacheco<br \/>\nD. Luis Padilla Cerezuela<br \/>\nD\u00f1a. M\u00aa Luz Puente Castro<br \/>\nD\u00f1a. Palmira Ruiz Alaminos<\/p>\n<p>&nbsp;<\/p>\n<h2 style=\"padding-left: 40px\">Sector Alumnado<\/h2>\n<p style=\"padding-left: 120px\">Alicia M\u00aa Donaire Fern\u00e1ndez<br \/>\nMario Javier Gonz\u00e1lez Rengel<br \/>\nDaniel Torres Clavijo<br \/>\nM\u00aa Victoria V\u00e1zquez Garc\u00eda<br \/>\nManuel Yepes Gonz\u00e1lez<\/p>\n<p>&nbsp;<\/p>\n<h2 style=\"padding-left: 40px\">Sector Padres\/Madres<\/h2>\n<p style=\"padding-left: 120px\">D\u00f1a. Yolanda \u00c1lvarez Gallego<br \/>\nD\u00f1a. Francisca Bellido Mart\u00ednez<br \/>\nD\u00f1a. Ana M\u00aa C\u00e1rdenas Guerrero<br \/>\nD. Crist\u00f3bal Gonz\u00e1lez S\u00e1nchez<br \/>\nD\u00f1a. Antonia Ram\u00edrez Garc\u00eda (representante A.M.P.A.)<\/p>\n<p>&nbsp;<\/p>\n<h2 style=\"padding-left: 40px\">Sector Administraci\u00f3n y Servicios<\/h2>\n<p style=\"padding-left: 120px\">Francisca Bernal Ponce<\/p>\n<p>&nbsp;<\/p>\n<h2 style=\"padding-left: 40px\">Representante del Ayuntamiento<\/h2>\n<p style=\"padding-left: 120px\">D\u00f1a. M\u00aa del Pilar Conde Maldonado (Concejala de Educaci\u00f3n)<\/p>\n<p>&nbsp;<\/p>\n<p>&nbsp;<\/p>\n","protected":false},"excerpt":{"rendered":"<p>&nbsp; Sector Profesorado &nbsp; Obligatorios: Don Manuel Guerra Perea (Director) Do\u00f1a Jessica Alonso Rodr\u00edguez (Jefe de Estudios) Don Francisco Javier Gonz\u00e1lez Berrocal (J.E.Adultos) Do\u00f1a Isabel Lara Bou (Secretaria) Electos: D. Rafael Donaire Ord\u00f3\u00f1ez D. Jos\u00e9 Mateo Garrido M\u00e9rida D\u00f1a. Beatriz Gonz\u00e1lez Balboa D. Antonio Martos Sep\u00falveda D. Jos\u00e9 Antonio Meg\u00edas Pacheco D. Luis Padilla Cerezuela [&hellip;]<\/p>\n","protected":false},"author":13342,"featured_media":0,"parent":0,"menu_order":0,"comment_status":"closed","ping_status":"closed","template":"","meta":{"_et_pb_use_builder":"","_et_pb_old_content":"","_et_gb_content_width":"","ngg_post_thumbnail":0,"footnotes":""},"aioseo_notices":[],"_links":{"self":[{"href":"https:\/\/blogsaverroes.juntadeandalucia.es\/iesgbrenan\/wp-json\/wp\/v2\/pages\/676"}],"collection":[{"href":"https:\/\/blogsaverroes.juntadeandalucia.es\/iesgbrenan\/wp-json\/wp\/v2\/pages"}],"about":[{"href":"https:\/\/blogsaverroes.juntadeandalucia.es\/iesgbrenan\/wp-json\/wp\/v2\/types\/page"}],"author":[{"embeddable":true,"href":"https:\/\/blogsaverroes.juntadeandalucia.es\/iesgbrenan\/wp-json\/wp\/v2\/users\/13342"}],"replies":[{"embeddable":true,"href":"https:\/\/blogsaverroes.juntadeandalucia.es\/iesgbrenan\/wp-json\/wp\/v2\/comments?post=676"}],"version-history":[{"count":4,"href":"https:\/\/blogsaverroes.juntadeandalucia.es\/iesgbrenan\/wp-json\/wp\/v2\/pages\/676\/revisions"}],"predecessor-version":[{"id":720,"href":"https:\/\/blogsaverroes.juntadeandalucia.es\/iesgbrenan\/wp-json\/wp\/v2\/pages\/676\/revisions\/720"}],"wp:attachment":[{"href":"https:\/\/blogsaverroes.juntadeandalucia.es\/iesgbrenan\/wp-json\/wp\/v2\/media?parent=676"}],"curies":[{"name":"wp","href":"https:\/\/api.w.org\/{rel}","templated":true}]}}