{"id":829,"date":"2021-10-22T23:05:03","date_gmt":"2021-10-22T22:05:03","guid":{"rendered":"https:\/\/blogsaverroes.juntadeandalucia.es\/iesgbrenan\/?page_id=829"},"modified":"2024-10-17T19:45:08","modified_gmt":"2024-10-17T18:45:08","slug":"departamento-de-informatica","status":"publish","type":"page","link":"https:\/\/blogsaverroes.juntadeandalucia.es\/iesgbrenan\/departamento-de-informatica\/","title":{"rendered":"Departamento de Inform\u00e1tica"},"content":{"rendered":"<p style=\"padding-left: 40px\"><strong>Componentes:<\/strong><\/p>\n<p style=\"padding-left: 80px\">D.\u00aa &nbsp; Jessica Alonso Rodr\u00edguez (Jefa de Estudios)<\/p>\n<p style=\"padding-left: 80px\">D. Miguel Barbancho Lagares<\/p>\n<p style=\"padding-left: 80px\">D. Juan Castillo Barco (Coordinador TDE &#8211; Competencia Digital Educativa)<\/p>\n<p style=\"padding-left: 80px\">D.\u00aa&nbsp; Mar\u00eda del Carmen Castillo Olivencia<\/p>\n<p style=\"padding-left: 80px\">D.\u00aa Isabel M\u00aa Daza Galv\u00e1n<\/p>\n<p style=\"padding-left: 80px\">D. Francisco Jos\u00e9 Gonz\u00e1lez Estudillo<\/p>\n<p style=\"padding-left: 80px\">D.\u00aa&nbsp; Laura Gonz\u00e1lez Hern\u00e1ndez<\/p>\n<p style=\"padding-left: 80px\">D. Andr\u00e9s Gonz\u00e1lez Santos (Jefe Departamento)<\/p>\n<p style=\"padding-left: 80px\">D. Manuel Guerra Perea (Director)<\/p>\n<p style=\"padding-left: 80px\">D. Juan Jos\u00e9 Haro Fabuel<\/p>\n<p style=\"padding-left: 80px\">D. Francisco Javier M\u00e1rquez Blasco<\/p>\n<p style=\"padding-left: 80px\">D. Luis Alberto Mesa Martos&nbsp;&nbsp;&nbsp;&nbsp;<\/p>\n<p style=\"padding-left: 80px\">D.\u00aa&nbsp; Yolanda Bel\u00e9n Mill\u00e1n Moreno<\/p>\n<p style=\"padding-left: 80px\">D. Jos\u00e9 Rafael Ram\u00edrez Pita (Coordinador TIC)<\/p>\n<p style=\"padding-left: 80px\">D. Miguel Romero Carmona (Coordinador programa Erasmus +)<\/p>\n<p>&nbsp;<\/p>\n<p style=\"padding-left: 40px\"><strong>Enlaces:<\/strong><\/p>\n<p style=\"padding-left: 80px\">Noticias del Departamento de Inform\u00e1tica<\/p>\n<p style=\"padding-left: 80px\"><a href=\"https:\/\/blogsaverroes.juntadeandalucia.es\/iesgbrenan\/category\/noticias-fp\/\"><span style=\"color: #3366ff\"><strong>Noticias FP<\/strong><\/span><\/a><\/p>\n<p style=\"padding-left: 80px\"><a href=\"https:\/\/blogsaverroes.juntadeandalucia.es\/iesgbrenan\/category\/erasmus\/\"><span style=\"color: #3366ff\"><strong>ERASMUS +<\/strong><\/span><\/a><\/p>\n<p>&nbsp;<\/p>\n<p>&nbsp;<\/p>\n","protected":false},"excerpt":{"rendered":"<p>Componentes: D.\u00aa &nbsp; Jessica Alonso Rodr\u00edguez (Jefa de Estudios) D. Miguel Barbancho Lagares D. Juan Castillo Barco (Coordinador TDE &#8211; Competencia Digital Educativa) D.\u00aa&nbsp; Mar\u00eda del Carmen Castillo Olivencia D.\u00aa Isabel M\u00aa Daza Galv\u00e1n D. Francisco Jos\u00e9 Gonz\u00e1lez Estudillo D.\u00aa&nbsp; Laura Gonz\u00e1lez Hern\u00e1ndez D. Andr\u00e9s Gonz\u00e1lez Santos (Jefe Departamento) D. Manuel Guerra Perea (Director) D. [&hellip;]<\/p>\n","protected":false},"author":13419,"featured_media":0,"parent":0,"menu_order":0,"comment_status":"closed","ping_status":"closed","template":"","meta":{"_et_pb_use_builder":"","_et_pb_old_content":"","_et_gb_content_width":"","ngg_post_thumbnail":0,"footnotes":""},"aioseo_notices":[],"_links":{"self":[{"href":"https:\/\/blogsaverroes.juntadeandalucia.es\/iesgbrenan\/wp-json\/wp\/v2\/pages\/829"}],"collection":[{"href":"https:\/\/blogsaverroes.juntadeandalucia.es\/iesgbrenan\/wp-json\/wp\/v2\/pages"}],"about":[{"href":"https:\/\/blogsaverroes.juntadeandalucia.es\/iesgbrenan\/wp-json\/wp\/v2\/types\/page"}],"author":[{"embeddable":true,"href":"https:\/\/blogsaverroes.juntadeandalucia.es\/iesgbrenan\/wp-json\/wp\/v2\/users\/13419"}],"replies":[{"embeddable":true,"href":"https:\/\/blogsaverroes.juntadeandalucia.es\/iesgbrenan\/wp-json\/wp\/v2\/comments?post=829"}],"version-history":[{"count":21,"href":"https:\/\/blogsaverroes.juntadeandalucia.es\/iesgbrenan\/wp-json\/wp\/v2\/pages\/829\/revisions"}],"predecessor-version":[{"id":4435,"href":"https:\/\/blogsaverroes.juntadeandalucia.es\/iesgbrenan\/wp-json\/wp\/v2\/pages\/829\/revisions\/4435"}],"wp:attachment":[{"href":"https:\/\/blogsaverroes.juntadeandalucia.es\/iesgbrenan\/wp-json\/wp\/v2\/media?parent=829"}],"curies":[{"name":"wp","href":"https:\/\/api.w.org\/{rel}","templated":true}]}}

Departamento de Informática

<p style="padding-left: 40px"><strong>Componentes:</strong></p>
<p style="padding-left: 80px">D.ª &nbsp; Jessica Alonso Rodríguez (Jefa de Estudios)</p>
<p style="padding-left: 80px">D. Miguel Barbancho Lagares</p>
<p style="padding-left: 80px">D. Juan Castillo Barco (Coordinador TDE &#8211; Competencia Digital Educativa)</p>
<p style="padding-left: 80px">D.ª&nbsp; María del Carmen Castillo Olivencia</p>
<p style="padding-left: 80px">D.ª Isabel Mª Daza Galván</p>
<p style="padding-left: 80px">D. Francisco José González Estudillo</p>
<p style="padding-left: 80px">D.ª&nbsp; Laura González Hernández</p>
<p style="padding-left: 80px">D. Andrés González Santos (Jefe Departamento)</p>
<p style="padding-left: 80px">D. Manuel Guerra Perea (Director)</p>
<p style="padding-left: 80px">D. Juan José Haro Fabuel</p>
<p style="padding-left: 80px">D. Francisco Javier Márquez Blasco</p>
<p style="padding-left: 80px">D. Luis Alberto Mesa Martos&nbsp;&nbsp;&nbsp;&nbsp;</p>
<p style="padding-left: 80px">D.ª&nbsp; Yolanda Belén Millán Moreno</p>
<p style="padding-left: 80px">D. José Rafael Ramírez Pita (Coordinador TIC)</p>
<p style="padding-left: 80px">D. Miguel Romero Carmona (Coordinador programa Erasmus +)</p>
<p>&nbsp;</p>
<p style="padding-left: 40px"><strong>Enlaces:</strong></p>
<p style="padding-left: 80px">Noticias del Departamento de Informática</p>
<p style="padding-left: 80px"><a href="https://blogsaverroes.juntadeandalucia.es/iesgbrenan/category/noticias-fp/"><span style="color: #3366ff"><strong>Noticias FP</strong></span></a></p>
<p style="padding-left: 80px"><a href="https://blogsaverroes.juntadeandalucia.es/iesgbrenan/category/erasmus/"><span style="color: #3366ff"><strong>ERASMUS +</strong></span></a></p>
<p>&nbsp;</p>
<p>&nbsp;</p>

<p>Componentes: D.ª &nbsp; Jessica Alonso Rodríguez (Jefa de Estudios) D. Miguel Barbancho Lagares D. Juan Castillo Barco (Coordinador TDE &#8211; Competencia Digital Educativa) D.ª&nbsp; María del Carmen Castillo Olivencia D.ª Isabel Mª Daza Galván D. Francisco José González Estudillo D.ª&nbsp; Laura González Hernández D. Andrés González Santos (Jefe Departamento) D. Manuel Guerra Perea (Director) D. [&hellip;]</p>
