{"id":877,"date":"2021-10-25T09:27:25","date_gmt":"2021-10-25T08:27:25","guid":{"rendered":"https:\/\/blogsaverroes.juntadeandalucia.es\/iesgbrenan\/?page_id=877"},"modified":"2025-11-26T10:57:59","modified_gmt":"2025-11-26T09:57:59","slug":"planes-y-proyectos","status":"publish","type":"page","link":"https:\/\/blogsaverroes.juntadeandalucia.es\/iesgbrenan\/planes-y-proyectos\/","title":{"rendered":"Planes y Proyectos"},"content":{"rendered":"<h4><a href=\"https:\/\/www.juntadeandalucia.es\/educacion\/portals\/web\/formacion-profesional-andaluza\/estudiante\/formarme-extranjero\/erasmus-plus\"><strong>Erasmus+ (D. Miguel Romero Carmona)<\/strong><\/a><\/h4>\n<p style=\"padding-left: 80px\"><img loading=\"lazy\" decoding=\"async\" class=\"alignnone size-medium wp-image-4093\" src=\"https:\/\/blogsaverroes.juntadeandalucia.es\/iesgbrenan\/files\/2024\/04\/Logo_Cofinanciado-UE-300x63.jpeg\" alt=\"\" width=\"300\" height=\"63\"><\/p>\n<p style=\"padding-left: 80px\"><a href=\"https:\/\/blogsaverroes.juntadeandalucia.es\/iesgbrenan\/planes-y-proyectos-erasmus-plus\/\"><span style=\"color: #3366ff\"><strong><span style=\"color: #0000ff\">Enlace a la informaci\u00f3n del proyecto.<\/span><\/strong><\/span><\/a><\/p>\n<p>&nbsp;<\/p>\n<h4><strong>Proyecto Biling\u00fce (D.\u00aa&nbsp; Silvia Paneque Arana)<\/strong><\/h4>\n<p><a href=\"https:\/\/blogsaverroes.juntadeandalucia.es\/iesgbrenan\/planes-y-proyectos-auxiliares-de-conversacion\/\"><strong><span style=\"color: #0000ff\">Auxiliares de Conversaci\u00f3n<\/span><\/strong><\/a><\/p>\n<p><a href=\"https:\/\/blogsaverroes.juntadeandalucia.es\/iesgbrenan\/proyecto-bilingue-informacion-del-proyecto\/\"><span style=\"color: #0000ff\"><strong>Enlace a la informaci\u00f3n del proyecto.<\/strong><\/span><\/a><\/p>\n<p>&nbsp;<\/p>\n<h4><strong>Plan de Autoprotecci\u00f3n y Riesgos Laborales&nbsp; (D. Luis Padilla Cerezuela)<\/strong><\/h4>\n<p style=\"padding-left: 80px\"><a href=\"https:\/\/blogsaverroes.juntadeandalucia.es\/iesgbrenan\/files\/2021\/09\/pautoproc.pdf\"><strong><span style=\"color: #3366ff\">Plan de Autoprotecci\u00f3n del IES Gerald Brenan<\/span><\/strong><\/a><\/p>\n<h4>&nbsp;<\/h4>\n<h4><strong>Coordinaci\u00f3n de Salud y Bienestar (D.\u00aa Rosa M\u00aa Pareja de Vicente)<\/strong><\/h4>\n<p>&nbsp;<\/p>\n<h4><a href=\"https:\/\/www.juntadeandalucia.es\/educacion\/portals\/web\/ced\/convivencia-escolar\/red-escolar-espacios-de-paz\"><strong>Escuela: Espacio de Paz (D. Javier Marzo Artigas)<\/strong><\/a><\/h4>\n<p style=\"padding-left: 80px\"><a href=\"https:\/\/espaciodepazgeraldbrenan.wordpress.com\/\"><strong><span style=\"color: #3366ff\">Blog de Convivencia e Igualdad<\/span><\/strong><\/a><\/p>\n<p style=\"padding-left: 80px\"><strong><span style=\"color: #3366ff\"><a style=\"color: #3366ff\" href=\"http:\/\/www.arbolrey.net\/niruta\/\"><img loading=\"lazy\" decoding=\"async\" class=\"wp-image-917 alignnone\" src=\"https:\/\/blogsaverroes.juntadeandalucia.es\/iesgbrenan\/files\/2021\/11\/arco-iris-nubes-300x254.png\" alt=\"\" width=\"47\" height=\"40\"><\/a><a href=\"http:\/\/www.arbolrey.net\/niruta\/\"> &nbsp;<\/a><\/span><\/strong><a href=\"http:\/\/www.arbolrey.net\/niruta\/\"><strong><span style=\"color: #3366ff\">Proyecto Niruta; sonrisas de colores<\/span><\/strong><\/a><\/p>\n<p>&nbsp;<\/p>\n<h4><strong>Plan de Igualdad (D.\u00aa&nbsp; Lucia P\u00e9rez Mart\u00ednez)<\/strong><\/h4>\n<p style=\"padding-left: 80px\"><a href=\"https:\/\/www.juntadeandalucia.es\/educacion\/portals\/web\/igualdad\"><span style=\"color: #3366ff\"><strong>Portal de Igualdad de la Junta de Andaluc\u00eda<\/strong><\/span><\/a><\/p>\n<p style=\"padding-left: 80px\"><strong>Plan de Igualdad del IES Gerald Brenan<\/strong><\/p>\n<p>&nbsp;<\/p>\n<h4><strong>Plan de Lectura y Bibliotecas Escolares (D.\u00aa&nbsp; Ana Mar\u00eda Navarrete Coronado)<\/strong><\/h4>\n<p style=\"padding-left: 80px\"><a href=\"http:\/\/biblioblogbrenan.blogspot.com\/\"><span style=\"color: #3366ff\"><strong><img loading=\"lazy\" decoding=\"async\" id=\"Header1_headerimg\" class=\"\" src=\"https:\/\/2.bp.blogspot.com\/_O2K9Dsney1Q\/SwGGKSRhM7I\/AAAAAAAAAA0\/eSGEBa7YKSc\/S1600-R\/biblio-title+copia.jpg\" alt=\"Biblioblog Brenan\" width=\"192\" height=\"32\"> &nbsp;&nbsp;&nbsp;&nbsp; Blog de la Biblioteca &#8211; biblioblogbrenan<\/strong><\/span><\/a><\/p>\n<p style=\"padding-left: 80px\"><span style=\"color: #3366ff\"><strong><a style=\"color: #3366ff\" href=\"https:\/\/www.instagram.com\/biblioiesgbrenan\/\"><img loading=\"lazy\" decoding=\"async\" id=\"Image2_img\" class=\"\" src=\"https:\/\/1.bp.blogspot.com\/-BI8Hc3ylFcY\/WwRdROT2t8I\/AAAAAAAABCo\/u6a424uo3LgNjCXW2RsODZQDPMVsEHndACK4BGAYYCw\/s220\/inst1.bmp\" alt=\"INSTAGRAM\" width=\"188\" height=\"41\"> &nbsp;&nbsp;&nbsp;&nbsp;&nbsp; Instagram de la Biblioteca &#8211; biblioiesgbrenan<\/a><\/strong><\/span><\/p>\n<p style=\"padding-left: 80px\"><a href=\"https:\/\/twitter.com\/biblio_gbrenan\"><strong><span style=\"color: #3366ff\"><em><img loading=\"lazy\" decoding=\"async\" id=\"Image4_img\" class=\"\" src=\"https:\/\/1.bp.blogspot.com\/-P5SfWYtYQ1o\/YNGUnrMqkmI\/AAAAAAAABd0\/zfrHdwd1iqQx6Y119ovDHckQrHDflJWJACLcBGAsYHQ\/biblio_gbrenan-Twitter.png\" alt=\"TWITTER\" width=\"92\" height=\"56\"> &nbsp;&nbsp;&nbsp;&nbsp;&nbsp;&nbsp;&nbsp;&nbsp;&nbsp; Twitter<\/em>: biblio_gbrenan<\/span><\/strong><\/a><\/p>\n<p>&nbsp;<\/p>\n<h4><strong>Programa de Acompa\u00f1amiento (D. Manuel Guerra Perea)<\/strong><\/h4>\n<p style=\"padding-left: 80px\"><a href=\"https:\/\/blogsaverroes.juntadeandalucia.es\/iesgbrenan\/programa-de-acompanamiento-escolar-curso-2021-2022\/\"><span style=\"color: #3366ff\"><strong>Enlace a informaci\u00f3n sobre el programa<\/strong><\/span><\/a><\/p>\n<h4>&nbsp;<\/h4>\n<h4><strong>TIC 4.0 (D. Jos\u00e9 Rafael Ram\u00edrez Pita)<\/strong><\/h4>\n<p>&nbsp;<\/p>\n<h4><a href=\"https:\/\/www.juntadeandalucia.es\/educacion\/eaprendizaje\/tde\/\"><strong>T.D.E. \/ Competencia Digital Educativa \/ &nbsp;STEAM &nbsp;(D. Juan Castillo Barco)<\/strong><\/a><\/h4>\n<h4>&nbsp;<\/h4>\n<h4><strong>H\u00e1bitos de Vida Saludable &nbsp;(D. Francisco Cort\u00e9s Array\u00e1s)<\/strong><\/h4>\n<p style=\"padding-left: 80px\"><strong><span style=\"color: #3366ff\"><a style=\"color: #3366ff\" href=\"https:\/\/habitosdevidasaludablegb.blogspot.com\/\">Blog H\u00e1bitos de vida saludable<\/a><\/span><\/strong><\/p>\n<h4>&nbsp;<\/h4>\n<h4><a href=\"https:\/\/www.juntadeandalucia.es\/educacion\/portals\/web\/aldea\/programa-aldea\"><strong>Programa de Educaci\u00f3n Ambiental <em>Aldea<\/em> (D\u00f1a. M\u00aa \u00c1ngeles Arag\u00f3n Gonz\u00e1lez)<\/strong><\/a><\/h4>\n<h4>&nbsp;<\/h4>\n<h4><a href=\"https:\/\/www.juntadeandalucia.es\/educacion\/portals\/web\/lecturas-bibliotecas-escolares\/programa-comunica\"><strong>Programa ComunicA (D.\u00aa M\u00aa Teresa Mel\u00e9ndez Hurtado)<\/strong><\/a><\/h4>\n<p>&nbsp;<\/p>\n","protected":false},"excerpt":{"rendered":"<p>Erasmus+ (D. Miguel Romero Carmona) Enlace a la informaci\u00f3n del proyecto. &nbsp; Proyecto Biling\u00fce (D.\u00aa&nbsp; Silvia Paneque Arana) Auxiliares de Conversaci\u00f3n Enlace a la informaci\u00f3n del proyecto. &nbsp; Plan de Autoprotecci\u00f3n y Riesgos Laborales&nbsp; (D. Luis Padilla Cerezuela) Plan de Autoprotecci\u00f3n del IES Gerald Brenan &nbsp; Coordinaci\u00f3n de Salud y Bienestar (D.\u00aa Rosa M\u00aa Pareja [&hellip;]<\/p>\n","protected":false},"author":13342,"featured_media":0,"parent":0,"menu_order":0,"comment_status":"closed","ping_status":"closed","template":"","meta":{"_et_pb_use_builder":"","_et_pb_old_content":"","_et_gb_content_width":"","ngg_post_thumbnail":0,"footnotes":""},"aioseo_notices":[],"_links":{"self":[{"href":"https:\/\/blogsaverroes.juntadeandalucia.es\/iesgbrenan\/wp-json\/wp\/v2\/pages\/877"}],"collection":[{"href":"https:\/\/blogsaverroes.juntadeandalucia.es\/iesgbrenan\/wp-json\/wp\/v2\/pages"}],"about":[{"href":"https:\/\/blogsaverroes.juntadeandalucia.es\/iesgbrenan\/wp-json\/wp\/v2\/types\/page"}],"author":[{"embeddable":true,"href":"https:\/\/blogsaverroes.juntadeandalucia.es\/iesgbrenan\/wp-json\/wp\/v2\/users\/13342"}],"replies":[{"embeddable":true,"href":"https:\/\/blogsaverroes.juntadeandalucia.es\/iesgbrenan\/wp-json\/wp\/v2\/comments?post=877"}],"version-history":[{"count":71,"href":"https:\/\/blogsaverroes.juntadeandalucia.es\/iesgbrenan\/wp-json\/wp\/v2\/pages\/877\/revisions"}],"predecessor-version":[{"id":5889,"href":"https:\/\/blogsaverroes.juntadeandalucia.es\/iesgbrenan\/wp-json\/wp\/v2\/pages\/877\/revisions\/5889"}],"wp:attachment":[{"href":"https:\/\/blogsaverroes.juntadeandalucia.es\/iesgbrenan\/wp-json\/wp\/v2\/media?parent=877"}],"curies":[{"name":"wp","href":"https:\/\/api.w.org\/{rel}","templated":true}]}}