{"id":5599,"date":"2022-12-26T14:51:09","date_gmt":"2022-12-26T13:51:09","guid":{"rendered":"https:\/\/iesgongora.com\/?page_id=5599"},"modified":"2024-09-30T10:14:12","modified_gmt":"2024-09-30T08:14:12","slug":"dpto-dibujo-y-musica","status":"publish","type":"page","link":"https:\/\/blogsaverroes.juntadeandalucia.es\/iesgongora\/dpto-dibujo-y-musica\/","title":{"rendered":"Dibujo y M\u00fasica"},"content":{"rendered":"\r\n<p>El departamento de Dibujo y M\u00fasica del IES Luis de G\u00f3ngora&nbsp;en el presente curso&nbsp;est\u00e1 formado por:<\/p>\r\n\r\n\r\n\r\n<p><strong>Dibujo<\/strong><\/p>\r\n\r\n\r\n\r\n<ul>\r\n<li>\u00c1lvarez Molina, \u00c1ngela<\/li>\r\n\r\n\r\n\r\n<li>B\u00e1ez N\u00fa\u00f1ez, Jes\u00fas Daniel (Jefe de Departamento)<\/li>\r\n\r\n\r\n\r\n<li>Dom\u00ednguez V\u00e1zquez, Jos\u00e9 Mar\u00eda<\/li>\r\n\r\n\r\n\r\n<li>L\u00f3pez Rey, Mar\u00eda del Carmen<\/li>\r\n\r\n\r\n\r\n<li>Mahedero Castellano, Pilar<\/li>\r\n<\/ul>\r\n\r\n\r\n\r\n<p><strong>M\u00fasica<\/strong><\/p>\r\n\r\n\r\n\r\n<ul>\r\n<li>Ben\u00edtez Martos, Juan Antonio<\/li>\r\n<\/ul>\r\n<p><img loading=\"lazy\" decoding=\"async\" src=\"https:\/\/blogsaverroes.juntadeandalucia.es\/iesgongora\/files\/2024\/09\/IMG_7538-scaled.jpg\" alt=\"\" width=\"1920\" height=\"2560\"><\/p>\r\n\r\n\r\n<hr class=\"wp-block-separator has-text-color has-black-color has-alpha-channel-opacity has-black-background-color has-background is-style-wide\">\r\n\r\n<ul class=\"wp-block-latest-posts__list has-dates wp-block-latest-posts\"><\/ul>","protected":false},"excerpt":{"rendered":"<p>El departamento de Dibujo y M\u00fasica del IES Luis de G\u00f3ngora&nbsp;en el presente curso&nbsp;est\u00e1 formado por: Dibujo M\u00fasica<\/p>\n","protected":false},"author":19499,"featured_media":0,"parent":0,"menu_order":0,"comment_status":"closed","ping_status":"closed","template":"","meta":{"ngg_post_thumbnail":0,"footnotes":"","_mc_calendar":[]},"aioseo_notices":[],"_links":{"self":[{"href":"https:\/\/blogsaverroes.juntadeandalucia.es\/iesgongora\/wp-json\/wp\/v2\/pages\/5599"}],"collection":[{"href":"https:\/\/blogsaverroes.juntadeandalucia.es\/iesgongora\/wp-json\/wp\/v2\/pages"}],"about":[{"href":"https:\/\/blogsaverroes.juntadeandalucia.es\/iesgongora\/wp-json\/wp\/v2\/types\/page"}],"author":[{"embeddable":true,"href":"https:\/\/blogsaverroes.juntadeandalucia.es\/iesgongora\/wp-json\/wp\/v2\/users\/19499"}],"replies":[{"embeddable":true,"href":"https:\/\/blogsaverroes.juntadeandalucia.es\/iesgongora\/wp-json\/wp\/v2\/comments?post=5599"}],"version-history":[{"count":2,"href":"https:\/\/blogsaverroes.juntadeandalucia.es\/iesgongora\/wp-json\/wp\/v2\/pages\/5599\/revisions"}],"predecessor-version":[{"id":7253,"href":"https:\/\/blogsaverroes.juntadeandalucia.es\/iesgongora\/wp-json\/wp\/v2\/pages\/5599\/revisions\/7253"}],"wp:attachment":[{"href":"https:\/\/blogsaverroes.juntadeandalucia.es\/iesgongora\/wp-json\/wp\/v2\/media?parent=5599"}],"curies":[{"name":"wp","href":"https:\/\/api.w.org\/{rel}","templated":true}]}}

Dibujo y Música

<p>El departamento de Dibujo y Música del IES Luis de Góngora&nbsp;en el presente curso&nbsp;está formado por:</p>



<p><strong>Dibujo</strong></p>



<ul>
<li>Álvarez Molina, Ángela</li>



<li>Báez Núñez, Jesús Daniel (Jefe de Departamento)</li>



<li>Domínguez Vázquez, José María</li>



<li>López Rey, María del Carmen</li>



<li>Mahedero Castellano, Pilar</li>
</ul>



<p><strong>Música</strong></p>



<ul>
<li>Benítez Martos, Juan Antonio</li>
</ul>
<p><img loading="lazy" decoding="async" src="https://blogsaverroes.juntadeandalucia.es/iesgongora/files/2024/09/IMG_7538-scaled.jpg" alt="" width="1920" height="2560"></p>


<hr class="wp-block-separator has-text-color has-black-color has-alpha-channel-opacity has-black-background-color has-background is-style-wide">

<ul class="wp-block-latest-posts__list has-dates wp-block-latest-posts"></ul>

<p>El departamento de Dibujo y Música del IES Luis de Góngora&nbsp;en el presente curso&nbsp;está formado por: Dibujo Música</p>
