{"id":5605,"date":"2022-12-26T20:23:36","date_gmt":"2022-12-26T19:23:36","guid":{"rendered":"https:\/\/iesgongora.com\/?page_id=5605"},"modified":"2024-09-30T10:16:27","modified_gmt":"2024-09-30T08:16:27","slug":"dpto-filosofia","status":"publish","type":"page","link":"https:\/\/blogsaverroes.juntadeandalucia.es\/iesgongora\/dpto-filosofia\/","title":{"rendered":"Filosof\u00eda"},"content":{"rendered":"\r\n<p>El departamento de Filosof\u00eda del IES Luis de G\u00f3ngora en el presente curso&nbsp;est\u00e1 formado por:<\/p>\r\n\r\n\r\n\r\n<ul>\r\n<li>G\u00f3mez \u00c1lvarez, Alberto<\/li>\r\n<li>D\u00edaz Carrillo, Manuel Jos\u00e9 (Jefe de Departamento)<\/li>\r\n<li>Garc\u00eda Cardiel, Antonia Mar\u00eda<\/li>\r\n<li>L\u00f3pez Ruiz, M\u00aa \u00c1ngeles<\/li>\r\n<\/ul>\r\n\r\n\r\n<hr class=\"wp-block-separator has-text-color has-black-color has-alpha-channel-opacity has-black-background-color has-background is-style-wide\">\r\n\r\n<ul class=\"wp-block-latest-posts__list has-dates wp-block-latest-posts\"><\/ul>","protected":false},"excerpt":{"rendered":"<p>El departamento de Filosof\u00eda del IES Luis de G\u00f3ngora en el presente curso&nbsp;est\u00e1 formado por:<\/p>\n","protected":false},"author":19499,"featured_media":0,"parent":0,"menu_order":0,"comment_status":"closed","ping_status":"closed","template":"","meta":{"ngg_post_thumbnail":0,"footnotes":"","_mc_calendar":[]},"aioseo_notices":[],"_links":{"self":[{"href":"https:\/\/blogsaverroes.juntadeandalucia.es\/iesgongora\/wp-json\/wp\/v2\/pages\/5605"}],"collection":[{"href":"https:\/\/blogsaverroes.juntadeandalucia.es\/iesgongora\/wp-json\/wp\/v2\/pages"}],"about":[{"href":"https:\/\/blogsaverroes.juntadeandalucia.es\/iesgongora\/wp-json\/wp\/v2\/types\/page"}],"author":[{"embeddable":true,"href":"https:\/\/blogsaverroes.juntadeandalucia.es\/iesgongora\/wp-json\/wp\/v2\/users\/19499"}],"replies":[{"embeddable":true,"href":"https:\/\/blogsaverroes.juntadeandalucia.es\/iesgongora\/wp-json\/wp\/v2\/comments?post=5605"}],"version-history":[{"count":2,"href":"https:\/\/blogsaverroes.juntadeandalucia.es\/iesgongora\/wp-json\/wp\/v2\/pages\/5605\/revisions"}],"predecessor-version":[{"id":7260,"href":"https:\/\/blogsaverroes.juntadeandalucia.es\/iesgongora\/wp-json\/wp\/v2\/pages\/5605\/revisions\/7260"}],"wp:attachment":[{"href":"https:\/\/blogsaverroes.juntadeandalucia.es\/iesgongora\/wp-json\/wp\/v2\/media?parent=5605"}],"curies":[{"name":"wp","href":"https:\/\/api.w.org\/{rel}","templated":true}]}}

Filosofía

<p>El departamento de Filosofía del IES Luis de Góngora en el presente curso&nbsp;está formado por:</p>



<ul>
<li>Gómez Álvarez, Alberto</li>
<li>Díaz Carrillo, Manuel José (Jefe de Departamento)</li>
<li>García Cardiel, Antonia María</li>
<li>López Ruiz, Mª Ángeles</li>
</ul>


<hr class="wp-block-separator has-text-color has-black-color has-alpha-channel-opacity has-black-background-color has-background is-style-wide">

<ul class="wp-block-latest-posts__list has-dates wp-block-latest-posts"></ul>

<p>El departamento de Filosofía del IES Luis de Góngora en el presente curso&nbsp;está formado por:</p>
