{"id":5611,"date":"2022-12-26T20:28:46","date_gmt":"2022-12-26T19:28:46","guid":{"rendered":"https:\/\/iesgongora.com\/?page_id=5611"},"modified":"2024-09-30T10:16:36","modified_gmt":"2024-09-30T08:16:36","slug":"dpto-frances-e-italiano","status":"publish","type":"page","link":"https:\/\/blogsaverroes.juntadeandalucia.es\/iesgongora\/dpto-frances-e-italiano\/","title":{"rendered":"Franc\u00e9s e Italiano"},"content":{"rendered":"\r\n<p>El departamento de Franc\u00e9s e Italiano del IES Luis de G\u00f3ngora en el presente curso&nbsp;est\u00e1 formado por:<\/p>\r\n\r\n\r\n\r\n<p><strong>Franc\u00e9s<\/strong><\/p>\r\n\r\n\r\n\r\n<ul>\r\n<li>Bautista V\u00e1zquez, Mar\u00eda del Mar (Jefa de departamento)<\/li>\r\n\r\n\r\n\r\n<li>G\u00f3mez Ruz, Mar\u00eda Dolores<\/li>\r\n<\/ul>\r\n\r\n\r\n\r\n<p><strong>Italiano<\/strong><\/p>\r\n\r\n\r\n\r\n<ul>\r\n<li>\r\n<p>Vargas Mart\u00edn, In\u00e9s<\/p>\r\n<\/li>\r\n<\/ul>\r\n<p><img loading=\"lazy\" decoding=\"async\" class=\"aligncenter size-full wp-image-7182\" src=\"https:\/\/blogsaverroes.juntadeandalucia.es\/iesgongora\/files\/2024\/09\/IMG_7542-scaled.jpg\" alt=\"\" width=\"1920\" height=\"2560\" srcset=\"https:\/\/blogsaverroes.juntadeandalucia.es\/iesgongora\/files\/2024\/09\/IMG_7542-scaled.jpg 1920w, https:\/\/blogsaverroes.juntadeandalucia.es\/iesgongora\/files\/2024\/09\/IMG_7542-225x300.jpg 225w, https:\/\/blogsaverroes.juntadeandalucia.es\/iesgongora\/files\/2024\/09\/IMG_7542-768x1024.jpg 768w, https:\/\/blogsaverroes.juntadeandalucia.es\/iesgongora\/files\/2024\/09\/IMG_7542-1152x1536.jpg 1152w, https:\/\/blogsaverroes.juntadeandalucia.es\/iesgongora\/files\/2024\/09\/IMG_7542-1536x2048.jpg 1536w\" sizes=\"(max-width: 1920px) 100vw, 1920px\" \/><\/p>\r\n\r\n\r\n<hr class=\"wp-block-separator has-text-color has-black-color has-alpha-channel-opacity has-black-background-color has-background is-style-wide\">\r\n\r\n<ul class=\"wp-block-latest-posts__list has-dates wp-block-latest-posts\"><\/ul>","protected":false},"excerpt":{"rendered":"<p>El departamento de Franc\u00e9s e Italiano del IES Luis de G\u00f3ngora en el presente curso&nbsp;est\u00e1 formado por: Franc\u00e9s Italiano<\/p>\n","protected":false},"author":19499,"featured_media":0,"parent":0,"menu_order":0,"comment_status":"closed","ping_status":"closed","template":"","meta":{"ngg_post_thumbnail":0,"footnotes":"","_mc_calendar":[]},"aioseo_notices":[],"_links":{"self":[{"href":"https:\/\/blogsaverroes.juntadeandalucia.es\/iesgongora\/wp-json\/wp\/v2\/pages\/5611"}],"collection":[{"href":"https:\/\/blogsaverroes.juntadeandalucia.es\/iesgongora\/wp-json\/wp\/v2\/pages"}],"about":[{"href":"https:\/\/blogsaverroes.juntadeandalucia.es\/iesgongora\/wp-json\/wp\/v2\/types\/page"}],"author":[{"embeddable":true,"href":"https:\/\/blogsaverroes.juntadeandalucia.es\/iesgongora\/wp-json\/wp\/v2\/users\/19499"}],"replies":[{"embeddable":true,"href":"https:\/\/blogsaverroes.juntadeandalucia.es\/iesgongora\/wp-json\/wp\/v2\/comments?post=5611"}],"version-history":[{"count":3,"href":"https:\/\/blogsaverroes.juntadeandalucia.es\/iesgongora\/wp-json\/wp\/v2\/pages\/5611\/revisions"}],"predecessor-version":[{"id":7261,"href":"https:\/\/blogsaverroes.juntadeandalucia.es\/iesgongora\/wp-json\/wp\/v2\/pages\/5611\/revisions\/7261"}],"wp:attachment":[{"href":"https:\/\/blogsaverroes.juntadeandalucia.es\/iesgongora\/wp-json\/wp\/v2\/media?parent=5611"}],"curies":[{"name":"wp","href":"https:\/\/api.w.org\/{rel}","templated":true}]}}

Francés e Italiano

<p>El departamento de Francés e Italiano del IES Luis de Góngora en el presente curso&nbsp;está formado por:</p>



<p><strong>Francés</strong></p>



<ul>
<li>Bautista Vázquez, María del Mar (Jefa de departamento)</li>



<li>Gómez Ruz, María Dolores</li>
</ul>



<p><strong>Italiano</strong></p>



<ul>
<li>
<p>Vargas Martín, Inés</p>
</li>
</ul>
<p><img loading="lazy" decoding="async" class="aligncenter size-full wp-image-7182" src="https://blogsaverroes.juntadeandalucia.es/iesgongora/files/2024/09/IMG_7542-scaled.jpg" alt="" width="1920" height="2560" srcset="https://blogsaverroes.juntadeandalucia.es/iesgongora/files/2024/09/IMG_7542-scaled.jpg 1920w, https://blogsaverroes.juntadeandalucia.es/iesgongora/files/2024/09/IMG_7542-225x300.jpg 225w, https://blogsaverroes.juntadeandalucia.es/iesgongora/files/2024/09/IMG_7542-768x1024.jpg 768w, https://blogsaverroes.juntadeandalucia.es/iesgongora/files/2024/09/IMG_7542-1152x1536.jpg 1152w, https://blogsaverroes.juntadeandalucia.es/iesgongora/files/2024/09/IMG_7542-1536x2048.jpg 1536w" sizes="(max-width: 1920px) 100vw, 1920px" /></p>


<hr class="wp-block-separator has-text-color has-black-color has-alpha-channel-opacity has-black-background-color has-background is-style-wide">

<ul class="wp-block-latest-posts__list has-dates wp-block-latest-posts"></ul>

<p>El departamento de Francés e Italiano del IES Luis de Góngora en el presente curso&nbsp;está formado por: Francés Italiano</p>
