{"id":5614,"date":"2022-12-26T20:31:25","date_gmt":"2022-12-26T19:31:25","guid":{"rendered":"https:\/\/iesgongora.com\/?page_id=5614"},"modified":"2024-09-30T09:52:51","modified_gmt":"2024-09-30T07:52:51","slug":"dpto-geografia-e-historia","status":"publish","type":"page","link":"https:\/\/blogsaverroes.juntadeandalucia.es\/iesgongora\/dpto-geografia-e-historia\/","title":{"rendered":"Geograf\u00eda e Historia"},"content":{"rendered":"\r\n<p>El departamento de Geograf\u00eda e Historia del IES Luis de G\u00f3ngora en el presente curso est\u00e1 formado por:<\/p>\r\n\r\n\r\n\r\n<ul>\r\n<li>Cano Montoro, Encarnaci\u00f3n<\/li>\r\n<li>Fuentes Fernandez, Mar\u00eda Victoria<\/li>\r\n<li>Gal\u00e1n G\u00f3mez, Ignacio<\/li>\r\n<li>L\u00f3pez Garc\u00eda, Luis Fernando<\/li>\r\n<li>L\u00f3pez Rey, Nuria (Jefa de departamento)<\/li>\r\n<li>Seco S\u00e1nchez, Mar\u00eda del Mar<\/li>\r\n<\/ul>\r\n<p><img loading=\"lazy\" decoding=\"async\" src=\"https:\/\/blogsaverroes.juntadeandalucia.es\/iesgongora\/files\/2024\/09\/IMG_7549-scaled.jpg\" alt=\"\" width=\"1920\" height=\"2560\"><\/p>\r\n\r\n\r\n<hr class=\"wp-block-separator has-text-color has-black-color has-alpha-channel-opacity has-black-background-color has-background is-style-wide\">\r\n\r\n<ul class=\"wp-block-latest-posts__list has-dates wp-block-latest-posts\"><\/ul>","protected":false},"excerpt":{"rendered":"<p>El departamento de Geograf\u00eda e Historia del IES Luis de G\u00f3ngora en el presente curso est\u00e1 formado por:<\/p>\n","protected":false},"author":19499,"featured_media":0,"parent":0,"menu_order":0,"comment_status":"closed","ping_status":"closed","template":"","meta":{"ngg_post_thumbnail":0,"footnotes":"","_mc_calendar":[]},"aioseo_notices":[],"_links":{"self":[{"href":"https:\/\/blogsaverroes.juntadeandalucia.es\/iesgongora\/wp-json\/wp\/v2\/pages\/5614"}],"collection":[{"href":"https:\/\/blogsaverroes.juntadeandalucia.es\/iesgongora\/wp-json\/wp\/v2\/pages"}],"about":[{"href":"https:\/\/blogsaverroes.juntadeandalucia.es\/iesgongora\/wp-json\/wp\/v2\/types\/page"}],"author":[{"embeddable":true,"href":"https:\/\/blogsaverroes.juntadeandalucia.es\/iesgongora\/wp-json\/wp\/v2\/users\/19499"}],"replies":[{"embeddable":true,"href":"https:\/\/blogsaverroes.juntadeandalucia.es\/iesgongora\/wp-json\/wp\/v2\/comments?post=5614"}],"version-history":[{"count":2,"href":"https:\/\/blogsaverroes.juntadeandalucia.es\/iesgongora\/wp-json\/wp\/v2\/pages\/5614\/revisions"}],"predecessor-version":[{"id":7246,"href":"https:\/\/blogsaverroes.juntadeandalucia.es\/iesgongora\/wp-json\/wp\/v2\/pages\/5614\/revisions\/7246"}],"wp:attachment":[{"href":"https:\/\/blogsaverroes.juntadeandalucia.es\/iesgongora\/wp-json\/wp\/v2\/media?parent=5614"}],"curies":[{"name":"wp","href":"https:\/\/api.w.org\/{rel}","templated":true}]}}