{"id":5617,"date":"2022-12-26T20:33:55","date_gmt":"2022-12-26T19:33:55","guid":{"rendered":"https:\/\/iesgongora.com\/?page_id=5617"},"modified":"2024-09-30T09:54:46","modified_gmt":"2024-09-30T07:54:46","slug":"dpto-ingles","status":"publish","type":"page","link":"https:\/\/blogsaverroes.juntadeandalucia.es\/iesgongora\/dpto-ingles\/","title":{"rendered":"Ingl\u00e9s"},"content":{"rendered":"\r\n<p>El departamento de Ingl\u00e9s del IES Luis de G\u00f3ngora en el presente curso est\u00e1 formado por:<\/p>\r\n\r\n\r\n\r\n<ul>\r\n<li>Antol\u00edn Vicente, Raquel<\/li>\r\n<li>Cabanas Vellon, Noelia<\/li>\r\n<li>Mart\u00ednez Santacruz, Mar\u00eda Concepci\u00f3n (Jefa de departamento)<\/li>\r\n<li>Moya S\u00e1nchez, Rosa<\/li>\r\n<li>Puente Barrios, Blanca de la<\/li>\r\n<li>Rallo Morillo, Soledad<\/li>\r\n<li>Rold\u00e1n Alba, Francisco Jes\u00fas<\/li>\r\n<li>Ruiz Degayon, Antonio<\/li>\r\n<li>Uceda Romero, Roberto<\/li>\r\n<\/ul>\r\n<p><img loading=\"lazy\" decoding=\"async\" class=\"aligncenter size-full wp-image-7186\" src=\"https:\/\/blogsaverroes.juntadeandalucia.es\/iesgongora\/files\/2024\/09\/IMG_7545-scaled.jpg\" alt=\"\" width=\"1920\" height=\"2560\" srcset=\"https:\/\/blogsaverroes.juntadeandalucia.es\/iesgongora\/files\/2024\/09\/IMG_7545-scaled.jpg 1920w, https:\/\/blogsaverroes.juntadeandalucia.es\/iesgongora\/files\/2024\/09\/IMG_7545-225x300.jpg 225w, https:\/\/blogsaverroes.juntadeandalucia.es\/iesgongora\/files\/2024\/09\/IMG_7545-768x1024.jpg 768w, https:\/\/blogsaverroes.juntadeandalucia.es\/iesgongora\/files\/2024\/09\/IMG_7545-1152x1536.jpg 1152w, https:\/\/blogsaverroes.juntadeandalucia.es\/iesgongora\/files\/2024\/09\/IMG_7545-1536x2048.jpg 1536w\" sizes=\"(max-width: 1920px) 100vw, 1920px\" \/><\/p>\r\n\r\n\r\n<hr class=\"wp-block-separator has-text-color has-black-color has-alpha-channel-opacity has-black-background-color has-background is-style-wide\">\r\n\r\n<ul class=\"wp-block-latest-posts__list has-dates wp-block-latest-posts\"><\/ul>","protected":false},"excerpt":{"rendered":"<p>El departamento de Ingl\u00e9s del IES Luis de G\u00f3ngora en el presente curso est\u00e1 formado por:<\/p>\n","protected":false},"author":19499,"featured_media":0,"parent":0,"menu_order":0,"comment_status":"closed","ping_status":"closed","template":"","meta":{"ngg_post_thumbnail":0,"footnotes":"","_mc_calendar":[]},"aioseo_notices":[],"_links":{"self":[{"href":"https:\/\/blogsaverroes.juntadeandalucia.es\/iesgongora\/wp-json\/wp\/v2\/pages\/5617"}],"collection":[{"href":"https:\/\/blogsaverroes.juntadeandalucia.es\/iesgongora\/wp-json\/wp\/v2\/pages"}],"about":[{"href":"https:\/\/blogsaverroes.juntadeandalucia.es\/iesgongora\/wp-json\/wp\/v2\/types\/page"}],"author":[{"embeddable":true,"href":"https:\/\/blogsaverroes.juntadeandalucia.es\/iesgongora\/wp-json\/wp\/v2\/users\/19499"}],"replies":[{"embeddable":true,"href":"https:\/\/blogsaverroes.juntadeandalucia.es\/iesgongora\/wp-json\/wp\/v2\/comments?post=5617"}],"version-history":[{"count":4,"href":"https:\/\/blogsaverroes.juntadeandalucia.es\/iesgongora\/wp-json\/wp\/v2\/pages\/5617\/revisions"}],"predecessor-version":[{"id":7248,"href":"https:\/\/blogsaverroes.juntadeandalucia.es\/iesgongora\/wp-json\/wp\/v2\/pages\/5617\/revisions\/7248"}],"wp:attachment":[{"href":"https:\/\/blogsaverroes.juntadeandalucia.es\/iesgongora\/wp-json\/wp\/v2\/media?parent=5617"}],"curies":[{"name":"wp","href":"https:\/\/api.w.org\/{rel}","templated":true}]}}