{"id":5622,"date":"2022-12-26T20:39:40","date_gmt":"2022-12-26T19:39:40","guid":{"rendered":"https:\/\/iesgongora.com\/?page_id=5622"},"modified":"2024-09-30T09:56:16","modified_gmt":"2024-09-30T07:56:16","slug":"dpto-latin-y-griego","status":"publish","type":"page","link":"https:\/\/blogsaverroes.juntadeandalucia.es\/iesgongora\/dpto-latin-y-griego\/","title":{"rendered":"Lat\u00edn y Griego"},"content":{"rendered":"\r\n<p>El departamento de Lat\u00edn y Griego del IES Luis de G\u00f3ngora en el presente curso est\u00e1 formado por:<\/p>\r\n\r\n\r\n\r\n<ul>\r\n<li>Blasco Escribano, Nuria (Jefa de departamento)<\/li>\r\n<li>Mill\u00e1n G\u00f3mez, Manuel<\/li>\r\n<li>Rey Lobato, Daniel<\/li>\r\n<\/ul>\r\n<p><img loading=\"lazy\" decoding=\"async\" class=\"aligncenter size-full wp-image-7180\" src=\"https:\/\/blogsaverroes.juntadeandalucia.es\/iesgongora\/files\/2024\/09\/IMG_7541-scaled.jpg\" alt=\"\" width=\"1920\" height=\"2560\" srcset=\"https:\/\/blogsaverroes.juntadeandalucia.es\/iesgongora\/files\/2024\/09\/IMG_7541-scaled.jpg 1920w, https:\/\/blogsaverroes.juntadeandalucia.es\/iesgongora\/files\/2024\/09\/IMG_7541-225x300.jpg 225w, https:\/\/blogsaverroes.juntadeandalucia.es\/iesgongora\/files\/2024\/09\/IMG_7541-768x1024.jpg 768w, https:\/\/blogsaverroes.juntadeandalucia.es\/iesgongora\/files\/2024\/09\/IMG_7541-1152x1536.jpg 1152w, https:\/\/blogsaverroes.juntadeandalucia.es\/iesgongora\/files\/2024\/09\/IMG_7541-1536x2048.jpg 1536w\" sizes=\"(max-width: 1920px) 100vw, 1920px\" \/><\/p>\r\n\r\n\r\n<hr class=\"wp-block-separator has-text-color has-black-color has-alpha-channel-opacity has-black-background-color has-background is-style-wide\">\r\n\r\n<ul class=\"wp-block-latest-posts__list has-dates wp-block-latest-posts\"><\/ul>","protected":false},"excerpt":{"rendered":"<p>El departamento de Lat\u00edn y Griego del IES Luis de G\u00f3ngora en el presente curso est\u00e1 formado por:<\/p>\n","protected":false},"author":19499,"featured_media":0,"parent":0,"menu_order":0,"comment_status":"closed","ping_status":"closed","template":"","meta":{"ngg_post_thumbnail":0,"footnotes":"","_mc_calendar":[]},"aioseo_notices":[],"_links":{"self":[{"href":"https:\/\/blogsaverroes.juntadeandalucia.es\/iesgongora\/wp-json\/wp\/v2\/pages\/5622"}],"collection":[{"href":"https:\/\/blogsaverroes.juntadeandalucia.es\/iesgongora\/wp-json\/wp\/v2\/pages"}],"about":[{"href":"https:\/\/blogsaverroes.juntadeandalucia.es\/iesgongora\/wp-json\/wp\/v2\/types\/page"}],"author":[{"embeddable":true,"href":"https:\/\/blogsaverroes.juntadeandalucia.es\/iesgongora\/wp-json\/wp\/v2\/users\/19499"}],"replies":[{"embeddable":true,"href":"https:\/\/blogsaverroes.juntadeandalucia.es\/iesgongora\/wp-json\/wp\/v2\/comments?post=5622"}],"version-history":[{"count":2,"href":"https:\/\/blogsaverroes.juntadeandalucia.es\/iesgongora\/wp-json\/wp\/v2\/pages\/5622\/revisions"}],"predecessor-version":[{"id":7249,"href":"https:\/\/blogsaverroes.juntadeandalucia.es\/iesgongora\/wp-json\/wp\/v2\/pages\/5622\/revisions\/7249"}],"wp:attachment":[{"href":"https:\/\/blogsaverroes.juntadeandalucia.es\/iesgongora\/wp-json\/wp\/v2\/media?parent=5622"}],"curies":[{"name":"wp","href":"https:\/\/api.w.org\/{rel}","templated":true}]}}

Latín y Griego

<p>El departamento de Latín y Griego del IES Luis de Góngora en el presente curso está formado por:</p>



<ul>
<li>Blasco Escribano, Nuria (Jefa de departamento)</li>
<li>Millán Gómez, Manuel</li>
<li>Rey Lobato, Daniel</li>
</ul>
<p><img loading="lazy" decoding="async" class="aligncenter size-full wp-image-7180" src="https://blogsaverroes.juntadeandalucia.es/iesgongora/files/2024/09/IMG_7541-scaled.jpg" alt="" width="1920" height="2560" srcset="https://blogsaverroes.juntadeandalucia.es/iesgongora/files/2024/09/IMG_7541-scaled.jpg 1920w, https://blogsaverroes.juntadeandalucia.es/iesgongora/files/2024/09/IMG_7541-225x300.jpg 225w, https://blogsaverroes.juntadeandalucia.es/iesgongora/files/2024/09/IMG_7541-768x1024.jpg 768w, https://blogsaverroes.juntadeandalucia.es/iesgongora/files/2024/09/IMG_7541-1152x1536.jpg 1152w, https://blogsaverroes.juntadeandalucia.es/iesgongora/files/2024/09/IMG_7541-1536x2048.jpg 1536w" sizes="(max-width: 1920px) 100vw, 1920px" /></p>


<hr class="wp-block-separator has-text-color has-black-color has-alpha-channel-opacity has-black-background-color has-background is-style-wide">

<ul class="wp-block-latest-posts__list has-dates wp-block-latest-posts"></ul>

<p>El departamento de Latín y Griego del IES Luis de Góngora en el presente curso está formado por:</p>
