{"id":5625,"date":"2022-12-26T20:42:06","date_gmt":"2022-12-26T19:42:06","guid":{"rendered":"https:\/\/iesgongora.com\/?page_id=5625"},"modified":"2024-09-30T09:57:33","modified_gmt":"2024-09-30T07:57:33","slug":"dpto-lengua-y-literatura","status":"publish","type":"page","link":"https:\/\/blogsaverroes.juntadeandalucia.es\/iesgongora\/dpto-lengua-y-literatura\/","title":{"rendered":"Lengua y Literatura"},"content":{"rendered":"\r\n<p>El departamento de Lengua y Literatura del IES Luis de G\u00f3ngora&nbsp;en el presente curso&nbsp;est\u00e1 formado por:<\/p>\r\n\r\n\r\n\r\n<ul>\r\n<li>Campos Rodr\u00edguez, Carmen<\/li>\r\n<li>Esquinas Garrido, Guadalupe Mar\u00eda<\/li>\r\n<li>Le\u00f3n Gonz\u00e1lez, Mar\u00eda Carmen<\/li>\r\n<li>Rosal Castilla, Macarena<\/li>\r\n<li>S\u00e1nchez Garc\u00eda, Manuela (Jefa de departamento)<\/li>\r\n<li>Vaquero Prieto, Pilar<\/li>\r\n<\/ul>\r\n<p><img loading=\"lazy\" decoding=\"async\" class=\"aligncenter size-full wp-image-7184\" src=\"https:\/\/blogsaverroes.juntadeandalucia.es\/iesgongora\/files\/2024\/09\/IMG_7544-scaled.jpg\" alt=\"\" width=\"1920\" height=\"2560\" srcset=\"https:\/\/blogsaverroes.juntadeandalucia.es\/iesgongora\/files\/2024\/09\/IMG_7544-scaled.jpg 1920w, https:\/\/blogsaverroes.juntadeandalucia.es\/iesgongora\/files\/2024\/09\/IMG_7544-225x300.jpg 225w, https:\/\/blogsaverroes.juntadeandalucia.es\/iesgongora\/files\/2024\/09\/IMG_7544-768x1024.jpg 768w, https:\/\/blogsaverroes.juntadeandalucia.es\/iesgongora\/files\/2024\/09\/IMG_7544-1152x1536.jpg 1152w, https:\/\/blogsaverroes.juntadeandalucia.es\/iesgongora\/files\/2024\/09\/IMG_7544-1536x2048.jpg 1536w\" sizes=\"(max-width: 1920px) 100vw, 1920px\" \/><\/p>\r\n\r\n\r\n<hr class=\"wp-block-separator has-text-color has-black-color has-alpha-channel-opacity has-black-background-color has-background is-style-wide\">\r\n\r\n<ul class=\"wp-block-latest-posts__list has-dates wp-block-latest-posts\"><\/ul>","protected":false},"excerpt":{"rendered":"<p>El departamento de Lengua y Literatura del IES Luis de G\u00f3ngora&nbsp;en el presente curso&nbsp;est\u00e1 formado por:<\/p>\n","protected":false},"author":19499,"featured_media":0,"parent":0,"menu_order":0,"comment_status":"closed","ping_status":"closed","template":"","meta":{"ngg_post_thumbnail":0,"footnotes":"","_mc_calendar":[]},"aioseo_notices":[],"_links":{"self":[{"href":"https:\/\/blogsaverroes.juntadeandalucia.es\/iesgongora\/wp-json\/wp\/v2\/pages\/5625"}],"collection":[{"href":"https:\/\/blogsaverroes.juntadeandalucia.es\/iesgongora\/wp-json\/wp\/v2\/pages"}],"about":[{"href":"https:\/\/blogsaverroes.juntadeandalucia.es\/iesgongora\/wp-json\/wp\/v2\/types\/page"}],"author":[{"embeddable":true,"href":"https:\/\/blogsaverroes.juntadeandalucia.es\/iesgongora\/wp-json\/wp\/v2\/users\/19499"}],"replies":[{"embeddable":true,"href":"https:\/\/blogsaverroes.juntadeandalucia.es\/iesgongora\/wp-json\/wp\/v2\/comments?post=5625"}],"version-history":[{"count":2,"href":"https:\/\/blogsaverroes.juntadeandalucia.es\/iesgongora\/wp-json\/wp\/v2\/pages\/5625\/revisions"}],"predecessor-version":[{"id":7250,"href":"https:\/\/blogsaverroes.juntadeandalucia.es\/iesgongora\/wp-json\/wp\/v2\/pages\/5625\/revisions\/7250"}],"wp:attachment":[{"href":"https:\/\/blogsaverroes.juntadeandalucia.es\/iesgongora\/wp-json\/wp\/v2\/media?parent=5625"}],"curies":[{"name":"wp","href":"https:\/\/api.w.org\/{rel}","templated":true}]}}

<p>El departamento de Lengua y Literatura del IES Luis de Góngora&nbsp;en el presente curso&nbsp;está formado por:</p>



<ul>
<li>Campos Rodríguez, Carmen</li>
<li>Esquinas Garrido, Guadalupe María</li>
<li>León González, María Carmen</li>
<li>Rosal Castilla, Macarena</li>
<li>Sánchez García, Manuela (Jefa de departamento)</li>
<li>Vaquero Prieto, Pilar</li>
</ul>
<p><img loading="lazy" decoding="async" class="aligncenter size-full wp-image-7184" src="https://blogsaverroes.juntadeandalucia.es/iesgongora/files/2024/09/IMG_7544-scaled.jpg" alt="" width="1920" height="2560" srcset="https://blogsaverroes.juntadeandalucia.es/iesgongora/files/2024/09/IMG_7544-scaled.jpg 1920w, https://blogsaverroes.juntadeandalucia.es/iesgongora/files/2024/09/IMG_7544-225x300.jpg 225w, https://blogsaverroes.juntadeandalucia.es/iesgongora/files/2024/09/IMG_7544-768x1024.jpg 768w, https://blogsaverroes.juntadeandalucia.es/iesgongora/files/2024/09/IMG_7544-1152x1536.jpg 1152w, https://blogsaverroes.juntadeandalucia.es/iesgongora/files/2024/09/IMG_7544-1536x2048.jpg 1536w" sizes="(max-width: 1920px) 100vw, 1920px" /></p>


<hr class="wp-block-separator has-text-color has-black-color has-alpha-channel-opacity has-black-background-color has-background is-style-wide">

<ul class="wp-block-latest-posts__list has-dates wp-block-latest-posts"></ul>

<p>El departamento de Lengua y Literatura del IES Luis de Góngora&nbsp;en el presente curso&nbsp;está formado por:</p>
