{"id":5631,"date":"2022-12-26T20:47:35","date_gmt":"2022-12-26T19:47:35","guid":{"rendered":"https:\/\/iesgongora.com\/?page_id=5631"},"modified":"2024-09-30T16:51:20","modified_gmt":"2024-09-30T14:51:20","slug":"dpto-orientacion","status":"publish","type":"page","link":"https:\/\/blogsaverroes.juntadeandalucia.es\/iesgongora\/dpto-orientacion\/","title":{"rendered":"Orientaci\u00f3n"},"content":{"rendered":"\r\n<p>El departamento de Orientaci\u00f3n del IES Luis de G\u00f3ngora en el presente curso est\u00e1 formado por:<\/p>\r\n\r\n\r\n\r\n<p><strong>Orientadora<\/strong><\/p>\r\n\r\n\r\n\r\n<ul>\r\n<li>Cantarero Villanueva, Mar\u00eda Isabel (jefa de departamento)<\/li>\r\n<\/ul>\r\n\r\n\r\n\r\n<p><strong>Maestros de Pedagog\u00eda Terape\u00fatica<\/strong><\/p>\r\n\r\n\r\n\r\n<ul>\r\n<li>Ardila Polaina, Teodoro Dami\u00e1n<\/li>\r\n<li>Garc\u00eda Ruso, Estrella<\/li>\r\n<li>Moyano Troyano, Mar\u00eda Isabel<\/li>\r\n<\/ul>\r\n\r\n\r\n\r\n<p><strong>Maestra de Pedagog\u00eda Terape\u00fatica (Audici\u00f3n y Lenguaje)<\/strong><\/p>\r\n\r\n\r\n\r\n<ul>\r\n<li>Monterroso Chaves, Antonia<\/li>\r\n<\/ul>\r\n\r\n\r\n\r\n<p><strong>Profesora apoyo curricular \u00e1mbito socio-ling\u00fc\u00edstico<\/strong><\/p>\r\n\r\n\r\n\r\n<ul>\r\n<li>Marabotto Agudo, Cristina<\/li>\r\n<\/ul>\r\n<p><img loading=\"lazy\" decoding=\"async\" class=\"aligncenter size-full wp-image-7188\" src=\"https:\/\/blogsaverroes.juntadeandalucia.es\/iesgongora\/files\/2024\/09\/IMG_7551-scaled.jpg\" alt=\"\" width=\"1920\" height=\"2560\" srcset=\"https:\/\/blogsaverroes.juntadeandalucia.es\/iesgongora\/files\/2024\/09\/IMG_7551-scaled.jpg 1920w, https:\/\/blogsaverroes.juntadeandalucia.es\/iesgongora\/files\/2024\/09\/IMG_7551-225x300.jpg 225w, https:\/\/blogsaverroes.juntadeandalucia.es\/iesgongora\/files\/2024\/09\/IMG_7551-768x1024.jpg 768w, https:\/\/blogsaverroes.juntadeandalucia.es\/iesgongora\/files\/2024\/09\/IMG_7551-1152x1536.jpg 1152w, https:\/\/blogsaverroes.juntadeandalucia.es\/iesgongora\/files\/2024\/09\/IMG_7551-1536x2048.jpg 1536w\" sizes=\"(max-width: 1920px) 100vw, 1920px\" \/><\/p>\r\n\r\n\r\n<hr class=\"wp-block-separator has-text-color has-black-color has-alpha-channel-opacity has-black-background-color has-background is-style-wide\">\r\n\r\n<ul class=\"wp-block-latest-posts__list has-dates wp-block-latest-posts\"><\/ul>","protected":false},"excerpt":{"rendered":"<p>El departamento de Orientaci\u00f3n del IES Luis de G\u00f3ngora en el presente curso est\u00e1 formado por: Orientadora Maestros de Pedagog\u00eda Terape\u00fatica<\/p>\n","protected":false},"author":19499,"featured_media":0,"parent":0,"menu_order":0,"comment_status":"closed","ping_status":"closed","template":"","meta":{"ngg_post_thumbnail":0,"footnotes":"","_mc_calendar":[]},"aioseo_notices":[],"_links":{"self":[{"href":"https:\/\/blogsaverroes.juntadeandalucia.es\/iesgongora\/wp-json\/wp\/v2\/pages\/5631"}],"collection":[{"href":"https:\/\/blogsaverroes.juntadeandalucia.es\/iesgongora\/wp-json\/wp\/v2\/pages"}],"about":[{"href":"https:\/\/blogsaverroes.juntadeandalucia.es\/iesgongora\/wp-json\/wp\/v2\/types\/page"}],"author":[{"embeddable":true,"href":"https:\/\/blogsaverroes.juntadeandalucia.es\/iesgongora\/wp-json\/wp\/v2\/users\/19499"}],"replies":[{"embeddable":true,"href":"https:\/\/blogsaverroes.juntadeandalucia.es\/iesgongora\/wp-json\/wp\/v2\/comments?post=5631"}],"version-history":[{"count":5,"href":"https:\/\/blogsaverroes.juntadeandalucia.es\/iesgongora\/wp-json\/wp\/v2\/pages\/5631\/revisions"}],"predecessor-version":[{"id":7287,"href":"https:\/\/blogsaverroes.juntadeandalucia.es\/iesgongora\/wp-json\/wp\/v2\/pages\/5631\/revisions\/7287"}],"wp:attachment":[{"href":"https:\/\/blogsaverroes.juntadeandalucia.es\/iesgongora\/wp-json\/wp\/v2\/media?parent=5631"}],"curies":[{"name":"wp","href":"https:\/\/api.w.org\/{rel}","templated":true}]}}

Orientación

<p>El departamento de Orientación del IES Luis de Góngora en el presente curso está formado por:</p>



<p><strong>Orientadora</strong></p>



<ul>
<li>Cantarero Villanueva, María Isabel (jefa de departamento)</li>
</ul>



<p><strong>Maestros de Pedagogía Terapeútica</strong></p>



<ul>
<li>Ardila Polaina, Teodoro Damián</li>
<li>García Ruso, Estrella</li>
<li>Moyano Troyano, María Isabel</li>
</ul>



<p><strong>Maestra de Pedagogía Terapeútica (Audición y Lenguaje)</strong></p>



<ul>
<li>Monterroso Chaves, Antonia</li>
</ul>



<p><strong>Profesora apoyo curricular ámbito socio-lingüístico</strong></p>



<ul>
<li>Marabotto Agudo, Cristina</li>
</ul>
<p><img loading="lazy" decoding="async" class="aligncenter size-full wp-image-7188" src="https://blogsaverroes.juntadeandalucia.es/iesgongora/files/2024/09/IMG_7551-scaled.jpg" alt="" width="1920" height="2560" srcset="https://blogsaverroes.juntadeandalucia.es/iesgongora/files/2024/09/IMG_7551-scaled.jpg 1920w, https://blogsaverroes.juntadeandalucia.es/iesgongora/files/2024/09/IMG_7551-225x300.jpg 225w, https://blogsaverroes.juntadeandalucia.es/iesgongora/files/2024/09/IMG_7551-768x1024.jpg 768w, https://blogsaverroes.juntadeandalucia.es/iesgongora/files/2024/09/IMG_7551-1152x1536.jpg 1152w, https://blogsaverroes.juntadeandalucia.es/iesgongora/files/2024/09/IMG_7551-1536x2048.jpg 1536w" sizes="(max-width: 1920px) 100vw, 1920px" /></p>


<hr class="wp-block-separator has-text-color has-black-color has-alpha-channel-opacity has-black-background-color has-background is-style-wide">

<ul class="wp-block-latest-posts__list has-dates wp-block-latest-posts"></ul>

<p>El departamento de Orientación del IES Luis de Góngora en el presente curso está formado por: Orientadora Maestros de Pedagogía Terapeútica</p>
