{"id":6169,"date":"2023-06-01T19:40:58","date_gmt":"2023-06-01T18:40:58","guid":{"rendered":"https:\/\/iesgongora.com\/?page_id=6169"},"modified":"2024-08-12T01:10:43","modified_gmt":"2024-08-11T23:10:43","slug":"criterios-curso-22-23","status":"publish","type":"page","link":"https:\/\/blogsaverroes.juntadeandalucia.es\/iesgongora\/criterios-curso-22-23\/","title":{"rendered":"Criterios Curso 22\/23"},"content":{"rendered":"\r\n<p class=\"has-luminous-vivid-amber-background-color has-background\"><strong>CRITERIOS DE PROMOCI\u00d3N Y TITULACI\u00d3N ESO<\/strong><\/p>\r\n\r\n\r\n\r\n<p><a href=\"https:\/\/drive.google.com\/file\/d\/1wCFykqS10leX_kz64m1RRGKCBRRgt__x\/view?usp=sharing\">Enlace al documento<\/a><\/p>\r\n\r\n\r\n\r\n<p class=\"has-luminous-vivid-amber-background-color has-background\"><strong>CRITERIOS DE PROMOCI\u00d3N DEL ALUMNADO QUE CURSE DIVERSIFICACI\u00d3N CURRICULAR<\/strong><\/p>\r\n\r\n\r\n\r\n<p><a href=\"https:\/\/drive.google.com\/file\/d\/1KT-ojYXMMmXzv3TvQ_80NibX1Nr1Obqg\/view?usp=sharing\">Enlace al documento<\/a><\/p>\r\n\r\n\r\n\r\n<p class=\"has-luminous-vivid-amber-background-color has-background\"><strong>CRITERIOS DE PROMOCI\u00d3N Y TITULACI\u00d3N BACHILLERATO<\/strong><\/p>\r\n\r\n\r\n\r\n<p><a href=\"https:\/\/drive.google.com\/file\/d\/1NUZI9DWJcGafeKdoy3SGrkZOF60b_Bny\/view?usp=sharing\">Enlace al documento<\/a><\/p>\r\n\r\n\r\n\r\n<p class=\"has-light-green-cyan-background-color has-background\"><strong>CRITERIOS DE EVALUACI\u00d3N POR DEPARTAMENTOS<\/strong><\/p>\r\n\r\n\r\n\r\n<p><a href=\"https:\/\/drive.google.com\/drive\/folders\/1EyHmehbqd1C0WTjgLm9J9SKgwRjosa6H?usp=sharing\">Enlace a drive<\/a><\/p>\r\n","protected":false},"excerpt":{"rendered":"<p>CRITERIOS DE PROMOCI\u00d3N Y TITULACI\u00d3N ESO Enlace al documento CRITERIOS DE PROMOCI\u00d3N DEL ALUMNADO QUE CURSE DIVERSIFICACI\u00d3N CURRICULAR Enlace al documento CRITERIOS DE PROMOCI\u00d3N Y TITULACI\u00d3N BACHILLERATO Enlace al documento CRITERIOS DE EVALUACI\u00d3N POR DEPARTAMENTOS Enlace a drive<\/p>\n","protected":false},"author":19499,"featured_media":0,"parent":0,"menu_order":0,"comment_status":"closed","ping_status":"closed","template":"","meta":{"ngg_post_thumbnail":0,"footnotes":"","_mc_calendar":[]},"aioseo_notices":[],"_links":{"self":[{"href":"https:\/\/blogsaverroes.juntadeandalucia.es\/iesgongora\/wp-json\/wp\/v2\/pages\/6169"}],"collection":[{"href":"https:\/\/blogsaverroes.juntadeandalucia.es\/iesgongora\/wp-json\/wp\/v2\/pages"}],"about":[{"href":"https:\/\/blogsaverroes.juntadeandalucia.es\/iesgongora\/wp-json\/wp\/v2\/types\/page"}],"author":[{"embeddable":true,"href":"https:\/\/blogsaverroes.juntadeandalucia.es\/iesgongora\/wp-json\/wp\/v2\/users\/19499"}],"replies":[{"embeddable":true,"href":"https:\/\/blogsaverroes.juntadeandalucia.es\/iesgongora\/wp-json\/wp\/v2\/comments?post=6169"}],"version-history":[{"count":1,"href":"https:\/\/blogsaverroes.juntadeandalucia.es\/iesgongora\/wp-json\/wp\/v2\/pages\/6169\/revisions"}],"predecessor-version":[{"id":7003,"href":"https:\/\/blogsaverroes.juntadeandalucia.es\/iesgongora\/wp-json\/wp\/v2\/pages\/6169\/revisions\/7003"}],"wp:attachment":[{"href":"https:\/\/blogsaverroes.juntadeandalucia.es\/iesgongora\/wp-json\/wp\/v2\/media?parent=6169"}],"curies":[{"name":"wp","href":"https:\/\/api.w.org\/{rel}","templated":true}]}}