{"id":73,"date":"2020-03-05T17:29:41","date_gmt":"2020-03-05T16:29:41","guid":{"rendered":"https:\/\/blogsaverroes.juntadeandalucia.es\/comercioyfol\/?page_id=73"},"modified":"2024-09-15T20:09:15","modified_gmt":"2024-09-15T18:09:15","slug":"equipo-directivo","status":"publish","type":"page","link":"https:\/\/blogsaverroes.juntadeandalucia.es\/iesgongora\/equipo-directivo\/","title":{"rendered":"Equipo Directivo"},"content":{"rendered":"<p>Durante el curso 2024\/2025 el equipo directivo est\u00e1 formado por:<\/p>\n<ul>\n<li><strong>Director:&nbsp;<\/strong>D. Fernando Merlo Fern\u00e1ndez<\/li>\n<li><strong>Vicedirectora:&nbsp;<\/strong>D. Juan Antonio Ben\u00edtez Martos<\/li>\n<li><strong>Secretario:&nbsp;<\/strong>D. Evaristo Vargas N\u00fa\u00f1ez<\/li>\n<li><strong>Jefe de estudios (Diurno):&nbsp;<\/strong>D\u00aa Susana V\u00e1zquez N\u00fa\u00f1ez<\/li>\n<li><strong>Jefe de estudios (Nocturno):<\/strong>&nbsp;D. Manuel Mill\u00e1n G\u00f3mez<\/li>\n<li><strong>Jefes de estudios adjuntos:&nbsp;<\/strong>D\u00aa. \u00c1ngela \u00c1lvarez Molina y D\u00aa Estrella Cabello Luque<\/li>\n<\/ul>\n<figure style=\"width: 1024px\" class=\"wp-caption aligncenter\"><img loading=\"lazy\" decoding=\"async\" src=\"https:\/\/iesgongora.com\/wp-content\/uploads\/Foto-Equipo-Directivo-23-24-1024x836.jpg\" alt=\"\" width=\"1024\" height=\"836\"><figcaption class=\"wp-caption-text\">Susana V\u00e1zquez, Manuel Mill\u00e1n, Fernando Merlo, Estrella Cabello, \u00c1ngela \u00c1lvarez, Evaristo N\u00fa\u00f1ez y Juan Antonio Ben\u00edtez (de izquierda a derecha)<\/figcaption><\/figure>\n<p>Nuestro Instituto ha sido a lo largo de su historia, un Centro de referencia desde el punto de vista de la solidez de conocimientos ofrecida por un profesorado de excepci\u00f3n que dej\u00f3 huella en el mundo de la ense\u00f1anza durante los siglos XIX y XX, y por un alumnado que supo aprovechar sus ense\u00f1anzas y ejemplos.<\/p>\n<p>Hoy, nuestro objetivo es que el Instituto siga siendo el Centro de referencia que siempre fue, un lugar donde estudiar y trabajar duro no est\u00e9 re\u00f1ido con un ambiente de afecto y cordiales relaciones, n\u00facleo vivo de convivencia para toda la Comunidad Educativa. Convivencia que se fundamentar\u00e1 en los valores de tolerancia, respecto e inter\u00e9s mutuo. Un Instituto que sea orgullo del alumnado y que recuerden siempre con cari\u00f1o; un Centro que eduque con eficacia a ciudadanos cultos y responsables.<\/p>\n<p>En este sentido, preocupados por encontrar un medio que conecte a todos los sectores de la Comunidad Educativa y haga posible la difusi\u00f3n de todas las experiencias nace esta nueva p\u00e1gina Web.<\/p>\n<p style=\"text-align: right\"><em>D. Fernando Merlo Fern\u00e1ndez, Director del IES Luis de G\u00f3ngora<\/em><\/p>\n","protected":false},"excerpt":{"rendered":"<p>Durante el curso 2024\/2025 el equipo directivo est\u00e1 formado por: Director:&nbsp;D. Fernando Merlo Fern\u00e1ndez Vicedirectora:&nbsp;D. Juan Antonio Ben\u00edtez Martos Secretario:&nbsp;D. Evaristo Vargas N\u00fa\u00f1ez Jefe de estudios (Diurno):&nbsp;D\u00aa Susana V\u00e1zquez N\u00fa\u00f1ez Jefe de estudios (Nocturno):&nbsp;D. Manuel Mill\u00e1n G\u00f3mez Jefes de estudios adjuntos:&nbsp;D\u00aa. \u00c1ngela \u00c1lvarez Molina y D\u00aa Estrella Cabello Luque Nuestro Instituto ha sido a lo [&hellip;]<\/p>\n","protected":false},"author":8538,"featured_media":0,"parent":0,"menu_order":0,"comment_status":"closed","ping_status":"closed","template":"","meta":{"ngg_post_thumbnail":0,"footnotes":"","_mc_calendar":[]},"aioseo_notices":[],"_links":{"self":[{"href":"https:\/\/blogsaverroes.juntadeandalucia.es\/iesgongora\/wp-json\/wp\/v2\/pages\/73"}],"collection":[{"href":"https:\/\/blogsaverroes.juntadeandalucia.es\/iesgongora\/wp-json\/wp\/v2\/pages"}],"about":[{"href":"https:\/\/blogsaverroes.juntadeandalucia.es\/iesgongora\/wp-json\/wp\/v2\/types\/page"}],"author":[{"embeddable":true,"href":"https:\/\/blogsaverroes.juntadeandalucia.es\/iesgongora\/wp-json\/wp\/v2\/users\/8538"}],"replies":[{"embeddable":true,"href":"https:\/\/blogsaverroes.juntadeandalucia.es\/iesgongora\/wp-json\/wp\/v2\/comments?post=73"}],"version-history":[{"count":2,"href":"https:\/\/blogsaverroes.juntadeandalucia.es\/iesgongora\/wp-json\/wp\/v2\/pages\/73\/revisions"}],"predecessor-version":[{"id":7227,"href":"https:\/\/blogsaverroes.juntadeandalucia.es\/iesgongora\/wp-json\/wp\/v2\/pages\/73\/revisions\/7227"}],"wp:attachment":[{"href":"https:\/\/blogsaverroes.juntadeandalucia.es\/iesgongora\/wp-json\/wp\/v2\/media?parent=73"}],"curies":[{"name":"wp","href":"https:\/\/api.w.org\/{rel}","templated":true}]}}

<p>Durante el curso 2024/2025 el equipo directivo está formado por:</p>
<ul>
<li><strong>Director:&nbsp;</strong>D. Fernando Merlo Fernández</li>
<li><strong>Vicedirectora:&nbsp;</strong>D. Juan Antonio Benítez Martos</li>
<li><strong>Secretario:&nbsp;</strong>D. Evaristo Vargas Núñez</li>
<li><strong>Jefe de estudios (Diurno):&nbsp;</strong>Dª Susana Vázquez Núñez</li>
<li><strong>Jefe de estudios (Nocturno):</strong>&nbsp;D. Manuel Millán Gómez</li>
<li><strong>Jefes de estudios adjuntos:&nbsp;</strong>Dª. Ángela Álvarez Molina y Dª Estrella Cabello Luque</li>
</ul>
<figure style="width: 1024px" class="wp-caption aligncenter"><img loading="lazy" decoding="async" src="https://iesgongora.com/wp-content/uploads/Foto-Equipo-Directivo-23-24-1024x836.jpg" alt="" width="1024" height="836"><figcaption class="wp-caption-text">Susana Vázquez, Manuel Millán, Fernando Merlo, Estrella Cabello, Ángela Álvarez, Evaristo Núñez y Juan Antonio Benítez (de izquierda a derecha)</figcaption></figure>
<p>Nuestro Instituto ha sido a lo largo de su historia, un Centro de referencia desde el punto de vista de la solidez de conocimientos ofrecida por un profesorado de excepción que dejó huella en el mundo de la enseñanza durante los siglos XIX y XX, y por un alumnado que supo aprovechar sus enseñanzas y ejemplos.</p>
<p>Hoy, nuestro objetivo es que el Instituto siga siendo el Centro de referencia que siempre fue, un lugar donde estudiar y trabajar duro no esté reñido con un ambiente de afecto y cordiales relaciones, núcleo vivo de convivencia para toda la Comunidad Educativa. Convivencia que se fundamentará en los valores de tolerancia, respecto e interés mutuo. Un Instituto que sea orgullo del alumnado y que recuerden siempre con cariño; un Centro que eduque con eficacia a ciudadanos cultos y responsables.</p>
<p>En este sentido, preocupados por encontrar un medio que conecte a todos los sectores de la Comunidad Educativa y haga posible la difusión de todas las experiencias nace esta nueva página Web.</p>
<p style="text-align: right"><em>D. Fernando Merlo Fernández, Director del IES Luis de Góngora</em></p>

<p>Durante el curso 2024/2025 el equipo directivo está formado por: Director:&nbsp;D. Fernando Merlo Fernández Vicedirectora:&nbsp;D. Juan Antonio Benítez Martos Secretario:&nbsp;D. Evaristo Vargas Núñez Jefe de estudios (Diurno):&nbsp;Dª Susana Vázquez Núñez Jefe de estudios (Nocturno):&nbsp;D. Manuel Millán Gómez Jefes de estudios adjuntos:&nbsp;Dª. Ángela Álvarez Molina y Dª Estrella Cabello Luque Nuestro Instituto ha sido a lo [&hellip;]</p>
