{"id":3492,"date":"2020-10-01T10:09:56","date_gmt":"2020-10-01T08:09:56","guid":{"rendered":"https:\/\/blogsaverroes.juntadeandalucia.es\/iesgranpoder\/?page_id=3492"},"modified":"2020-12-07T09:44:08","modified_gmt":"2020-12-07T08:44:08","slug":"olimpiada-matematica","status":"publish","type":"page","link":"https:\/\/blogsaverroes.juntadeandalucia.es\/iesgranpoder\/olimpiada-matematica\/","title":{"rendered":"OLIMPIADA MATEM\u00c1TICA"},"content":{"rendered":"<p><a href=\"https:\/\/blogsaverroes.juntadeandalucia.es\/iesgranpoder\/files\/2020\/10\/HOJA-1-COLOCANDO-N\u00daMEROS.pdf\">HOJA 1 (COLOCANDO N\u00daMEROS)<\/a><\/p>\n<p><a href=\"https:\/\/blogsaverroes.juntadeandalucia.es\/iesgranpoder\/files\/2020\/10\/HOJA-2-UNAS-POCAS-CERILLAS-PARA-SERGIO-HOLMOS.pdf\">HOJA 2 (UNAS POCAS CERILLAS PARA SERGIO HOLMOS)<\/a><\/p>\n<p><a href=\"https:\/\/blogsaverroes.juntadeandalucia.es\/iesgranpoder\/files\/2020\/10\/HOJA-3-DOMINEANDO-1.pdf\">HOJA 3 (DOMINEANDO) (1)<\/a><\/p>\n<p><a href=\"https:\/\/blogsaverroes.juntadeandalucia.es\/iesgranpoder\/files\/2020\/10\/HOJA-4-EDIFICIOS-EN-FORMA-DE-SUDOKUS.pdf\">HOJA 4 (EDIFICIOS EN FORMA DE SUDOKUS)<\/a><\/p>\n<p><a href=\"https:\/\/blogsaverroes.juntadeandalucia.es\/iesgranpoder\/files\/2020\/10\/HOJA-5-CUESTI\u00d3N-DE-LETRAS.pdf\">HOJA 5 (CUESTI\u00d3N DE LETRAS)<\/a><\/p>\n<p><a href=\"https:\/\/blogsaverroes.juntadeandalucia.es\/iesgranpoder\/files\/2020\/10\/HOJA-6-PUZZLE.pdf\">HOJA 6 (PUZZLE)<\/a><\/p>\n<p><a href=\"https:\/\/blogsaverroes.juntadeandalucia.es\/iesgranpoder\/files\/2020\/10\/TABLERO-y-PIEZAS-DEL-PUZLE.pdf\">TABLERO y PIEZAS DEL PUZLE<\/a><\/p>\n<p><a href=\"https:\/\/blogsaverroes.juntadeandalucia.es\/iesgranpoder\/files\/2020\/10\/HOJA-7-UNA-CONVERSACI\u00d3N-MUY-MATEM\u00c1TICA.pdf\">HOJA 7 (UNA CONVERSACI\u00d3N MUY MATEM\u00c1TICA)<\/a><\/p>\n<p><a href=\"https:\/\/blogsaverroes.juntadeandalucia.es\/iesgranpoder\/files\/2020\/11\/HOJA-8-MONEDAS-Y-FICHAS-1.pdf\">HOJA 8 (MONEDAS Y FICHAS) (1)<\/a><\/p>\n<p><a href=\"https:\/\/blogsaverroes.juntadeandalucia.es\/iesgranpoder\/files\/2020\/11\/HOJA-9-UN-PROBLEMA-DE-PING-PONG.pdf\">HOJA 9 (UN PROBLEMA DE PING PONG)<\/a><\/p>\n<p><a href=\"https:\/\/blogsaverroes.juntadeandalucia.es\/iesgranpoder\/files\/2020\/11\/HOJA-10-JUGANDO-CON-EL-DNI.pdf\">HOJA 10 (JUGANDO CON EL DNI)<\/a><\/p>\n<div>El Departamento de Matem\u00e1ticas felicita a todos los alumnos y miembros del claustro participantes durante la V OLIMPIADA MATEM\u00c1TICA DE OTO\u00d1O que ha venido desarroll\u00e1ndose desde comienzos de curso y cuya primera fase finaliz\u00f3 el d\u00eda 27 de noviembre.<\/div>\n<p>Deseamos mucha suerte a los que est\u00e1is clasificados para la FASE FINAL&nbsp; de la V Olimpiada, la cual tendr\u00e1 lugar el pr\u00f3ximo d\u00eda 18 de diciembre (viernes) durante el recreo y las horas 4\u00ba y 5\u00ba en las aulas de tecnolog\u00eda y laboratorio del instituto.<\/p>\n<p><a href=\"https:\/\/blogsaverroes.juntadeandalucia.es\/iesgranpoder\/files\/2020\/12\/ALUMNOS-CLASIFICADOS-PARA-LA-FASE-FINAL-20-21.pdf\">ALUMNOS CLASIFICADOS PARA LA FASE FINAL 20-21<\/a><\/p>\n<p><a href=\"https:\/\/blogsaverroes.juntadeandalucia.es\/iesgranpoder\/files\/2020\/12\/Clasificaci\u00f3n-V-Olimpiada-Oto\u00f1o.pdf\">Clasificaci\u00f3n V Olimpiada Oto\u00f1o<\/a><\/p>\n<p><a href=\"https:\/\/blogsaverroes.juntadeandalucia.es\/iesgranpoder\/files\/2020\/12\/PROBLEMAS-PRIMERA-FASE-DE-LA-V-OLIMPIADA.pdf\">PROBLEMAS PRIMERA FASE DE LA V OLIMPIADA<\/a><\/p>\n","protected":false},"excerpt":{"rendered":"<p>HOJA 1 (COLOCANDO N\u00daMEROS) HOJA 2 (UNAS POCAS CERILLAS PARA SERGIO HOLMOS) HOJA 3 (DOMINEANDO) (1) HOJA 4 (EDIFICIOS EN FORMA DE SUDOKUS) HOJA 5 (CUESTI\u00d3N DE LETRAS) HOJA 6 (PUZZLE) TABLERO y PIEZAS&#46;&#46;&#46;<\/p>\n","protected":false},"author":2171,"featured_media":0,"parent":0,"menu_order":0,"comment_status":"closed","ping_status":"closed","template":"","meta":{"ngg_post_thumbnail":0,"footnotes":"","_mc_calendar":[]},"aioseo_notices":[],"_links":{"self":[{"href":"https:\/\/blogsaverroes.juntadeandalucia.es\/iesgranpoder\/wp-json\/wp\/v2\/pages\/3492"}],"collection":[{"href":"https:\/\/blogsaverroes.juntadeandalucia.es\/iesgranpoder\/wp-json\/wp\/v2\/pages"}],"about":[{"href":"https:\/\/blogsaverroes.juntadeandalucia.es\/iesgranpoder\/wp-json\/wp\/v2\/types\/page"}],"author":[{"embeddable":true,"href":"https:\/\/blogsaverroes.juntadeandalucia.es\/iesgranpoder\/wp-json\/wp\/v2\/users\/2171"}],"replies":[{"embeddable":true,"href":"https:\/\/blogsaverroes.juntadeandalucia.es\/iesgranpoder\/wp-json\/wp\/v2\/comments?post=3492"}],"version-history":[{"count":12,"href":"https:\/\/blogsaverroes.juntadeandalucia.es\/iesgranpoder\/wp-json\/wp\/v2\/pages\/3492\/revisions"}],"predecessor-version":[{"id":3580,"href":"https:\/\/blogsaverroes.juntadeandalucia.es\/iesgranpoder\/wp-json\/wp\/v2\/pages\/3492\/revisions\/3580"}],"wp:attachment":[{"href":"https:\/\/blogsaverroes.juntadeandalucia.es\/iesgranpoder\/wp-json\/wp\/v2\/media?parent=3492"}],"curies":[{"name":"wp","href":"https:\/\/api.w.org\/{rel}","templated":true}]}}