{"id":113,"date":"2015-03-16T08:06:00","date_gmt":"2015-03-16T08:06:00","guid":{"rendered":"http:\/\/blogsaverroes.juntadeandalucia.es\/pre\/ceip\/?page_id=113"},"modified":"2024-11-07T11:50:05","modified_gmt":"2024-11-07T09:50:05","slug":"biblioteca","status":"publish","type":"page","link":"https:\/\/blogsaverroes.juntadeandalucia.es\/iesguadaiza\/biblioteca\/","title":{"rendered":"Biblioteca"},"content":{"rendered":"<h2 style=\"text-align: center\"><a href=\"https:\/\/padlet.com\/planlectorguadaiza\/plan-lector-ies-guadaiza-d3095p7efmh69dgx\" target=\"_blank\" rel=\"noopener\">Enlace al Padlet con el Plan Lector del IES Guadaiza<\/a><\/h2>\n<h3>&nbsp;<\/h3>\n<h3><span style=\"text-decoration: underline\">Biblioteca 2024-2025<\/span><\/h3>\n<div>&nbsp;<\/div>\n<div>\n<div>Se informa al alumnado de que la biblioteca est\u00e1 abierta durante los <strong>recreos de lunes a viernes<\/strong> como sala de lectura y de estudio, as\u00ed como durante el horario de clase para el alumnado de 2\u00ba de bachillerato y Ciclo formativos que est\u00e9 convalidando y solicite su uso.<\/div>\n<div>Tambi\u00e9n se informa de que el pr\u00e9stamo de libros est\u00e1 operativo. El per\u00edodo de pr\u00e9stamo es de 15 d\u00edas, renovable a otros 15.<\/div>\n<\/div>\n<div><span style=\"color: #000000\">&nbsp;<\/span><\/div>\n<div><span style=\"color: #000000\">Recordamos las normas de uso de la biblioteca:<\/span><\/div>\n<ul>\n<li style=\"list-style-type: none\">\n<ol>\n<li style=\"list-style-type: none\">\n<ol>\n<li><span style=\"color: #000000\">Guardar silencio<\/span><\/li>\n<li><span style=\"color: #000000\">No comer ni beber, dentro de la biblioteca<\/span><\/li>\n<li><span style=\"color: #000000\">No entrar ni salir constantemente<\/span><\/li>\n<li><span style=\"color: #000000\">Despu\u00e9s de usar los libros, d\u00e9jalos en el mostrador<\/span><\/li>\n<li><span style=\"color: #000000\">No usar el m\u00f3vil<\/span><\/li>\n<li><span style=\"color: #000000\">Pedir ayuda al profesor\/a responsable de la biblioteca<\/span><\/li>\n<\/ol>\n<\/li>\n<\/ol>\n<\/li>\n<\/ul>\n<h3><a href=\"https:\/\/www.juntadeandalucia.es\/educacion\/senecav2\/seneca\/biblioweb\/portal\/29700771\" target=\"_blank\" rel=\"noopener\">Enlace a la biblioteca del IES Guadaiza y consulta del Cat\u00e1logo<\/a><\/h3>\n<ul>\n<li>V\u00eddeo Bibliotecas Escolares de Andaluc\u00eda<\/li>\n<\/ul>\n<p><iframe loading=\"lazy\" title=\"Bibliotecas escolares de Andaluc\u00eda al servicio de la comunidad educativa\" width=\"500\" height=\"281\" src=\"https:\/\/www.youtube.com\/embed\/N_rrGePF_zM?feature=oembed&#038;wmode=opaque\" frameborder=\"0\" allow=\"accelerometer; autoplay; clipboard-write; encrypted-media; gyroscope; picture-in-picture; web-share\" allowfullscreen><\/iframe><\/p>\n<p>&nbsp;<\/p>\n<ul>\n<li><a title=\"Bibliotecas escolares\" href=\"http:\/\/www.juntadeandalucia.es\/educacion\/webportal\/web\/lecturas-y-bibliotecas-escolares\/bibliotecas-escolares\" target=\"_blank\" rel=\"noopener noreferrer\">Enlace al portal sobre las Bibliotecas Escolares.<\/a><\/li>\n<\/ul>\n","protected":false},"excerpt":{"rendered":"<p>Enlace al Padlet con el Plan Lector del IES Guadaiza &nbsp; Biblioteca 2024-2025 &nbsp; Se informa al alumnado de que&#46;&#46;&#46;<\/p>\n","protected":false},"author":1,"featured_media":0,"parent":0,"menu_order":0,"comment_status":"open","ping_status":"open","template":"","meta":{"ngg_post_thumbnail":0,"footnotes":"","_mc_calendar":[]},"aioseo_notices":[],"_links":{"self":[{"href":"https:\/\/blogsaverroes.juntadeandalucia.es\/iesguadaiza\/wp-json\/wp\/v2\/pages\/113"}],"collection":[{"href":"https:\/\/blogsaverroes.juntadeandalucia.es\/iesguadaiza\/wp-json\/wp\/v2\/pages"}],"about":[{"href":"https:\/\/blogsaverroes.juntadeandalucia.es\/iesguadaiza\/wp-json\/wp\/v2\/types\/page"}],"author":[{"embeddable":true,"href":"https:\/\/blogsaverroes.juntadeandalucia.es\/iesguadaiza\/wp-json\/wp\/v2\/users\/1"}],"replies":[{"embeddable":true,"href":"https:\/\/blogsaverroes.juntadeandalucia.es\/iesguadaiza\/wp-json\/wp\/v2\/comments?post=113"}],"version-history":[{"count":17,"href":"https:\/\/blogsaverroes.juntadeandalucia.es\/iesguadaiza\/wp-json\/wp\/v2\/pages\/113\/revisions"}],"predecessor-version":[{"id":6149,"href":"https:\/\/blogsaverroes.juntadeandalucia.es\/iesguadaiza\/wp-json\/wp\/v2\/pages\/113\/revisions\/6149"}],"wp:attachment":[{"href":"https:\/\/blogsaverroes.juntadeandalucia.es\/iesguadaiza\/wp-json\/wp\/v2\/media?parent=113"}],"curies":[{"name":"wp","href":"https:\/\/api.w.org\/{rel}","templated":true}]}}