{"id":2717,"date":"2020-04-06T08:44:58","date_gmt":"2020-04-06T08:44:58","guid":{"rendered":"https:\/\/blogsaverroes.juntadeandalucia.es\/iesguadaiza\/?page_id=2717"},"modified":"2020-04-06T08:44:58","modified_gmt":"2020-04-06T08:44:58","slug":"programa-escuelas-deportivas","status":"publish","type":"page","link":"https:\/\/blogsaverroes.juntadeandalucia.es\/iesguadaiza\/programa-escuelas-deportivas\/","title":{"rendered":"Programa Escuelas Deportivas"},"content":{"rendered":"<p>El programa Escuelas Deportivas aprovecha el deporte como herramienta para la adquisici\u00f3n de h\u00e1bitos de vida saludable, as\u00ed como para el desarrollo de valores individuales y sociales. De este modo, el programa se propone familiarizar al alumnado con una o varias especialidades deportivas.<\/p>\n<p>Cada a\u00f1o se oferta la modalidad multideporte, donde se trabaja f\u00fatbol, voleibol y baloncesto principalmente. Estas actividades disponen de un monitor, y se desarrollan dos d\u00edas por semana en horario de 16:00 a 18:00 horas.<\/p>\n<p>Con ese programa, aseguramos a nuestro alumnado el derecho a practicar deporte, a divertirse y a jugar en un ambiente distendido y respetuoso.<\/p>\n<p>Pretendemos que los alumnos aprendan a respetar a sus compa\u00f1eros, tener un comportamiento ejemplar en la pr\u00e1ctica del deporte, saber perder tanto o m\u00e1s que saber ganar y disfrutar del juego por encima de cualquier otro inter\u00e9s.<\/p>\n","protected":false},"excerpt":{"rendered":"<p>El programa Escuelas Deportivas aprovecha el deporte como herramienta para la adquisici\u00f3n de h\u00e1bitos de vida saludable, as\u00ed como para&#46;&#46;&#46;<\/p>\n","protected":false},"author":8599,"featured_media":0,"parent":0,"menu_order":0,"comment_status":"closed","ping_status":"closed","template":"","meta":{"ngg_post_thumbnail":0,"footnotes":"","_mc_calendar":[]},"aioseo_notices":[],"_links":{"self":[{"href":"https:\/\/blogsaverroes.juntadeandalucia.es\/iesguadaiza\/wp-json\/wp\/v2\/pages\/2717"}],"collection":[{"href":"https:\/\/blogsaverroes.juntadeandalucia.es\/iesguadaiza\/wp-json\/wp\/v2\/pages"}],"about":[{"href":"https:\/\/blogsaverroes.juntadeandalucia.es\/iesguadaiza\/wp-json\/wp\/v2\/types\/page"}],"author":[{"embeddable":true,"href":"https:\/\/blogsaverroes.juntadeandalucia.es\/iesguadaiza\/wp-json\/wp\/v2\/users\/8599"}],"replies":[{"embeddable":true,"href":"https:\/\/blogsaverroes.juntadeandalucia.es\/iesguadaiza\/wp-json\/wp\/v2\/comments?post=2717"}],"version-history":[{"count":1,"href":"https:\/\/blogsaverroes.juntadeandalucia.es\/iesguadaiza\/wp-json\/wp\/v2\/pages\/2717\/revisions"}],"predecessor-version":[{"id":2718,"href":"https:\/\/blogsaverroes.juntadeandalucia.es\/iesguadaiza\/wp-json\/wp\/v2\/pages\/2717\/revisions\/2718"}],"wp:attachment":[{"href":"https:\/\/blogsaverroes.juntadeandalucia.es\/iesguadaiza\/wp-json\/wp\/v2\/media?parent=2717"}],"curies":[{"name":"wp","href":"https:\/\/api.w.org\/{rel}","templated":true}]}}