{"id":44,"date":"2015-03-13T08:42:15","date_gmt":"2015-03-13T08:42:15","guid":{"rendered":"http:\/\/blogsaverroes.juntadeandalucia.es\/pre\/ceip\/?page_id=44"},"modified":"2025-09-25T13:00:34","modified_gmt":"2025-09-25T11:00:34","slug":"planes-y-proyectos","status":"publish","type":"page","link":"https:\/\/blogsaverroes.juntadeandalucia.es\/iesguadaiza\/planes-y-proyectos\/","title":{"rendered":"Planes y Programas"},"content":{"rendered":"<p>Cada centro personaliza y adapta su Proyecto Educativo adhiri\u00e9ndose a diferentes <strong>Planes y Programas<\/strong> promovidos desde la Consejer\u00eda de Educaci\u00f3n, Cultura y Deporte.<\/p>\n<ul>\n<li><strong>Coeducaci\u00f3n<\/strong><\/li>\n<li><strong>Plan de Convivencia<\/strong><\/li>\n<li><strong>Escuela Espacio de Paz<\/strong><\/li>\n<li><strong>H\u00e1bitos de Vida Saludable<\/strong><\/li>\n<li><strong>Bibliotecas Escolares<\/strong><\/li>\n<li><strong>Escuela 4.0<\/strong><\/li>\n<li><strong>Emprendimiento Educativo<\/strong><\/li>\n<li><strong>ALDEA<\/strong><\/li>\n<li><strong>COMUNICA<\/strong><\/li>\n<li><strong>PROA+<\/strong><\/li>\n<\/ul>\n<p>&nbsp;<\/p>\n","protected":false},"excerpt":{"rendered":"<p>Cada centro personaliza y adapta su Proyecto Educativo adhiri\u00e9ndose a diferentes Planes y Programas promovidos desde la Consejer\u00eda de Educaci\u00f3n,&#46;&#46;&#46;<\/p>\n","protected":false},"author":1,"featured_media":0,"parent":0,"menu_order":0,"comment_status":"open","ping_status":"closed","template":"page-templates\/child-menu.php","meta":{"ngg_post_thumbnail":0,"footnotes":"","_mc_calendar":[]},"aioseo_notices":[],"_links":{"self":[{"href":"https:\/\/blogsaverroes.juntadeandalucia.es\/iesguadaiza\/wp-json\/wp\/v2\/pages\/44"}],"collection":[{"href":"https:\/\/blogsaverroes.juntadeandalucia.es\/iesguadaiza\/wp-json\/wp\/v2\/pages"}],"about":[{"href":"https:\/\/blogsaverroes.juntadeandalucia.es\/iesguadaiza\/wp-json\/wp\/v2\/types\/page"}],"author":[{"embeddable":true,"href":"https:\/\/blogsaverroes.juntadeandalucia.es\/iesguadaiza\/wp-json\/wp\/v2\/users\/1"}],"replies":[{"embeddable":true,"href":"https:\/\/blogsaverroes.juntadeandalucia.es\/iesguadaiza\/wp-json\/wp\/v2\/comments?post=44"}],"version-history":[{"count":9,"href":"https:\/\/blogsaverroes.juntadeandalucia.es\/iesguadaiza\/wp-json\/wp\/v2\/pages\/44\/revisions"}],"predecessor-version":[{"id":6319,"href":"https:\/\/blogsaverroes.juntadeandalucia.es\/iesguadaiza\/wp-json\/wp\/v2\/pages\/44\/revisions\/6319"}],"wp:attachment":[{"href":"https:\/\/blogsaverroes.juntadeandalucia.es\/iesguadaiza\/wp-json\/wp\/v2\/media?parent=44"}],"curies":[{"name":"wp","href":"https:\/\/api.w.org\/{rel}","templated":true}]}}

<p>Cada centro personaliza y adapta su Proyecto Educativo adhiriéndose a diferentes <strong>Planes y Programas</strong> promovidos desde la Consejería de Educación, Cultura y Deporte.</p>
<ul>
<li><strong>Coeducación</strong></li>
<li><strong>Plan de Convivencia</strong></li>
<li><strong>Escuela Espacio de Paz</strong></li>
<li><strong>Hábitos de Vida Saludable</strong></li>
<li><strong>Bibliotecas Escolares</strong></li>
<li><strong>Escuela 4.0</strong></li>
<li><strong>Emprendimiento Educativo</strong></li>
<li><strong>ALDEA</strong></li>
<li><strong>COMUNICA</strong></li>
<li><strong>PROA+</strong></li>
</ul>
<p>&nbsp;</p>

<p>Cada centro personaliza y adapta su Proyecto Educativo adhiriéndose a diferentes Planes y Programas promovidos desde la Consejería de Educación,&#46;&#46;&#46;</p>
