{"id":869,"date":"2015-03-16T07:03:52","date_gmt":"2015-03-16T07:03:52","guid":{"rendered":"http:\/\/blogsaverroes.juntadeandalucia.es\/pre\/ceip\/?page_id=84"},"modified":"2023-09-28T11:56:38","modified_gmt":"2023-09-28T09:56:38","slug":"calendario-escolar","status":"publish","type":"page","link":"https:\/\/blogsaverroes.juntadeandalucia.es\/iesguadaiza\/calendario-escolar\/","title":{"rendered":"Calendario escolar"},"content":{"rendered":"<h3>CALENDARIO DE CLASES 2023\/2024<\/h3>\n<p>Se ha&nbsp;publicado la <a href=\"https:\/\/www.juntadeandalucia.es\/educacion\/portals\/delegate\/content\/4b4282f8-7238-45cd-a3f5-291733c21b99\/Resoluci%C3%B3n\" target=\"_blank\" rel=\"noopener noreferrer\">RESOLUCI\u00d3N<\/a> DE 31 DE MAYO DE 2023 DE LA DELEGACI\u00d3N TERRITORIAL DE LA CONSEJER\u00cdA DE DESARROLLO EDUCATIVO Y FORMACI\u00d3N PROFESIONAL DE LA JUNTA DE ANDALUC\u00cdA EN M\u00c1LAGA POR LA QUE SE DICTAN LAS NORMAS QUE HAN DE REGIR EL CALENDARIO ESCOLAR PARA EL <strong>CURSO ESCOLAR 2023\/2024<\/strong> EN TODOS LOS CENTROS DOCENTES P\u00daBLICOS Y PRIVADOS A EXCEPCI\u00d3N DE LOS UNIVERSITARIOS. &nbsp;<a href=\"https:\/\/blogsaverroes.juntadeandalucia.es\/iesguadaiza\/files\/2023\/09\/Grafico_Calendario-escolar-2023_2024-1_P\u00e1gina_1.jpg\"><img loading=\"lazy\" decoding=\"async\" class=\"aligncenter size-full wp-image-5765\" src=\"https:\/\/blogsaverroes.juntadeandalucia.es\/iesguadaiza\/files\/2023\/09\/Grafico_Calendario-escolar-2023_2024-1_P\u00e1gina_1.jpg\" alt=\"\" width=\"1131\" height=\"1600\" srcset=\"https:\/\/blogsaverroes.juntadeandalucia.es\/iesguadaiza\/files\/2023\/09\/Grafico_Calendario-escolar-2023_2024-1_P\u00e1gina_1.jpg 1131w, https:\/\/blogsaverroes.juntadeandalucia.es\/iesguadaiza\/files\/2023\/09\/Grafico_Calendario-escolar-2023_2024-1_P\u00e1gina_1-212x300.jpg 212w, https:\/\/blogsaverroes.juntadeandalucia.es\/iesguadaiza\/files\/2023\/09\/Grafico_Calendario-escolar-2023_2024-1_P\u00e1gina_1-724x1024.jpg 724w, https:\/\/blogsaverroes.juntadeandalucia.es\/iesguadaiza\/files\/2023\/09\/Grafico_Calendario-escolar-2023_2024-1_P\u00e1gina_1-768x1086.jpg 768w, https:\/\/blogsaverroes.juntadeandalucia.es\/iesguadaiza\/files\/2023\/09\/Grafico_Calendario-escolar-2023_2024-1_P\u00e1gina_1-1086x1536.jpg 1086w, https:\/\/blogsaverroes.juntadeandalucia.es\/iesguadaiza\/files\/2023\/09\/Grafico_Calendario-escolar-2023_2024-1_P\u00e1gina_1-1448x2048.jpg 1448w\" sizes=\"(max-width: 1131px) 100vw, 1131px\" \/><\/a><\/p>\n<h4 style=\"text-align: center\"><strong>D\u00edas no lectivos de la localidad:<\/strong><\/h4>\n<p style=\"text-align: center\">11 de junio &#8211; 19 de octubre<\/p>\n<p>&nbsp;<\/p>\n<p style=\"text-align: center\">&nbsp;<\/p>\n","protected":false},"excerpt":{"rendered":"<p>CALENDARIO DE CLASES 2023\/2024 Se ha&nbsp;publicado la RESOLUCI\u00d3N DE 31 DE MAYO DE 2023 DE LA DELEGACI\u00d3N TERRITORIAL DE LA&#46;&#46;&#46;<\/p>\n","protected":false},"author":1,"featured_media":0,"parent":0,"menu_order":0,"comment_status":"open","ping_status":"open","template":"","meta":{"ngg_post_thumbnail":0,"footnotes":"","_mc_calendar":[]},"aioseo_notices":[],"_links":{"self":[{"href":"https:\/\/blogsaverroes.juntadeandalucia.es\/iesguadaiza\/wp-json\/wp\/v2\/pages\/869"}],"collection":[{"href":"https:\/\/blogsaverroes.juntadeandalucia.es\/iesguadaiza\/wp-json\/wp\/v2\/pages"}],"about":[{"href":"https:\/\/blogsaverroes.juntadeandalucia.es\/iesguadaiza\/wp-json\/wp\/v2\/types\/page"}],"author":[{"embeddable":true,"href":"https:\/\/blogsaverroes.juntadeandalucia.es\/iesguadaiza\/wp-json\/wp\/v2\/users\/1"}],"replies":[{"embeddable":true,"href":"https:\/\/blogsaverroes.juntadeandalucia.es\/iesguadaiza\/wp-json\/wp\/v2\/comments?post=869"}],"version-history":[{"count":17,"href":"https:\/\/blogsaverroes.juntadeandalucia.es\/iesguadaiza\/wp-json\/wp\/v2\/pages\/869\/revisions"}],"predecessor-version":[{"id":5764,"href":"https:\/\/blogsaverroes.juntadeandalucia.es\/iesguadaiza\/wp-json\/wp\/v2\/pages\/869\/revisions\/5764"}],"wp:attachment":[{"href":"https:\/\/blogsaverroes.juntadeandalucia.es\/iesguadaiza\/wp-json\/wp\/v2\/media?parent=869"}],"curies":[{"name":"wp","href":"https:\/\/api.w.org\/{rel}","templated":true}]}}

<h3>CALENDARIO DE CLASES 2023/2024</h3>
<p>Se ha&nbsp;publicado la <a href="https://www.juntadeandalucia.es/educacion/portals/delegate/content/4b4282f8-7238-45cd-a3f5-291733c21b99/Resoluci%C3%B3n" target="_blank" rel="noopener noreferrer">RESOLUCIÓN</a> DE 31 DE MAYO DE 2023 DE LA DELEGACIÓN TERRITORIAL DE LA CONSEJERÍA DE DESARROLLO EDUCATIVO Y FORMACIÓN PROFESIONAL DE LA JUNTA DE ANDALUCÍA EN MÁLAGA POR LA QUE SE DICTAN LAS NORMAS QUE HAN DE REGIR EL CALENDARIO ESCOLAR PARA EL <strong>CURSO ESCOLAR 2023/2024</strong> EN TODOS LOS CENTROS DOCENTES PÚBLICOS Y PRIVADOS A EXCEPCIÓN DE LOS UNIVERSITARIOS. &nbsp;<a href="https://blogsaverroes.juntadeandalucia.es/iesguadaiza/files/2023/09/Grafico_Calendario-escolar-2023_2024-1_Página_1.jpg"><img loading="lazy" decoding="async" class="aligncenter size-full wp-image-5765" src="https://blogsaverroes.juntadeandalucia.es/iesguadaiza/files/2023/09/Grafico_Calendario-escolar-2023_2024-1_Página_1.jpg" alt="" width="1131" height="1600" srcset="https://blogsaverroes.juntadeandalucia.es/iesguadaiza/files/2023/09/Grafico_Calendario-escolar-2023_2024-1_Página_1.jpg 1131w, https://blogsaverroes.juntadeandalucia.es/iesguadaiza/files/2023/09/Grafico_Calendario-escolar-2023_2024-1_Página_1-212x300.jpg 212w, https://blogsaverroes.juntadeandalucia.es/iesguadaiza/files/2023/09/Grafico_Calendario-escolar-2023_2024-1_Página_1-724x1024.jpg 724w, https://blogsaverroes.juntadeandalucia.es/iesguadaiza/files/2023/09/Grafico_Calendario-escolar-2023_2024-1_Página_1-768x1086.jpg 768w, https://blogsaverroes.juntadeandalucia.es/iesguadaiza/files/2023/09/Grafico_Calendario-escolar-2023_2024-1_Página_1-1086x1536.jpg 1086w, https://blogsaverroes.juntadeandalucia.es/iesguadaiza/files/2023/09/Grafico_Calendario-escolar-2023_2024-1_Página_1-1448x2048.jpg 1448w" sizes="(max-width: 1131px) 100vw, 1131px" /></a></p>
<h4 style="text-align: center"><strong>Días no lectivos de la localidad:</strong></h4>
<p style="text-align: center">11 de junio &#8211; 19 de octubre</p>
<p>&nbsp;</p>
<p style="text-align: center">&nbsp;</p>

<p>CALENDARIO DE CLASES 2023/2024 Se ha&nbsp;publicado la RESOLUCIÓN DE 31 DE MAYO DE 2023 DE LA DELEGACIÓN TERRITORIAL DE LA&#46;&#46;&#46;</p>
